{"id":3249,"date":"2020-10-05T21:16:04","date_gmt":"2020-10-05T19:16:04","guid":{"rendered":"https:\/\/blogsaverroes.juntadeandalucia.es\/ceiprafaelalbertidh\/?page_id=3249"},"modified":"2024-01-18T11:52:45","modified_gmt":"2024-01-18T10:52:45","slug":"plan-de-formacion-del-profesorado","status":"publish","type":"page","link":"https:\/\/blogsaverroes.juntadeandalucia.es\/ceiprafaelalbertidh\/plan-de-formacion-del-profesorado\/","title":{"rendered":"Plan de formaci\u00f3n del profesorado"},"content":{"rendered":"<h5>Nuestro centro cuenta con un plan de formaci\u00f3n del profesorado. La formaci\u00f3n permanente es un derecho y un deber del profesorado al que le damos una gran importancia.&nbsp;<\/h5>\n<h5>Cada curso se realiza una detecci\u00f3n de necesidades de formaci\u00f3n, este es un proceso din\u00e1mico con el que buscamos concretar las necesidades existentes y as\u00ed poder darle respuesta. Las necesidades detectadas se incluir\u00e1n en el Plan de Centro y se tomar\u00e1n en cuenta en la memoria de evaluaci\u00f3n y en desarrollo de propuestas de mejora para el siguiente curso.&nbsp;<\/h5>\n<h5>Por ejemplo, tras analizar las necesidades detectadas en el curso 2020-2021 las formaci\u00f3n a llevar a cabo durante el curso 2023-2024 contempla:<\/h5>\n<ul>\n<li>\n<h5>Inteligencia Emocional.<\/h5>\n<\/li>\n<li>\n<h5>Cambios producidos en relaci\u00f3n a la nueva normativa.<\/h5>\n<\/li>\n<li>\n<h5>Aula Multisensorial \/ Pedagog\u00eda de la luz<\/h5>\n<\/li>\n<li>\n<h5>Competencia digital, formaci\u00f3n en metodolog\u00edas interactivas.<\/h5>\n<\/li>\n<\/ul>\n<h5>&nbsp;<\/h5>\n<h5>En este curso, ya hemos finalizado el PLC, por lo que nuestro objetivo ser\u00e1 concretar de manera pr\u00e1ctica los diferentes aspectos abordados.<\/h5>\n","protected":false},"excerpt":{"rendered":"<p>Nuestro centro cuenta con un plan de formaci\u00f3n del profesorado. La formaci\u00f3n permanente es un derecho y un deber del profesorado al que le damos una gran importancia.&nbsp; Cada curso se realiza una detecci\u00f3n de necesidades de formaci\u00f3n, este es un proceso din\u00e1mico con el que buscamos concretar las necesidades existentes y as\u00ed poder darle &hellip; <\/p>\n<p><a class=\"more-link btn\" href=\"https:\/\/blogsaverroes.juntadeandalucia.es\/ceiprafaelalbertidh\/plan-de-formacion-del-profesorado\/\">Seguir leyendo<\/a><\/p>\n","protected":false},"author":6883,"featured_media":0,"parent":0,"menu_order":0,"comment_status":"closed","ping_status":"closed","template":"","meta":{"ngg_post_thumbnail":0,"footnotes":"","_mc_calendar":[]},"aioseo_notices":[],"_links":{"self":[{"href":"https:\/\/blogsaverroes.juntadeandalucia.es\/ceiprafaelalbertidh\/wp-json\/wp\/v2\/pages\/3249"}],"collection":[{"href":"https:\/\/blogsaverroes.juntadeandalucia.es\/ceiprafaelalbertidh\/wp-json\/wp\/v2\/pages"}],"about":[{"href":"https:\/\/blogsaverroes.juntadeandalucia.es\/ceiprafaelalbertidh\/wp-json\/wp\/v2\/types\/page"}],"author":[{"embeddable":true,"href":"https:\/\/blogsaverroes.juntadeandalucia.es\/ceiprafaelalbertidh\/wp-json\/wp\/v2\/users\/6883"}],"replies":[{"embeddable":true,"href":"https:\/\/blogsaverroes.juntadeandalucia.es\/ceiprafaelalbertidh\/wp-json\/wp\/v2\/comments?post=3249"}],"version-history":[{"count":11,"href":"https:\/\/blogsaverroes.juntadeandalucia.es\/ceiprafaelalbertidh\/wp-json\/wp\/v2\/pages\/3249\/revisions"}],"predecessor-version":[{"id":5219,"href":"https:\/\/blogsaverroes.juntadeandalucia.es\/ceiprafaelalbertidh\/wp-json\/wp\/v2\/pages\/3249\/revisions\/5219"}],"wp:attachment":[{"href":"https:\/\/blogsaverroes.juntadeandalucia.es\/ceiprafaelalbertidh\/wp-json\/wp\/v2\/media?parent=3249"}],"curies":[{"name":"wp","href":"https:\/\/api.w.org\/{rel}","templated":true}]}}

Plan de formación del profesorado

<h5>Nuestro centro cuenta con un plan de formación del profesorado. La formación permanente es un derecho y un deber del profesorado al que le damos una gran importancia.&nbsp;</h5>
<h5>Cada curso se realiza una detección de necesidades de formación, este es un proceso dinámico con el que buscamos concretar las necesidades existentes y así poder darle respuesta. Las necesidades detectadas se incluirán en el Plan de Centro y se tomarán en cuenta en la memoria de evaluación y en desarrollo de propuestas de mejora para el siguiente curso.&nbsp;</h5>
<h5>Por ejemplo, tras analizar las necesidades detectadas en el curso 2020-2021 las formación a llevar a cabo durante el curso 2023-2024 contempla:</h5>
<ul>
<li>
<h5>Inteligencia Emocional.</h5>
</li>
<li>
<h5>Cambios producidos en relación a la nueva normativa.</h5>
</li>
<li>
<h5>Aula Multisensorial / Pedagogía de la luz</h5>
</li>
<li>
<h5>Competencia digital, formación en metodologías interactivas.</h5>
</li>
</ul>
<h5>&nbsp;</h5>
<h5>En este curso, ya hemos finalizado el PLC, por lo que nuestro objetivo será concretar de manera práctica los diferentes aspectos abordados.</h5>

<p>Nuestro centro cuenta con un plan de formación del profesorado. La formación permanente es un derecho y un deber del profesorado al que le damos una gran importancia.&nbsp; Cada curso se realiza una detección de necesidades de formación, este es un proceso dinámico con el que buscamos concretar las necesidades existentes y así poder darle &hellip; </p>
<p><a class="more-link btn" href="https://blogsaverroes.juntadeandalucia.es/ceiprafaelalbertidh/plan-de-formacion-del-profesorado/">Seguir leyendo</a></p>
