{"id":4199,"date":"2022-03-22T10:27:59","date_gmt":"2022-03-22T09:27:59","guid":{"rendered":"https:\/\/blogsaverroes.juntadeandalucia.es\/ceiprafaelalbertidh\/?page_id=4199"},"modified":"2025-03-26T08:07:16","modified_gmt":"2025-03-26T07:07:16","slug":"aprendizaje-basado-en-proyectos","status":"publish","type":"page","link":"https:\/\/blogsaverroes.juntadeandalucia.es\/ceiprafaelalbertidh\/aprendizaje-basado-en-proyectos\/","title":{"rendered":"APRENDIZAJE BASADO EN PROYECTOS"},"content":{"rendered":"<h5>El Aprendizaje Basado en Proyectos o ABP por sus siglas es una estrategia metodol\u00f3gica que pretende integrar y relacionar todo el curr\u00edculum en la creaci\u00f3n de un proyecto. Se basa en el trabajo cooperativo y termina con la presentaci\u00f3n de un producto final.<\/h5>\n<h5>En nuestro centro realizamos un proyecto anual en educaci\u00f3n primaria, y uno trimestral en educaci\u00f3n infantil. A continuaci\u00f3n encontrar\u00e1s ejemplos de los proyectos que hemos realizado en cursos anteriores.<\/h5>\n<h5>Proyectos realizados en a\u00f1os anteriores:<\/h5>\n<h3>EL UNIVERSO (CURSO 2024\/2025)<\/h3>\n<h3><iframe loading=\"lazy\" src=\"\/\/www.youtube.com\/embed\/xY5RUrnovQ8?si=oyf4kMMgBBkTO7xC\" width=\"560\" height=\"314\"><\/iframe><\/h3>\n<h3>&nbsp;<\/h3>\n<h3>El AGUA (CURSO 2023\/2024)<\/h3>\n<p><iframe loading=\"lazy\" src=\"\/\/www.youtube.com\/embed\/2Ra1Qc-2RfU?si=I640M7gjeX8Hp6TS\" width=\"560\" height=\"314\"><\/iframe><\/p>\n<h3>&nbsp;<\/h3>\n<h3>ECO-ALBERTI&nbsp; (CURSO 2022\/2023)<\/h3>\n<div class=\"embed-container\"><iframe loading=\"lazy\" title=\"Jornadas Culturales. Curso 2022-2023. Proyecto ECO-ALBERTI\" width=\"1140\" height=\"641\" src=\"https:\/\/www.youtube.com\/embed\/effxtmC74wA?feature=oembed\" frameborder=\"0\" allow=\"accelerometer; autoplay; clipboard-write; encrypted-media; gyroscope; picture-in-picture; web-share\" referrerpolicy=\"strict-origin-when-cross-origin\" allowfullscreen><\/iframe><\/div>\n<p>&nbsp;<\/p>\n<h3>EL C\u00d3MIC (CURSO 2021\/2022)<\/h3>\n<div class=\"embed-container\"><iframe loading=\"lazy\" title=\"Jornadas Culturales 2021-2022 &quot;El C\u00f3mic&quot;\" width=\"1140\" height=\"641\" src=\"https:\/\/www.youtube.com\/embed\/aWXH1Qpt0NA?feature=oembed\" frameborder=\"0\" allow=\"accelerometer; autoplay; clipboard-write; encrypted-media; gyroscope; picture-in-picture; web-share\" referrerpolicy=\"strict-origin-when-cross-origin\" allowfullscreen><\/iframe><\/div>\n<h3><a href=\"https:\/\/blogsaverroes.juntadeandalucia.es\/ceiprafaelalbertidh\/un-cole-con-arte\/\" target=\"_blank\" rel=\"noopener noreferrer\">JORNADAS CULTURALES CURSO 2020\/2021<\/a><\/h3>\n<p><a href=\"https:\/\/blogsaverroes.juntadeandalucia.es\/ceiprafaelalbertidh\/arte-en-el-cole\/\" target=\"_blank\" rel=\"noopener noreferrer\"><img loading=\"lazy\" decoding=\"async\" class=\"aligncenter wp-image-3884 size-full\" src=\"https:\/\/blogsaverroes.juntadeandalucia.es\/ceiprafaelalbertidh\/files\/2021\/07\/01.jpg\" alt=\"\" width=\"1233\" height=\"267\" srcset=\"https:\/\/blogsaverroes.juntadeandalucia.es\/ceiprafaelalbertidh\/files\/2021\/07\/01.jpg 1233w, https:\/\/blogsaverroes.juntadeandalucia.es\/ceiprafaelalbertidh\/files\/2021\/07\/01-300x65.jpg 300w, https:\/\/blogsaverroes.juntadeandalucia.es\/ceiprafaelalbertidh\/files\/2021\/07\/01-1024x222.jpg 1024w, https:\/\/blogsaverroes.juntadeandalucia.es\/ceiprafaelalbertidh\/files\/2021\/07\/01-768x166.jpg 768w, https:\/\/blogsaverroes.juntadeandalucia.es\/ceiprafaelalbertidh\/files\/2021\/07\/01-700x152.jpg 700w\" sizes=\"(max-width: 1233px) 100vw, 1233px\" \/><\/a><\/p>\n<h3><a href=\"https:\/\/www.youtube.com\/watch?time_continue=1&amp;v=3PJffEzeCkQ&amp;feature=emb_logo\" target=\"_blank\" rel=\"noopener noreferrer\">LA VUELTA AL MUNDO&nbsp; (CURSO 2018\/2019)<\/a><\/h3>\n<div class=\"embed-container\"><iframe loading=\"lazy\" title=\"visita virtual la vuelta al mundo CEIP Rafael Alberti\" width=\"1140\" height=\"641\" src=\"https:\/\/www.youtube.com\/embed\/3PJffEzeCkQ?start=1&#038;feature=oembed\" frameborder=\"0\" allow=\"accelerometer; autoplay; clipboard-write; encrypted-media; gyroscope; picture-in-picture; web-share\" referrerpolicy=\"strict-origin-when-cross-origin\" allowfullscreen><\/iframe><\/div>\n","protected":false},"excerpt":{"rendered":"<p>El Aprendizaje Basado en Proyectos o ABP por sus siglas es una estrategia metodol\u00f3gica que pretende integrar y relacionar todo el curr\u00edculum en la creaci\u00f3n de un proyecto. Se basa en el trabajo cooperativo y termina con la presentaci\u00f3n de un producto final. En nuestro centro realizamos un proyecto anual en educaci\u00f3n primaria, y uno &hellip; <\/p>\n<p><a class=\"more-link btn\" href=\"https:\/\/blogsaverroes.juntadeandalucia.es\/ceiprafaelalbertidh\/aprendizaje-basado-en-proyectos\/\">Seguir leyendo<\/a><\/p>\n","protected":false},"author":6883,"featured_media":0,"parent":0,"menu_order":0,"comment_status":"closed","ping_status":"closed","template":"","meta":{"ngg_post_thumbnail":0,"footnotes":"","_mc_calendar":[]},"aioseo_notices":[],"_links":{"self":[{"href":"https:\/\/blogsaverroes.juntadeandalucia.es\/ceiprafaelalbertidh\/wp-json\/wp\/v2\/pages\/4199"}],"collection":[{"href":"https:\/\/blogsaverroes.juntadeandalucia.es\/ceiprafaelalbertidh\/wp-json\/wp\/v2\/pages"}],"about":[{"href":"https:\/\/blogsaverroes.juntadeandalucia.es\/ceiprafaelalbertidh\/wp-json\/wp\/v2\/types\/page"}],"author":[{"embeddable":true,"href":"https:\/\/blogsaverroes.juntadeandalucia.es\/ceiprafaelalbertidh\/wp-json\/wp\/v2\/users\/6883"}],"replies":[{"embeddable":true,"href":"https:\/\/blogsaverroes.juntadeandalucia.es\/ceiprafaelalbertidh\/wp-json\/wp\/v2\/comments?post=4199"}],"version-history":[{"count":15,"href":"https:\/\/blogsaverroes.juntadeandalucia.es\/ceiprafaelalbertidh\/wp-json\/wp\/v2\/pages\/4199\/revisions"}],"predecessor-version":[{"id":5906,"href":"https:\/\/blogsaverroes.juntadeandalucia.es\/ceiprafaelalbertidh\/wp-json\/wp\/v2\/pages\/4199\/revisions\/5906"}],"wp:attachment":[{"href":"https:\/\/blogsaverroes.juntadeandalucia.es\/ceiprafaelalbertidh\/wp-json\/wp\/v2\/media?parent=4199"}],"curies":[{"name":"wp","href":"https:\/\/api.w.org\/{rel}","templated":true}]}}