{"id":5735,"date":"2025-01-17T08:53:23","date_gmt":"2025-01-17T07:53:23","guid":{"rendered":"https:\/\/blogsaverroes.juntadeandalucia.es\/ceiprafaelalbertidh\/?page_id=5735"},"modified":"2025-01-17T08:53:23","modified_gmt":"2025-01-17T07:53:23","slug":"articulos-de-prensa-2024-2025","status":"publish","type":"page","link":"https:\/\/blogsaverroes.juntadeandalucia.es\/ceiprafaelalbertidh\/articulos-de-prensa-2024-2025\/","title":{"rendered":"ART\u00cdCULOS DE PRENSA 2024-2025"},"content":{"rendered":"<table>\n<tbody>\n<tr style=\"height: 24px\">\n<td style=\"width: 100%;background-color: #ffffff;height: 24px\">&nbsp;<\/td>\n<\/tr>\n<tr style=\"height: 1361px\">\n<td style=\"width: 100%;background-color: #ffffff;height: 1361px\">\n<h5 style=\"text-align: center\"><a href=\"https:\/\/blogsaverroes.juntadeandalucia.es\/ceiprafaelalbertidh\/files\/2025\/01\/07.pdf\" target=\"_blank\" rel=\"noopener\"><strong>PASI\u00d3N VEGA Y LAURA VITAL VISITAN EL CEIP RAFAEL ALBERTI<\/strong><\/a><\/h5>\n<h5 style=\"text-align: center\"><strong>HAN SIDO LAS PROTAGONISTAS DEL D\u00cdA MUNDIAL DEL FLAMENCO<\/strong><\/h5>\n<h5 style=\"text-align: center\"><strong>27 DE NOVIEMBRE DE 2024<\/strong><\/h5>\n<h5><a href=\"https:\/\/blogsaverroes.juntadeandalucia.es\/ceiprafaelalbertidh\/files\/2025\/01\/07-LA-SEMANA-27-DE-NOVIEMBRE-DE-2024-FLAMENCO.jpg\"><img loading=\"lazy\" decoding=\"async\" class=\"aligncenter size-full wp-image-5742\" src=\"https:\/\/blogsaverroes.juntadeandalucia.es\/ceiprafaelalbertidh\/files\/2025\/01\/07-LA-SEMANA-27-DE-NOVIEMBRE-DE-2024-FLAMENCO.jpg\" alt=\"\" width=\"363\" height=\"513\" srcset=\"https:\/\/blogsaverroes.juntadeandalucia.es\/ceiprafaelalbertidh\/files\/2025\/01\/07-LA-SEMANA-27-DE-NOVIEMBRE-DE-2024-FLAMENCO.jpg 363w, https:\/\/blogsaverroes.juntadeandalucia.es\/ceiprafaelalbertidh\/files\/2025\/01\/07-LA-SEMANA-27-DE-NOVIEMBRE-DE-2024-FLAMENCO-212x300.jpg 212w\" sizes=\"(max-width: 363px) 100vw, 363px\" \/><\/a><\/h5>\n<h5 style=\"text-align: center\"><a href=\"https:\/\/blogsaverroes.juntadeandalucia.es\/ceiprafaelalbertidh\/files\/2025\/01\/06-EUROPA-PRESS-26-DE-NOVIEMBRE-DE-2024-FLAMENCO.pdf\" target=\"_blank\" rel=\"noopener\"><strong>PASI\u00d3N VEGA LLEVA EL FLAMENCO AL CEIP RAFAEL ALBERTI<\/strong><\/a><\/h5>\n<h5><strong>26 DE NOVIEMBRE DE 2024<\/strong><\/h5>\n<h5><a href=\"https:\/\/blogsaverroes.juntadeandalucia.es\/ceiprafaelalbertidh\/files\/2025\/01\/06-EUROPA-PRESS-26-DE-NOVIEMBRE-DE-2024-FLAMENCO.jpg\"><img loading=\"lazy\" decoding=\"async\" class=\"aligncenter size-full wp-image-5741\" src=\"https:\/\/blogsaverroes.juntadeandalucia.es\/ceiprafaelalbertidh\/files\/2025\/01\/06-EUROPA-PRESS-26-DE-NOVIEMBRE-DE-2024-FLAMENCO.jpg\" alt=\"\" width=\"360\" height=\"512\" srcset=\"https:\/\/blogsaverroes.juntadeandalucia.es\/ceiprafaelalbertidh\/files\/2025\/01\/06-EUROPA-PRESS-26-DE-NOVIEMBRE-DE-2024-FLAMENCO.jpg 360w, https:\/\/blogsaverroes.juntadeandalucia.es\/ceiprafaelalbertidh\/files\/2025\/01\/06-EUROPA-PRESS-26-DE-NOVIEMBRE-DE-2024-FLAMENCO-211x300.jpg 211w\" sizes=\"(max-width: 360px) 100vw, 360px\" \/><\/a><\/h5>\n<h5>&nbsp;<\/h5>\n<h5 style=\"text-align: center\"><a href=\"https:\/\/blogsaverroes.juntadeandalucia.es\/ceiprafaelalbertidh\/files\/2025\/01\/05-VIVIR-EN-MONTEQUINTO-26-NOVIEMBRE-24-FLAMENCO.pdf\" target=\"_blank\" rel=\"noopener\"><strong>PASI\u00d3N VEGA Y LAURA VITAL CELEBRAN EL D\u00cdA INTERNACIONAL DEL FLAMENCO EN EL CEIP RAFAEL ALBERTI<\/strong><\/a><\/h5>\n<h5><strong>26 DE NOVIEMBRE DE 2023<\/strong><\/h5>\n<p><a href=\"https:\/\/blogsaverroes.juntadeandalucia.es\/ceiprafaelalbertidh\/files\/2025\/01\/05-VIVIR-EN-MONTEQUINTO-26-NOVIEMBRE-24-FLAMENCO.jpg\"><img loading=\"lazy\" decoding=\"async\" class=\"aligncenter size-full wp-image-5740\" src=\"https:\/\/blogsaverroes.juntadeandalucia.es\/ceiprafaelalbertidh\/files\/2025\/01\/05-VIVIR-EN-MONTEQUINTO-26-NOVIEMBRE-24-FLAMENCO.jpg\" alt=\"\" width=\"360\" height=\"509\" srcset=\"https:\/\/blogsaverroes.juntadeandalucia.es\/ceiprafaelalbertidh\/files\/2025\/01\/05-VIVIR-EN-MONTEQUINTO-26-NOVIEMBRE-24-FLAMENCO.jpg 360w, https:\/\/blogsaverroes.juntadeandalucia.es\/ceiprafaelalbertidh\/files\/2025\/01\/05-VIVIR-EN-MONTEQUINTO-26-NOVIEMBRE-24-FLAMENCO-212x300.jpg 212w\" sizes=\"(max-width: 360px) 100vw, 360px\" \/><\/a><\/p>\n<p>&nbsp;<\/p>\n<h5 style=\"text-align: center\"><a href=\"https:\/\/blogsaverroes.juntadeandalucia.es\/ceiprafaelalbertidh\/files\/2025\/01\/04-CADENA-DH-26-NOVIEMBRE-24-FLAMENCO.pdf\" target=\"_blank\" rel=\"noopener\"><strong>LAS ARTISTAS PASI\u00d3N VEGA Y LAURA VITAL CONMEMORAN EL D\u00cdA INTERNACIONAL DEL FLAMENCO EN EL CEIP RAFAEL ALBERTI<\/strong><\/a><\/h5>\n<h5 style=\"text-align: center\"><strong>26 DE NOVIEMBRE DE 2024<\/strong><\/h5>\n<p><a href=\"https:\/\/blogsaverroes.juntadeandalucia.es\/ceiprafaelalbertidh\/files\/2025\/01\/04-CADENA-DH-26-NOVIEMBRE-24-FLAMENCO.jpg\"><img loading=\"lazy\" decoding=\"async\" class=\"aligncenter size-full wp-image-5739\" src=\"https:\/\/blogsaverroes.juntadeandalucia.es\/ceiprafaelalbertidh\/files\/2025\/01\/04-CADENA-DH-26-NOVIEMBRE-24-FLAMENCO.jpg\" alt=\"\" width=\"362\" height=\"512\" srcset=\"https:\/\/blogsaverroes.juntadeandalucia.es\/ceiprafaelalbertidh\/files\/2025\/01\/04-CADENA-DH-26-NOVIEMBRE-24-FLAMENCO.jpg 362w, https:\/\/blogsaverroes.juntadeandalucia.es\/ceiprafaelalbertidh\/files\/2025\/01\/04-CADENA-DH-26-NOVIEMBRE-24-FLAMENCO-212x300.jpg 212w\" sizes=\"(max-width: 362px) 100vw, 362px\" \/><\/a><\/p>\n<h5>&nbsp;<\/h5>\n<h5 style=\"text-align: center\"><a href=\"https:\/\/blogsaverroes.juntadeandalucia.es\/ceiprafaelalbertidh\/files\/2025\/01\/03-EL-QUINTO-23-OCTUBRE-24-INICIO-DE-CURSO.pdf\" target=\"_blank\" rel=\"noopener\"><strong>EL RAFAEL ALBERTI INICA CURSO<\/strong><\/a><\/h5>\n<h5 style=\"text-align: center\"><strong>23 DE OCTUBRE DE 2024<\/strong><\/h5>\n<p><a href=\"https:\/\/blogsaverroes.juntadeandalucia.es\/ceiprafaelalbertidh\/files\/2025\/01\/03-EL-QUINTO-23-OCTUBRE-24-INICIO-DE-CURSO.jpg\"><img loading=\"lazy\" decoding=\"async\" class=\"aligncenter size-full wp-image-5738\" src=\"https:\/\/blogsaverroes.juntadeandalucia.es\/ceiprafaelalbertidh\/files\/2025\/01\/03-EL-QUINTO-23-OCTUBRE-24-INICIO-DE-CURSO.jpg\" alt=\"\" width=\"360\" height=\"511\" srcset=\"https:\/\/blogsaverroes.juntadeandalucia.es\/ceiprafaelalbertidh\/files\/2025\/01\/03-EL-QUINTO-23-OCTUBRE-24-INICIO-DE-CURSO.jpg 360w, https:\/\/blogsaverroes.juntadeandalucia.es\/ceiprafaelalbertidh\/files\/2025\/01\/03-EL-QUINTO-23-OCTUBRE-24-INICIO-DE-CURSO-211x300.jpg 211w\" sizes=\"(max-width: 360px) 100vw, 360px\" \/><\/a><\/p>\n<p>&nbsp;<\/p>\n<h5><a href=\"https:\/\/blogsaverroes.juntadeandalucia.es\/ceiprafaelalbertidh\/files\/2025\/01\/02-LA-SEMANA-16-DE-OCTUBRE-DE-2024-PROYECTO-ANUAL.pdf\" target=\"_blank\" rel=\"noopener\"><strong>EL UNIVERSO CENTRA EL PROYECTO ANUAL DEL CEIP RAFAEL ALBERTI<\/strong><\/a><\/h5>\n<h5><strong>16 DE OCTUBRE DE 2024<\/strong><\/h5>\n<p><a href=\"https:\/\/blogsaverroes.juntadeandalucia.es\/ceiprafaelalbertidh\/files\/2025\/01\/02-LA-SEMANA-16-DE-OCTUBRE-DE-2024-PROYECTO-ANUAL.jpg\"><img loading=\"lazy\" decoding=\"async\" class=\"aligncenter size-full wp-image-5737\" src=\"https:\/\/blogsaverroes.juntadeandalucia.es\/ceiprafaelalbertidh\/files\/2025\/01\/02-LA-SEMANA-16-DE-OCTUBRE-DE-2024-PROYECTO-ANUAL.jpg\" alt=\"\" width=\"357\" height=\"511\" srcset=\"https:\/\/blogsaverroes.juntadeandalucia.es\/ceiprafaelalbertidh\/files\/2025\/01\/02-LA-SEMANA-16-DE-OCTUBRE-DE-2024-PROYECTO-ANUAL.jpg 357w, https:\/\/blogsaverroes.juntadeandalucia.es\/ceiprafaelalbertidh\/files\/2025\/01\/02-LA-SEMANA-16-DE-OCTUBRE-DE-2024-PROYECTO-ANUAL-210x300.jpg 210w\" sizes=\"(max-width: 357px) 100vw, 357px\" \/><\/a><\/p>\n<h5>&nbsp;<\/h5>\n<h5 style=\"text-align: center\"><a href=\"https:\/\/blogsaverroes.juntadeandalucia.es\/ceiprafaelalbertidh\/files\/2025\/01\/01-VIVIR-EN-MONTEQUINTO-10-OCTUBRE-24-BIENVENIDA.pdf\" target=\"_blank\" rel=\"noopener\"><strong>EL PROFESORADO DEL CEIP RAFAEL ALBERTI DA LA BIENVENIDA AL ALUMNADO SIMULANDO ELEMENTOS DEL ESPACIO<\/strong><\/a><\/h5>\n<h5 style=\"text-align: center\"><strong>10 DE OCTUBRE DE 2024<\/strong><\/h5>\n<p><a href=\"https:\/\/blogsaverroes.juntadeandalucia.es\/ceiprafaelalbertidh\/files\/2025\/01\/01-VIVIR-EN-MONTEQUINTO-10-OCTUBRE-24-BIENVENIDA.jpg\"><img loading=\"lazy\" decoding=\"async\" class=\"aligncenter size-full wp-image-5736\" src=\"https:\/\/blogsaverroes.juntadeandalucia.es\/ceiprafaelalbertidh\/files\/2025\/01\/01-VIVIR-EN-MONTEQUINTO-10-OCTUBRE-24-BIENVENIDA.jpg\" alt=\"\" width=\"359\" height=\"512\" srcset=\"https:\/\/blogsaverroes.juntadeandalucia.es\/ceiprafaelalbertidh\/files\/2025\/01\/01-VIVIR-EN-MONTEQUINTO-10-OCTUBRE-24-BIENVENIDA.jpg 359w, https:\/\/blogsaverroes.juntadeandalucia.es\/ceiprafaelalbertidh\/files\/2025\/01\/01-VIVIR-EN-MONTEQUINTO-10-OCTUBRE-24-BIENVENIDA-210x300.jpg 210w\" sizes=\"(max-width: 359px) 100vw, 359px\" \/><\/a><\/p>\n<h5>&nbsp;<\/h5>\n<p>&nbsp;<\/td>\n<\/tr>\n<\/tbody>\n<\/table>\n","protected":false},"excerpt":{"rendered":"<p>&nbsp; PASI\u00d3N VEGA Y LAURA VITAL VISITAN EL CEIP RAFAEL ALBERTI HAN SIDO LAS PROTAGONISTAS DEL D\u00cdA MUNDIAL DEL FLAMENCO 27 DE NOVIEMBRE DE 2024 PASI\u00d3N VEGA LLEVA EL FLAMENCO AL CEIP RAFAEL ALBERTI 26 DE NOVIEMBRE DE 2024 &nbsp; PASI\u00d3N VEGA Y LAURA VITAL CELEBRAN EL D\u00cdA INTERNACIONAL DEL FLAMENCO EN EL CEIP RAFAEL &hellip; <\/p>\n<p><a class=\"more-link btn\" href=\"https:\/\/blogsaverroes.juntadeandalucia.es\/ceiprafaelalbertidh\/articulos-de-prensa-2024-2025\/\">Seguir leyendo<\/a><\/p>\n","protected":false},"author":6883,"featured_media":0,"parent":0,"menu_order":0,"comment_status":"closed","ping_status":"closed","template":"","meta":{"ngg_post_thumbnail":0,"footnotes":"","_mc_calendar":[]},"aioseo_notices":[],"_links":{"self":[{"href":"https:\/\/blogsaverroes.juntadeandalucia.es\/ceiprafaelalbertidh\/wp-json\/wp\/v2\/pages\/5735"}],"collection":[{"href":"https:\/\/blogsaverroes.juntadeandalucia.es\/ceiprafaelalbertidh\/wp-json\/wp\/v2\/pages"}],"about":[{"href":"https:\/\/blogsaverroes.juntadeandalucia.es\/ceiprafaelalbertidh\/wp-json\/wp\/v2\/types\/page"}],"author":[{"embeddable":true,"href":"https:\/\/blogsaverroes.juntadeandalucia.es\/ceiprafaelalbertidh\/wp-json\/wp\/v2\/users\/6883"}],"replies":[{"embeddable":true,"href":"https:\/\/blogsaverroes.juntadeandalucia.es\/ceiprafaelalbertidh\/wp-json\/wp\/v2\/comments?post=5735"}],"version-history":[{"count":1,"href":"https:\/\/blogsaverroes.juntadeandalucia.es\/ceiprafaelalbertidh\/wp-json\/wp\/v2\/pages\/5735\/revisions"}],"predecessor-version":[{"id":5750,"href":"https:\/\/blogsaverroes.juntadeandalucia.es\/ceiprafaelalbertidh\/wp-json\/wp\/v2\/pages\/5735\/revisions\/5750"}],"wp:attachment":[{"href":"https:\/\/blogsaverroes.juntadeandalucia.es\/ceiprafaelalbertidh\/wp-json\/wp\/v2\/media?parent=5735"}],"curies":[{"name":"wp","href":"https:\/\/api.w.org\/{rel}","templated":true}]}}

ARTÍCULOS DE PRENSA 2024-2025

<table>
<tbody>
<tr style="height: 24px">
<td style="width: 100%;background-color: #ffffff;height: 24px">&nbsp;</td>
</tr>
<tr style="height: 1361px">
<td style="width: 100%;background-color: #ffffff;height: 1361px">
<h5 style="text-align: center"><a href="https://blogsaverroes.juntadeandalucia.es/ceiprafaelalbertidh/files/2025/01/07.pdf" target="_blank" rel="noopener"><strong>PASIÓN VEGA Y LAURA VITAL VISITAN EL CEIP RAFAEL ALBERTI</strong></a></h5>
<h5 style="text-align: center"><strong>HAN SIDO LAS PROTAGONISTAS DEL DÍA MUNDIAL DEL FLAMENCO</strong></h5>
<h5 style="text-align: center"><strong>27 DE NOVIEMBRE DE 2024</strong></h5>
<h5><a href="https://blogsaverroes.juntadeandalucia.es/ceiprafaelalbertidh/files/2025/01/07-LA-SEMANA-27-DE-NOVIEMBRE-DE-2024-FLAMENCO.jpg"><img loading="lazy" decoding="async" class="aligncenter size-full wp-image-5742" src="https://blogsaverroes.juntadeandalucia.es/ceiprafaelalbertidh/files/2025/01/07-LA-SEMANA-27-DE-NOVIEMBRE-DE-2024-FLAMENCO.jpg" alt="" width="363" height="513" srcset="https://blogsaverroes.juntadeandalucia.es/ceiprafaelalbertidh/files/2025/01/07-LA-SEMANA-27-DE-NOVIEMBRE-DE-2024-FLAMENCO.jpg 363w, https://blogsaverroes.juntadeandalucia.es/ceiprafaelalbertidh/files/2025/01/07-LA-SEMANA-27-DE-NOVIEMBRE-DE-2024-FLAMENCO-212x300.jpg 212w" sizes="(max-width: 363px) 100vw, 363px" /></a></h5>
<h5 style="text-align: center"><a href="https://blogsaverroes.juntadeandalucia.es/ceiprafaelalbertidh/files/2025/01/06-EUROPA-PRESS-26-DE-NOVIEMBRE-DE-2024-FLAMENCO.pdf" target="_blank" rel="noopener"><strong>PASIÓN VEGA LLEVA EL FLAMENCO AL CEIP RAFAEL ALBERTI</strong></a></h5>
<h5><strong>26 DE NOVIEMBRE DE 2024</strong></h5>
<h5><a href="https://blogsaverroes.juntadeandalucia.es/ceiprafaelalbertidh/files/2025/01/06-EUROPA-PRESS-26-DE-NOVIEMBRE-DE-2024-FLAMENCO.jpg"><img loading="lazy" decoding="async" class="aligncenter size-full wp-image-5741" src="https://blogsaverroes.juntadeandalucia.es/ceiprafaelalbertidh/files/2025/01/06-EUROPA-PRESS-26-DE-NOVIEMBRE-DE-2024-FLAMENCO.jpg" alt="" width="360" height="512" srcset="https://blogsaverroes.juntadeandalucia.es/ceiprafaelalbertidh/files/2025/01/06-EUROPA-PRESS-26-DE-NOVIEMBRE-DE-2024-FLAMENCO.jpg 360w, https://blogsaverroes.juntadeandalucia.es/ceiprafaelalbertidh/files/2025/01/06-EUROPA-PRESS-26-DE-NOVIEMBRE-DE-2024-FLAMENCO-211x300.jpg 211w" sizes="(max-width: 360px) 100vw, 360px" /></a></h5>
<h5>&nbsp;</h5>
<h5 style="text-align: center"><a href="https://blogsaverroes.juntadeandalucia.es/ceiprafaelalbertidh/files/2025/01/05-VIVIR-EN-MONTEQUINTO-26-NOVIEMBRE-24-FLAMENCO.pdf" target="_blank" rel="noopener"><strong>PASIÓN VEGA Y LAURA VITAL CELEBRAN EL DÍA INTERNACIONAL DEL FLAMENCO EN EL CEIP RAFAEL ALBERTI</strong></a></h5>
<h5><strong>26 DE NOVIEMBRE DE 2023</strong></h5>
<p><a href="https://blogsaverroes.juntadeandalucia.es/ceiprafaelalbertidh/files/2025/01/05-VIVIR-EN-MONTEQUINTO-26-NOVIEMBRE-24-FLAMENCO.jpg"><img loading="lazy" decoding="async" class="aligncenter size-full wp-image-5740" src="https://blogsaverroes.juntadeandalucia.es/ceiprafaelalbertidh/files/2025/01/05-VIVIR-EN-MONTEQUINTO-26-NOVIEMBRE-24-FLAMENCO.jpg" alt="" width="360" height="509" srcset="https://blogsaverroes.juntadeandalucia.es/ceiprafaelalbertidh/files/2025/01/05-VIVIR-EN-MONTEQUINTO-26-NOVIEMBRE-24-FLAMENCO.jpg 360w, https://blogsaverroes.juntadeandalucia.es/ceiprafaelalbertidh/files/2025/01/05-VIVIR-EN-MONTEQUINTO-26-NOVIEMBRE-24-FLAMENCO-212x300.jpg 212w" sizes="(max-width: 360px) 100vw, 360px" /></a></p>
<p>&nbsp;</p>
<h5 style="text-align: center"><a href="https://blogsaverroes.juntadeandalucia.es/ceiprafaelalbertidh/files/2025/01/04-CADENA-DH-26-NOVIEMBRE-24-FLAMENCO.pdf" target="_blank" rel="noopener"><strong>LAS ARTISTAS PASIÓN VEGA Y LAURA VITAL CONMEMORAN EL DÍA INTERNACIONAL DEL FLAMENCO EN EL CEIP RAFAEL ALBERTI</strong></a></h5>
<h5 style="text-align: center"><strong>26 DE NOVIEMBRE DE 2024</strong></h5>
<p><a href="https://blogsaverroes.juntadeandalucia.es/ceiprafaelalbertidh/files/2025/01/04-CADENA-DH-26-NOVIEMBRE-24-FLAMENCO.jpg"><img loading="lazy" decoding="async" class="aligncenter size-full wp-image-5739" src="https://blogsaverroes.juntadeandalucia.es/ceiprafaelalbertidh/files/2025/01/04-CADENA-DH-26-NOVIEMBRE-24-FLAMENCO.jpg" alt="" width="362" height="512" srcset="https://blogsaverroes.juntadeandalucia.es/ceiprafaelalbertidh/files/2025/01/04-CADENA-DH-26-NOVIEMBRE-24-FLAMENCO.jpg 362w, https://blogsaverroes.juntadeandalucia.es/ceiprafaelalbertidh/files/2025/01/04-CADENA-DH-26-NOVIEMBRE-24-FLAMENCO-212x300.jpg 212w" sizes="(max-width: 362px) 100vw, 362px" /></a></p>
<h5>&nbsp;</h5>
<h5 style="text-align: center"><a href="https://blogsaverroes.juntadeandalucia.es/ceiprafaelalbertidh/files/2025/01/03-EL-QUINTO-23-OCTUBRE-24-INICIO-DE-CURSO.pdf" target="_blank" rel="noopener"><strong>EL RAFAEL ALBERTI INICA CURSO</strong></a></h5>
<h5 style="text-align: center"><strong>23 DE OCTUBRE DE 2024</strong></h5>
<p><a href="https://blogsaverroes.juntadeandalucia.es/ceiprafaelalbertidh/files/2025/01/03-EL-QUINTO-23-OCTUBRE-24-INICIO-DE-CURSO.jpg"><img loading="lazy" decoding="async" class="aligncenter size-full wp-image-5738" src="https://blogsaverroes.juntadeandalucia.es/ceiprafaelalbertidh/files/2025/01/03-EL-QUINTO-23-OCTUBRE-24-INICIO-DE-CURSO.jpg" alt="" width="360" height="511" srcset="https://blogsaverroes.juntadeandalucia.es/ceiprafaelalbertidh/files/2025/01/03-EL-QUINTO-23-OCTUBRE-24-INICIO-DE-CURSO.jpg 360w, https://blogsaverroes.juntadeandalucia.es/ceiprafaelalbertidh/files/2025/01/03-EL-QUINTO-23-OCTUBRE-24-INICIO-DE-CURSO-211x300.jpg 211w" sizes="(max-width: 360px) 100vw, 360px" /></a></p>
<p>&nbsp;</p>
<h5><a href="https://blogsaverroes.juntadeandalucia.es/ceiprafaelalbertidh/files/2025/01/02-LA-SEMANA-16-DE-OCTUBRE-DE-2024-PROYECTO-ANUAL.pdf" target="_blank" rel="noopener"><strong>EL UNIVERSO CENTRA EL PROYECTO ANUAL DEL CEIP RAFAEL ALBERTI</strong></a></h5>
<h5><strong>16 DE OCTUBRE DE 2024</strong></h5>
<p><a href="https://blogsaverroes.juntadeandalucia.es/ceiprafaelalbertidh/files/2025/01/02-LA-SEMANA-16-DE-OCTUBRE-DE-2024-PROYECTO-ANUAL.jpg"><img loading="lazy" decoding="async" class="aligncenter size-full wp-image-5737" src="https://blogsaverroes.juntadeandalucia.es/ceiprafaelalbertidh/files/2025/01/02-LA-SEMANA-16-DE-OCTUBRE-DE-2024-PROYECTO-ANUAL.jpg" alt="" width="357" height="511" srcset="https://blogsaverroes.juntadeandalucia.es/ceiprafaelalbertidh/files/2025/01/02-LA-SEMANA-16-DE-OCTUBRE-DE-2024-PROYECTO-ANUAL.jpg 357w, https://blogsaverroes.juntadeandalucia.es/ceiprafaelalbertidh/files/2025/01/02-LA-SEMANA-16-DE-OCTUBRE-DE-2024-PROYECTO-ANUAL-210x300.jpg 210w" sizes="(max-width: 357px) 100vw, 357px" /></a></p>
<h5>&nbsp;</h5>
<h5 style="text-align: center"><a href="https://blogsaverroes.juntadeandalucia.es/ceiprafaelalbertidh/files/2025/01/01-VIVIR-EN-MONTEQUINTO-10-OCTUBRE-24-BIENVENIDA.pdf" target="_blank" rel="noopener"><strong>EL PROFESORADO DEL CEIP RAFAEL ALBERTI DA LA BIENVENIDA AL ALUMNADO SIMULANDO ELEMENTOS DEL ESPACIO</strong></a></h5>
<h5 style="text-align: center"><strong>10 DE OCTUBRE DE 2024</strong></h5>
<p><a href="https://blogsaverroes.juntadeandalucia.es/ceiprafaelalbertidh/files/2025/01/01-VIVIR-EN-MONTEQUINTO-10-OCTUBRE-24-BIENVENIDA.jpg"><img loading="lazy" decoding="async" class="aligncenter size-full wp-image-5736" src="https://blogsaverroes.juntadeandalucia.es/ceiprafaelalbertidh/files/2025/01/01-VIVIR-EN-MONTEQUINTO-10-OCTUBRE-24-BIENVENIDA.jpg" alt="" width="359" height="512" srcset="https://blogsaverroes.juntadeandalucia.es/ceiprafaelalbertidh/files/2025/01/01-VIVIR-EN-MONTEQUINTO-10-OCTUBRE-24-BIENVENIDA.jpg 359w, https://blogsaverroes.juntadeandalucia.es/ceiprafaelalbertidh/files/2025/01/01-VIVIR-EN-MONTEQUINTO-10-OCTUBRE-24-BIENVENIDA-210x300.jpg 210w" sizes="(max-width: 359px) 100vw, 359px" /></a></p>
<h5>&nbsp;</h5>
<p>&nbsp;</td>
</tr>
</tbody>
</table>

<p>&nbsp; PASIÓN VEGA Y LAURA VITAL VISITAN EL CEIP RAFAEL ALBERTI HAN SIDO LAS PROTAGONISTAS DEL DÍA MUNDIAL DEL FLAMENCO 27 DE NOVIEMBRE DE 2024 PASIÓN VEGA LLEVA EL FLAMENCO AL CEIP RAFAEL ALBERTI 26 DE NOVIEMBRE DE 2024 &nbsp; PASIÓN VEGA Y LAURA VITAL CELEBRAN EL DÍA INTERNACIONAL DEL FLAMENCO EN EL CEIP RAFAEL &hellip; </p>
<p><a class="more-link btn" href="https://blogsaverroes.juntadeandalucia.es/ceiprafaelalbertidh/articulos-de-prensa-2024-2025/">Seguir leyendo</a></p>
