{"id":317,"date":"2015-05-20T07:08:24","date_gmt":"2015-05-20T07:08:24","guid":{"rendered":"http:\/\/blogsaverroes.juntadeandalucia.es\/ceipramoncrossa\/?page_id=317"},"modified":"2025-08-26T11:29:53","modified_gmt":"2025-08-26T11:29:53","slug":"eoe","status":"publish","type":"page","link":"https:\/\/blogsaverroes.juntadeandalucia.es\/ceipramoncrossa\/nuestro-centro\/organigrama\/eoe\/","title":{"rendered":"EOE"},"content":{"rendered":"<table style=\"width: 33.1803%;height: 120px\">\n<tbody>\n<tr style=\"height: 24px\">\n<th style=\"text-align: left;height: 24px;width: 35.2886%\">PROFESOR<\/th>\n<th style=\"text-align: left;height: 24px;width: 60.7863%\">CARGO<\/th>\n<\/tr>\n<tr style=\"height: 24px\">\n<td style=\"text-align: left;height: 24px;width: 35.2886%\">M\u00aa Carmen Angulo R\u00edos.<\/td>\n<td style=\"text-align: left;height: 24px;width: 60.7863%\">Coordinadora equipo de orientaci\u00f3n y especialista en Pedagog\u00eda Terap\u00e9utica.<\/td>\n<\/tr>\n<tr style=\"height: 24px\">\n<td style=\"text-align: left;height: 24px;width: 35.2886%\">Inmaculada Santos<\/td>\n<td style=\"text-align: left;height: 24px;width: 60.7863%\">Orientadora<\/td>\n<\/tr>\n<tr style=\"height: 24px\">\n<td style=\"text-align: left;height: 24px;width: 35.2886%\">Elena Gonz\u00e1lez Rios.<\/td>\n<td style=\"text-align: left;height: 24px;width: 60.7863%\">Especialista en Audici\u00f3n y Lenguaje.<\/td>\n<\/tr>\n<tr style=\"height: 24px\">\n<td style=\"text-align: left;height: 24px;width: 35.2886%\">Paqui Puerto<\/td>\n<td style=\"text-align: left;height: 24px;width: 60.7863%\">Especialista en Audici\u00f3n y Lenguaje.<\/td>\n<\/tr>\n<\/tbody>\n<\/table>\n","protected":false},"excerpt":{"rendered":"<p>PROFESOR CARGO M\u00aa Carmen Angulo R\u00edos. Coordinadora equipo de orientaci\u00f3n y especialista en Pedagog\u00eda Terap\u00e9utica. Inmaculada Santos Orientadora Elena Gonz\u00e1lez Rios. Especialista en Audici\u00f3n y Lenguaje. Paqui Puerto Especialista en Audici\u00f3n y Lenguaje.<\/p>\n","protected":false},"author":1722,"featured_media":0,"parent":33,"menu_order":0,"comment_status":"open","ping_status":"open","template":"","meta":{"ngg_post_thumbnail":0,"footnotes":"","_mc_calendar":[]},"aioseo_notices":[],"_links":{"self":[{"href":"https:\/\/blogsaverroes.juntadeandalucia.es\/ceipramoncrossa\/wp-json\/wp\/v2\/pages\/317"}],"collection":[{"href":"https:\/\/blogsaverroes.juntadeandalucia.es\/ceipramoncrossa\/wp-json\/wp\/v2\/pages"}],"about":[{"href":"https:\/\/blogsaverroes.juntadeandalucia.es\/ceipramoncrossa\/wp-json\/wp\/v2\/types\/page"}],"author":[{"embeddable":true,"href":"https:\/\/blogsaverroes.juntadeandalucia.es\/ceipramoncrossa\/wp-json\/wp\/v2\/users\/1722"}],"replies":[{"embeddable":true,"href":"https:\/\/blogsaverroes.juntadeandalucia.es\/ceipramoncrossa\/wp-json\/wp\/v2\/comments?post=317"}],"version-history":[{"count":11,"href":"https:\/\/blogsaverroes.juntadeandalucia.es\/ceipramoncrossa\/wp-json\/wp\/v2\/pages\/317\/revisions"}],"predecessor-version":[{"id":5934,"href":"https:\/\/blogsaverroes.juntadeandalucia.es\/ceipramoncrossa\/wp-json\/wp\/v2\/pages\/317\/revisions\/5934"}],"up":[{"embeddable":true,"href":"https:\/\/blogsaverroes.juntadeandalucia.es\/ceipramoncrossa\/wp-json\/wp\/v2\/pages\/33"}],"wp:attachment":[{"href":"https:\/\/blogsaverroes.juntadeandalucia.es\/ceipramoncrossa\/wp-json\/wp\/v2\/media?parent=317"}],"curies":[{"name":"wp","href":"https:\/\/api.w.org\/{rel}","templated":true}]}}