{"id":351,"date":"2015-05-20T08:22:58","date_gmt":"2015-05-20T08:22:58","guid":{"rendered":"http:\/\/blogsaverroes.juntadeandalucia.es\/ceipramoncrossa\/?page_id=351"},"modified":"2023-10-08T10:54:39","modified_gmt":"2023-10-08T10:54:39","slug":"educacion-infantil","status":"publish","type":"page","link":"https:\/\/blogsaverroes.juntadeandalucia.es\/ceipramoncrossa\/oferta-educativa\/educacion-infantil\/","title":{"rendered":"Educaci\u00f3n Infantil"},"content":{"rendered":"<table>\n<tbody>\n<tr>\n<th style=\"text-align: center\" colspan=\"2\">SEGUNDO&nbsp;CICLO EDUCACI\u00d3N INFANTIL (3 a 5 a\u00f1os)<\/th>\n<\/tr>\n<tr>\n<th style=\"text-align: left\" colspan=\"2\">NIVEL 3 A\u00d1OS (1 l\u00ednea)<\/th>\n<\/tr>\n<tr>\n<td style=\"text-align: left\">CONTENIDOS<\/td>\n<td style=\"text-align: left\">TIPO<\/td>\n<\/tr>\n<tr>\n<td style=\"text-align: left\">Conocimiento s\u00ed Mismo y Autonom\u00eda Personal<\/td>\n<td style=\"text-align: left\">Obligatoria<\/td>\n<\/tr>\n<tr>\n<td style=\"text-align: left\">Conocimiento del Entorno<\/td>\n<td style=\"text-align: left\">Obligatoria<\/td>\n<\/tr>\n<tr>\n<td style=\"text-align: left\">Lenguaje: Comunicaci\u00f3n y Representaci\u00f3n<\/td>\n<td style=\"text-align: left\">Obligatoria<\/td>\n<\/tr>\n<tr>\n<td style=\"text-align: left\">Religi\u00f3n Moral y Cat\u00f3lica<\/td>\n<td style=\"text-align: left\">Optativa<\/td>\n<\/tr>\n<tr>\n<td style=\"text-align: left\">Atenci\u00f3n Educativa<\/td>\n<td style=\"text-align: left\">Optativa<\/td>\n<\/tr>\n<tr>\n<th style=\"text-align: left\" colspan=\"2\">NIVEL 4 A\u00d1OS (2 l\u00edneas)<\/th>\n<\/tr>\n<tr>\n<td style=\"text-align: left\">CONTENIDOS<\/td>\n<td style=\"text-align: left\">TIPO<\/td>\n<\/tr>\n<tr>\n<td style=\"text-align: left\">Conocimiento s\u00ed Mismo y Autonom\u00eda Personal<\/td>\n<td style=\"text-align: left\">Obligatoria<\/td>\n<\/tr>\n<tr>\n<td style=\"text-align: left\">Conocimiento del Entorno<\/td>\n<td style=\"text-align: left\">Obligatoria<\/td>\n<\/tr>\n<tr>\n<td style=\"text-align: left\">Lenguaje: Comunicaci\u00f3n y Representaci\u00f3n<\/td>\n<td style=\"text-align: left\">Obligatoria<\/td>\n<\/tr>\n<tr>\n<td style=\"text-align: left\">Religi\u00f3n Moral y Cat\u00f3lica<\/td>\n<td style=\"text-align: left\">Optativa<\/td>\n<\/tr>\n<tr>\n<td style=\"text-align: left\">Atenci\u00f3n Educativa<\/td>\n<td style=\"text-align: left\">Optativa<\/td>\n<\/tr>\n<tr>\n<th style=\"text-align: left\" colspan=\"2\">NIVEL 5 A\u00d1OS (2 l\u00edneas)<\/th>\n<\/tr>\n<tr>\n<td style=\"text-align: left\">CONTENIDOS<\/td>\n<td style=\"text-align: left\">TIPO<\/td>\n<\/tr>\n<tr>\n<td style=\"text-align: left\">Conocimiento s\u00ed Mismo y Autonom\u00eda Personal<\/td>\n<td style=\"text-align: left\">Obligatoria<\/td>\n<\/tr>\n<tr>\n<td style=\"text-align: left\">Conocimiento del Entorno<\/td>\n<td style=\"text-align: left\">Obligatoria<\/td>\n<\/tr>\n<tr>\n<td style=\"text-align: left\">Lenguaje: Comunicaci\u00f3n y Representaci\u00f3n<\/td>\n<td style=\"text-align: left\">Obligatoria<\/td>\n<\/tr>\n<tr>\n<td style=\"text-align: left\">Religi\u00f3n Moral y Cat\u00f3lica<\/td>\n<td style=\"text-align: left\">Optativa<\/td>\n<\/tr>\n<tr>\n<td style=\"text-align: left\">Atenci\u00f3n Educativa<\/td>\n<td style=\"text-align: left\">Optativa<\/td>\n<\/tr>\n<\/tbody>\n<\/table>\n","protected":false},"excerpt":{"rendered":"<p>SEGUNDO&nbsp;CICLO EDUCACI\u00d3N INFANTIL (3 a 5 a\u00f1os) NIVEL 3 A\u00d1OS (1 l\u00ednea) CONTENIDOS TIPO Conocimiento s\u00ed Mismo y Autonom\u00eda Personal Obligatoria Conocimiento del Entorno Obligatoria Lenguaje: Comunicaci\u00f3n y Representaci\u00f3n Obligatoria Religi\u00f3n Moral y Cat\u00f3lica&#46;&#46;&#46;<\/p>\n","protected":false},"author":1722,"featured_media":0,"parent":348,"menu_order":0,"comment_status":"open","ping_status":"open","template":"","meta":{"ngg_post_thumbnail":0,"footnotes":"","_mc_calendar":[]},"aioseo_notices":[],"_links":{"self":[{"href":"https:\/\/blogsaverroes.juntadeandalucia.es\/ceipramoncrossa\/wp-json\/wp\/v2\/pages\/351"}],"collection":[{"href":"https:\/\/blogsaverroes.juntadeandalucia.es\/ceipramoncrossa\/wp-json\/wp\/v2\/pages"}],"about":[{"href":"https:\/\/blogsaverroes.juntadeandalucia.es\/ceipramoncrossa\/wp-json\/wp\/v2\/types\/page"}],"author":[{"embeddable":true,"href":"https:\/\/blogsaverroes.juntadeandalucia.es\/ceipramoncrossa\/wp-json\/wp\/v2\/users\/1722"}],"replies":[{"embeddable":true,"href":"https:\/\/blogsaverroes.juntadeandalucia.es\/ceipramoncrossa\/wp-json\/wp\/v2\/comments?post=351"}],"version-history":[{"count":6,"href":"https:\/\/blogsaverroes.juntadeandalucia.es\/ceipramoncrossa\/wp-json\/wp\/v2\/pages\/351\/revisions"}],"predecessor-version":[{"id":3490,"href":"https:\/\/blogsaverroes.juntadeandalucia.es\/ceipramoncrossa\/wp-json\/wp\/v2\/pages\/351\/revisions\/3490"}],"up":[{"embeddable":true,"href":"https:\/\/blogsaverroes.juntadeandalucia.es\/ceipramoncrossa\/wp-json\/wp\/v2\/pages\/348"}],"wp:attachment":[{"href":"https:\/\/blogsaverroes.juntadeandalucia.es\/ceipramoncrossa\/wp-json\/wp\/v2\/media?parent=351"}],"curies":[{"name":"wp","href":"https:\/\/api.w.org\/{rel}","templated":true}]}}