{"id":217,"date":"2017-10-07T10:16:16","date_gmt":"2017-10-07T09:16:16","guid":{"rendered":"https:\/\/blogsaverroes.juntadeandalucia.es\/ceipramonhernandez\/?page_id=217"},"modified":"2024-11-19T07:05:13","modified_gmt":"2024-11-19T06:05:13","slug":"consejo-escolar","status":"publish","type":"page","link":"https:\/\/blogsaverroes.juntadeandalucia.es\/ceipramonhernandez\/consejo-escolar\/","title":{"rendered":"Elecciones al Consejo Escolar 2024"},"content":{"rendered":"<!--themify_builder_content-->\n<div id=\"themify_builder_content-217\" data-postid=\"217\" class=\"themify_builder_content themify_builder_content-217 themify_builder tf_clear\">\n                    <div  data-lazy=\"1\" class=\"module_row themify_builder_row tb_qr9g854 tb_first tf_w\">\n                        <div class=\"row_inner col_align_top tb_col_count_1 tf_box tf_rel\">\n                        <div  data-lazy=\"1\" class=\"module_column tb-column col-full tb_qtv3855 first\">\n                    <!-- module text -->\n<div  class=\"module module-text tb_ywir409   \" data-lazy=\"1\">\n        <div  class=\"tb_text_wrap\">\n        <p style=\"text-align: justify;\"><span style=\"font-family: 'comic sans ms', sans-serif; font-size: 14pt; color: #000000;\">El Consejo Escolar de los Centros docentes p\u00fablicos es el \u00f3rgano de participaci\u00f3n en los mismos de los diferentes sectores de la comunidad educativa y sobre el que recae directamente toda la responsabilidad del centro.<\/span><\/p>\n<p style=\"text-align: justify;\"><span style=\"font-family: 'comic sans ms', sans-serif; font-size: 14pt; color: #000000;\">Es elegido cada dos a\u00f1os (los a\u00f1os pares) y est\u00e1 formado por los representantes de los padres\/madres (uno de los cuales es nombrado por la AMPA), del profesorado, del personal de Administraci\u00f3n y Servicios y del Ayuntamiento.<\/span><\/p>\n<div class=\"vc_row wpb_row vc_row-fluid\" style=\"text-align: justify;\">\n<div class=\"wpb_column vc_column_container vc_col-sm-12\">\n<div class=\"vc_column-inner\">\n<div class=\"wpb_wrapper\">\n<div class=\"wpb_text_column wpb_content_element \">\n<div class=\"wpb_wrapper\">\n<p><span style=\"font-family: 'comic sans ms', sans-serif; font-size: 14pt; color: #000000;\">Puede usted consultar toda la informaci\u00f3n publicada en la Web de la Consejer\u00eda de Desarrollo Educativo y Formaci\u00f3n Profesional a trav\u00e9s<strong>\u00a0<a style=\"color: #000000;\" href=\"https:\/\/www.juntadeandalucia.es\/educacion\/portals\/web\/ced\/consejos-escolares\" target=\"_blank\" rel=\"noopener\">siguiente enlace.<\/a><\/strong><\/span><\/p>\n<\/div>\n<\/div>\n<\/div>\n<\/div>\n<\/div>\n<\/div>\n<div class=\"vc_row wpb_row vc_row-fluid\">\n<div class=\"wpb_column vc_column_container vc_col-sm-12\">\n<div class=\"vc_column-inner\">\n<div class=\"wpb_wrapper\">\n<div id=\"ultimate-heading-618066e9b8b5c69e2\" class=\"uvc-heading ult-adjust-bottom-margin ultimate-heading-618066e9b8b5c69e2 uvc-2027 \" style=\"text-align: justify;\" data-hspacer=\"no_spacer\" data-halign=\"left\">\u00a0<\/div>\n<\/div>\n<\/div>\n<\/div>\n<\/div>    <\/div>\n<\/div>\n<!-- \/module text --><!-- module text -->\n<div  class=\"module module-text tb_j0vp456   \" data-lazy=\"1\">\n    <h3 class=\"module-title\">Calendario del proceso<\/h3>    <div  class=\"tb_text_wrap\">\n        <p style=\"text-align: center;\"><iframe loading=\"lazy\" src=\"https:\/\/drive.google.com\/file\/d\/1bkdP7Dhet8_Zffnm7gFhDr-IZEh91X2H\/preview\" width=\"1000\" height=\"1000\"><\/iframe><\/p>\n    <\/div>\n<\/div>\n<!-- \/module text --><!-- module text -->\n<div  class=\"module module-text tb_1wnr991   \" data-lazy=\"1\">\n    <h3 class=\"module-title\">Censo provisional<\/h3>    <div  class=\"tb_text_wrap\">\n        <p style=\"text-align: justify;\"><span style=\"font-size: 24pt; color: #ff0000;\"><span style=\"font-family: 'comic sans ms', sans-serif;\">Figurar correctamente inscrito en el censo es indispensable para poder votar, por tanto, les rogamos que pasen por secretaria o direcci\u00f3n para verificar que <\/span><span style=\"font-family: 'comic sans ms', sans-serif;\">su informaci\u00f3n personal no contiene errores.<\/span><\/span><\/p>    <\/div>\n<\/div>\n<!-- \/module text --><!-- module text -->\n<div  class=\"module module-text tb_genq56   \" data-lazy=\"1\">\n    <h3 class=\"module-title\">Voto no presencial<\/h3>    <div  class=\"tb_text_wrap\">\n            <\/div>\n<\/div>\n<!-- \/module text -->        <div  data-lazy=\"1\" class=\"module_subrow themify_builder_sub_row tf_w col_align_middle tb_col_count_2 tb_dk50974 hide-desktop hide-tablet hide-tablet_landscape hide-mobile\">\n                <div  data-lazy=\"1\" class=\"module_column sub_column col2-1 tb_vs8t974 first\">\n                    <!-- module text -->\n<div  class=\"module module-text tb_zxho974  repeat \" data-lazy=\"1\">\n    <h3 class=\"module-title\">INFOGRAF\u00cdA DE AYUDA<\/h3>    <div  class=\"tb_text_wrap\">\n        <p><a href=\"https:\/\/blogsaverroes.juntadeandalucia.es\/ceipramonhernandez\/files\/2024\/11\/WhatsApp-Image-2024-11-04-at-10.16.55.jpeg\"><img loading=\"lazy\" decoding=\"async\" class=\"alignnone wp-image-32812 size-full\" src=\"https:\/\/blogsaverroes.juntadeandalucia.es\/ceipramonhernandez\/files\/2024\/11\/WhatsApp-Image-2024-11-04-at-10.16.55.jpeg\" alt=\"\" width=\"2000\" height=\"1414\" srcset=\"https:\/\/blogsaverroes.juntadeandalucia.es\/ceipramonhernandez\/files\/2024\/11\/WhatsApp-Image-2024-11-04-at-10.16.55.jpeg 2000w, https:\/\/blogsaverroes.juntadeandalucia.es\/ceipramonhernandez\/files\/2024\/11\/WhatsApp-Image-2024-11-04-at-10.16.55-300x212.jpeg 300w, https:\/\/blogsaverroes.juntadeandalucia.es\/ceipramonhernandez\/files\/2024\/11\/WhatsApp-Image-2024-11-04-at-10.16.55-1024x724.jpeg 1024w, https:\/\/blogsaverroes.juntadeandalucia.es\/ceipramonhernandez\/files\/2024\/11\/WhatsApp-Image-2024-11-04-at-10.16.55-768x543.jpeg 768w, https:\/\/blogsaverroes.juntadeandalucia.es\/ceipramonhernandez\/files\/2024\/11\/WhatsApp-Image-2024-11-04-at-10.16.55-1536x1086.jpeg 1536w\" sizes=\"(max-width: 2000px) 100vw, 2000px\" \/><\/a><\/p>    <\/div>\n<\/div>\n<!-- \/module text -->        <\/div>\n                    <div  data-lazy=\"1\" class=\"module_column sub_column col2-1 tb_x2zj974 last\">\n                    <!-- module text -->\n<div  class=\"module module-text tb_2yu2974   \" data-lazy=\"1\">\n    <h3 class=\"module-title\">V\u00cdDEO DE AYUDA<\/h3>    <div  class=\"tb_text_wrap\">\n        <p style=\"text-align: center;\"><iframe loading=\"lazy\" src=\"https:\/\/drive.google.com\/file\/d\/1DlS9_i9q7fndK6pNT1ISvWU1YrD1_CcH\/preview\" width=\"640\" height=\"480\"><\/iframe><\/p>    <\/div>\n<\/div>\n<!-- \/module text -->        <\/div>\n                    <\/div>\n                <div  data-lazy=\"1\" class=\"module_subrow themify_builder_sub_row tf_w gutter-narrow col_align_middle tb_col_count_2 tb_mlha423\">\n                <div  data-lazy=\"1\" class=\"module_column sub_column col2-1 tb_ao2h423 first\">\n                    <!-- module text -->\n<div  class=\"module module-text tb_d5ux423   \" data-lazy=\"1\">\n    <h3 class=\"module-title\">Voto Electr\u00f3nico<\/h3>    <div  class=\"tb_text_wrap\">\n        <p><iframe loading=\"lazy\" src=\"https:\/\/drive.google.com\/file\/d\/1XSwLKFZRUCfJN8TwKwQ0IC36MKCj3a5S\/preview\" width=\"640\" height=\"480\"><\/iframe><\/p>    <\/div>\n<\/div>\n<!-- \/module text -->        <\/div>\n                    <div  data-lazy=\"1\" class=\"module_column sub_column col2-1 tb_us3a423 last\">\n                    <!-- module video -->\n<div  class=\"module module-video tb_35mr423 video-overlay  \" data-lazy=\"1\">\n            <h3 class=\"module-title\">Voto doble sobre cerrado<\/h3>        <div class=\"video-wrap-outer\">\n            <div class=\"video-wrap tf_rel tf_overflow\">\n                                    <noscript><iframe data-no-script src=\"https:\/\/www.youtube.com\/embed\/ygw2PjjqEKc?pip=1&playsinline=1\" allow=\"accelerometer;encrypted-media;gyroscope;picture-in-picture;fullscreen\" class=\"tf_abs tf_w tf_h\"><\/iframe><\/noscript>\n                                <\/div>\n            <!-- \/video-wrap -->\n        <\/div>\n        <!-- \/video-wrap-outer -->\n            <\/div>\n        <\/div>\n                    <\/div>\n                <\/div>\n                        <\/div>\n        <\/div>\n        <\/div>\n<!--\/themify_builder_content-->&nbsp;<\/p>\n<p>&nbsp;<\/p>","protected":false},"excerpt":{"rendered":"<p>El Consejo Escolar de los Centros docentes p\u00fablicos es el \u00f3rgano de participaci\u00f3n en los mismos de los diferentes sectores de la comunidad educativa y sobre el que recae directamente toda la responsabilidad del centro. Es elegido cada dos a\u00f1os (los a\u00f1os pares) y est\u00e1 formado por los representantes de los padres\/madres (uno de los [&hellip;]<\/p>\n","protected":false},"author":5362,"featured_media":0,"parent":0,"menu_order":0,"comment_status":"closed","ping_status":"closed","template":"","meta":{"ngg_post_thumbnail":0,"footnotes":""},"aioseo_notices":[],"_links":{"self":[{"href":"https:\/\/blogsaverroes.juntadeandalucia.es\/ceipramonhernandez\/wp-json\/wp\/v2\/pages\/217"}],"collection":[{"href":"https:\/\/blogsaverroes.juntadeandalucia.es\/ceipramonhernandez\/wp-json\/wp\/v2\/pages"}],"about":[{"href":"https:\/\/blogsaverroes.juntadeandalucia.es\/ceipramonhernandez\/wp-json\/wp\/v2\/types\/page"}],"author":[{"embeddable":true,"href":"https:\/\/blogsaverroes.juntadeandalucia.es\/ceipramonhernandez\/wp-json\/wp\/v2\/users\/5362"}],"replies":[{"embeddable":true,"href":"https:\/\/blogsaverroes.juntadeandalucia.es\/ceipramonhernandez\/wp-json\/wp\/v2\/comments?post=217"}],"version-history":[{"count":38,"href":"https:\/\/blogsaverroes.juntadeandalucia.es\/ceipramonhernandez\/wp-json\/wp\/v2\/pages\/217\/revisions"}],"predecessor-version":[{"id":32956,"href":"https:\/\/blogsaverroes.juntadeandalucia.es\/ceipramonhernandez\/wp-json\/wp\/v2\/pages\/217\/revisions\/32956"}],"wp:attachment":[{"href":"https:\/\/blogsaverroes.juntadeandalucia.es\/ceipramonhernandez\/wp-json\/wp\/v2\/media?parent=217"}],"curies":[{"name":"wp","href":"https:\/\/api.w.org\/{rel}","templated":true}]}}

<!--themify_builder_content-->
<div id="themify_builder_content-217" data-postid="217" class="themify_builder_content themify_builder_content-217 themify_builder tf_clear">
                    <div  data-lazy="1" class="module_row themify_builder_row tb_qr9g854 tb_first tf_w">
                        <div class="row_inner col_align_top tb_col_count_1 tf_box tf_rel">
                        <div  data-lazy="1" class="module_column tb-column col-full tb_qtv3855 first">
                    <!-- module text -->
<div  class="module module-text tb_ywir409   " data-lazy="1">
        <div  class="tb_text_wrap">
        <p style="text-align: justify;"><span style="font-family: 'comic sans ms', sans-serif; font-size: 14pt; color: #000000;">El Consejo Escolar de los Centros docentes públicos es el órgano de participación en los mismos de los diferentes sectores de la comunidad educativa y sobre el que recae directamente toda la responsabilidad del centro.</span></p>
<p style="text-align: justify;"><span style="font-family: 'comic sans ms', sans-serif; font-size: 14pt; color: #000000;">Es elegido cada dos años (los años pares) y está formado por los representantes de los padres/madres (uno de los cuales es nombrado por la AMPA), del profesorado, del personal de Administración y Servicios y del Ayuntamiento.</span></p>
<div class="vc_row wpb_row vc_row-fluid" style="text-align: justify;">
<div class="wpb_column vc_column_container vc_col-sm-12">
<div class="vc_column-inner">
<div class="wpb_wrapper">
<div class="wpb_text_column wpb_content_element ">
<div class="wpb_wrapper">
<p><span style="font-family: 'comic sans ms', sans-serif; font-size: 14pt; color: #000000;">Puede usted consultar toda la información publicada en la Web de la Consejería de Desarrollo Educativo y Formación Profesional a través<strong> <a style="color: #000000;" href="https://www.juntadeandalucia.es/educacion/portals/web/ced/consejos-escolares" target="_blank" rel="noopener">siguiente enlace.</a></strong></span></p>
</div>
</div>
</div>
</div>
</div>
</div>
<div class="vc_row wpb_row vc_row-fluid">
<div class="wpb_column vc_column_container vc_col-sm-12">
<div class="vc_column-inner">
<div class="wpb_wrapper">
<div id="ultimate-heading-618066e9b8b5c69e2" class="uvc-heading ult-adjust-bottom-margin ultimate-heading-618066e9b8b5c69e2 uvc-2027 " style="text-align: justify;" data-hspacer="no_spacer" data-halign="left"> </div>
</div>
</div>
</div>
</div>    </div>
</div>
<!-- /module text --><!-- module text -->
<div  class="module module-text tb_j0vp456   " data-lazy="1">
    <h3 class="module-title">Calendario del proceso</h3>    <div  class="tb_text_wrap">
        <p style="text-align: center;"><iframe loading="lazy" src="https://drive.google.com/file/d/1bkdP7Dhet8_Zffnm7gFhDr-IZEh91X2H/preview" width="1000" height="1000"></iframe></p>
    </div>
</div>
<!-- /module text --><!-- module text -->
<div  class="module module-text tb_1wnr991   " data-lazy="1">
    <h3 class="module-title">Censo provisional</h3>    <div  class="tb_text_wrap">
        <p style="text-align: justify;"><span style="font-size: 24pt; color: #ff0000;"><span style="font-family: 'comic sans ms', sans-serif;">Figurar correctamente inscrito en el censo es indispensable para poder votar, por tanto, les rogamos que pasen por secretaria o dirección para verificar que </span><span style="font-family: 'comic sans ms', sans-serif;">su información personal no contiene errores.</span></span></p>    </div>
</div>
<!-- /module text --><!-- module text -->
<div  class="module module-text tb_genq56   " data-lazy="1">
    <h3 class="module-title">Voto no presencial</h3>    <div  class="tb_text_wrap">
            </div>
</div>
<!-- /module text -->        <div  data-lazy="1" class="module_subrow themify_builder_sub_row tf_w col_align_middle tb_col_count_2 tb_dk50974 hide-desktop hide-tablet hide-tablet_landscape hide-mobile">
                <div  data-lazy="1" class="module_column sub_column col2-1 tb_vs8t974 first">
                    <!-- module text -->
<div  class="module module-text tb_zxho974  repeat " data-lazy="1">
    <h3 class="module-title">INFOGRAFÍA DE AYUDA</h3>    <div  class="tb_text_wrap">
        <p><a href="https://blogsaverroes.juntadeandalucia.es/ceipramonhernandez/files/2024/11/WhatsApp-Image-2024-11-04-at-10.16.55.jpeg"><img loading="lazy" decoding="async" class="alignnone wp-image-32812 size-full" src="https://blogsaverroes.juntadeandalucia.es/ceipramonhernandez/files/2024/11/WhatsApp-Image-2024-11-04-at-10.16.55.jpeg" alt="" width="2000" height="1414" srcset="https://blogsaverroes.juntadeandalucia.es/ceipramonhernandez/files/2024/11/WhatsApp-Image-2024-11-04-at-10.16.55.jpeg 2000w, https://blogsaverroes.juntadeandalucia.es/ceipramonhernandez/files/2024/11/WhatsApp-Image-2024-11-04-at-10.16.55-300x212.jpeg 300w, https://blogsaverroes.juntadeandalucia.es/ceipramonhernandez/files/2024/11/WhatsApp-Image-2024-11-04-at-10.16.55-1024x724.jpeg 1024w, https://blogsaverroes.juntadeandalucia.es/ceipramonhernandez/files/2024/11/WhatsApp-Image-2024-11-04-at-10.16.55-768x543.jpeg 768w, https://blogsaverroes.juntadeandalucia.es/ceipramonhernandez/files/2024/11/WhatsApp-Image-2024-11-04-at-10.16.55-1536x1086.jpeg 1536w" sizes="(max-width: 2000px) 100vw, 2000px" /></a></p>    </div>
</div>
<!-- /module text -->        </div>
                    <div  data-lazy="1" class="module_column sub_column col2-1 tb_x2zj974 last">
                    <!-- module text -->
<div  class="module module-text tb_2yu2974   " data-lazy="1">
    <h3 class="module-title">VÍDEO DE AYUDA</h3>    <div  class="tb_text_wrap">
        <p style="text-align: center;"><iframe loading="lazy" src="https://drive.google.com/file/d/1DlS9_i9q7fndK6pNT1ISvWU1YrD1_CcH/preview" width="640" height="480"></iframe></p>    </div>
</div>
<!-- /module text -->        </div>
                    </div>
                <div  data-lazy="1" class="module_subrow themify_builder_sub_row tf_w gutter-narrow col_align_middle tb_col_count_2 tb_mlha423">
                <div  data-lazy="1" class="module_column sub_column col2-1 tb_ao2h423 first">
                    <!-- module text -->
<div  class="module module-text tb_d5ux423   " data-lazy="1">
    <h3 class="module-title">Voto Electrónico</h3>    <div  class="tb_text_wrap">
        <p><iframe loading="lazy" src="https://drive.google.com/file/d/1XSwLKFZRUCfJN8TwKwQ0IC36MKCj3a5S/preview" width="640" height="480"></iframe></p>    </div>
</div>
<!-- /module text -->        </div>
                    <div  data-lazy="1" class="module_column sub_column col2-1 tb_us3a423 last">
                    <!-- module video -->
<div  class="module module-video tb_35mr423 video-overlay  " data-lazy="1">
            <h3 class="module-title">Voto doble sobre cerrado</h3>        <div class="video-wrap-outer">
            <div class="video-wrap tf_rel tf_overflow">
                                    <noscript><iframe data-no-script src="https://www.youtube.com/embed/ygw2PjjqEKc?pip=1&playsinline=1" allow="accelerometer;encrypted-media;gyroscope;picture-in-picture;fullscreen" class="tf_abs tf_w tf_h"></iframe></noscript>
                                </div>
            <!-- /video-wrap -->
        </div>
        <!-- /video-wrap-outer -->
            </div>
        </div>
                    </div>
                </div>
                        </div>
        </div>
        </div>
<!--/themify_builder_content-->&nbsp;</p>
<p>&nbsp;</p>

<p>El Consejo Escolar de los Centros docentes públicos es el órgano de participación en los mismos de los diferentes sectores de la comunidad educativa y sobre el que recae directamente toda la responsabilidad del centro. Es elegido cada dos años (los años pares) y está formado por los representantes de los padres/madres (uno de los [&hellip;]</p>
