{"id":1077,"date":"2024-02-26T08:12:17","date_gmt":"2024-02-26T07:12:17","guid":{"rendered":"https:\/\/blogsaverroes.juntadeandalucia.es\/ceipramonycajal\/?page_id=1077"},"modified":"2024-11-27T07:01:50","modified_gmt":"2024-11-27T06:01:50","slug":"documentos-del-centro","status":"publish","type":"page","link":"https:\/\/blogsaverroes.juntadeandalucia.es\/ceipramonycajal\/documentos-del-centro\/","title":{"rendered":"Documentos del centro"},"content":{"rendered":"<!--themify_builder_content-->\n<div id=\"themify_builder_content-1077\" data-postid=\"1077\" class=\"themify_builder_content themify_builder_content-1077 themify_builder tf_clear\">\n                    <div  data-lazy=\"1\" class=\"module_row themify_builder_row tb_m1wa637 tb_first tf_w\">\n                        <div class=\"row_inner col_align_top tb_col_count_1 tf_box tf_rel\">\n                        <div  data-lazy=\"1\" class=\"module_column tb-column col-full tb_vkfw638 first\">\n                            <div  data-lazy=\"1\" class=\"module_subrow themify_builder_sub_row tf_w gutter-narrow col_align_middle tb_col_count_1 tb_99ww640\">\n                <div  data-lazy=\"1\" class=\"module_column sub_column col-full tb_gvz3641 first\">\n                    <!-- module buttons -->\n<div  class=\"module module-buttons tb_119r642 buttons-horizontal solid  large circle buttons-fullwidth\" data-lazy=\"1\">\n        <div class=\"module-buttons-item tf_in_flx\">\n                        <a href=\"https:\/\/blogsaverroes.juntadeandalucia.es\/ceipramonycajal\/files\/2024\/07\/PLAN-DE-CENTRO-2023-24.pdf\" class=\"ui builder_button tf_in_flx green\" target=\"_blank\" rel=\"noopener\">\n                                                Plan de centro 23-24                                        <\/a>\n                <\/div>\n            <\/div>\n<!-- \/module buttons -->\n<!-- module buttons -->\n<div  class=\"module module-buttons tb_av01255 buttons-horizontal solid  large circle buttons-fullwidth\" data-lazy=\"1\">\n        <div class=\"module-buttons-item tf_in_flx\">\n                        <a href=\"https:\/\/drive.google.com\/file\/d\/1S3nXKqTdXB5tOGZ7TBNOdAJJt3-GXP4n\/preview\" class=\"ui builder_button tf_in_flx green\" target=\"_blank\" rel=\"noopener\">\n                                                Criterios de evaluaci\u00f3n y promoci\u00f3n 23-24                                        <\/a>\n                <\/div>\n            <\/div>\n<!-- \/module buttons -->\n<!-- module buttons -->\n<div  class=\"module module-buttons tb_j1kg840 buttons-horizontal solid  large circle buttons-fullwidth\" data-lazy=\"1\">\n        <div class=\"module-buttons-item tf_in_flx\">\n                        <a href=\"https:\/\/blogsaverroes.juntadeandalucia.es\/ceipramonycajal\/criterios-de-evaluacion-educacion-infantil-2024-25\/\" class=\"ui builder_button tf_in_flx green\" target=\"_blank\" rel=\"noopener\">\n                                                Criterios de evaluaci\u00f3n infantil 24-25                                        <\/a>\n                <\/div>\n            <\/div>\n<!-- \/module buttons -->\n<!-- module buttons -->\n<div  class=\"module module-buttons tb_hbvj321 buttons-horizontal solid  large circle buttons-fullwidth\" data-lazy=\"1\">\n        <div class=\"module-buttons-item tf_in_flx\">\n                        <a href=\"https:\/\/blogsaverroes.juntadeandalucia.es\/ceipramonycajal\/criterios-de-evaluacion-lengua-extranjera-ingles-educacion-primaria\/\" class=\"ui builder_button tf_in_flx green\" target=\"_blank\" rel=\"noopener\">\n                                                Criterios de evaluaci\u00f3n lengua extranjera (ingl\u00e9s) 24-25                                        <\/a>\n                <\/div>\n            <\/div>\n<!-- \/module buttons -->\n        <\/div>\n                    <\/div>\n                <\/div>\n                        <\/div>\n        <\/div>\n                        <div  data-lazy=\"1\" class=\"module_row themify_builder_row tb_lyxp141 tf_w hide-desktop hide-tablet hide-tablet_landscape hide-mobile\">\n                        <div class=\"row_inner col_align_top tb_col_count_1 tf_box tf_rel\">\n                        <div  data-lazy=\"1\" class=\"module_column tb-column col-full tb_wx2w141 first\">\n                            <div  data-lazy=\"1\" class=\"module_subrow themify_builder_sub_row tf_w gutter-narrow col_align_middle tb_col_count_3 tb_02sz141\">\n                <div  data-lazy=\"1\" class=\"module_column sub_column col3-1 tb_zh3c142 first\">\n                    <!-- module buttons -->\n<div  class=\"module module-buttons tb_l4sm142 buttons-horizontal solid  large circle buttons-fullwidth\" data-lazy=\"1\">\n        <div class=\"module-buttons-item tf_in_flx\">\n                        <a href=\"https:\/\/blogsaverroes.juntadeandalucia.es\/ceipramonycajal\/files\/2024\/02\/estamos-trabajando-contenidos-web2.jpg\" class=\"ui builder_button tf_in_flx red\" target=\"_blank\" rel=\"noopener\">\n                                                Proyecto Educativo                                        <\/a>\n                <\/div>\n            <\/div>\n<!-- \/module buttons -->\n<!-- module buttons -->\n<div  class=\"module module-buttons tb_z50h142 buttons-horizontal solid  large circle buttons-fullwidth\" data-lazy=\"1\">\n        <div class=\"module-buttons-item tf_in_flx\">\n                        <a href=\"https:\/\/blogsaverroes.juntadeandalucia.es\/ceipramonycajal\/files\/2024\/02\/estamos-trabajando-contenidos-web2.jpg\" class=\"ui builder_button tf_in_flx yellow\" target=\"_blank\" rel=\"noopener\">\n                                                Plan de Atenci\u00f3n a la Diversidad                                        <\/a>\n                <\/div>\n            <\/div>\n<!-- \/module buttons -->\n<!-- module buttons -->\n<div  class=\"module module-buttons tb_p2lq142 buttons-horizontal solid  large circle buttons-fullwidth\" data-lazy=\"1\">\n        <div class=\"module-buttons-item tf_in_flx\">\n                        <a href=\"https:\/\/drive.google.com\/file\/d\/1S3nXKqTdXB5tOGZ7TBNOdAJJt3-GXP4n\/preview\" class=\"ui builder_button tf_in_flx green\" target=\"_blank\" rel=\"noopener\">\n                                                Criterios de evaluaci\u00f3n y promoci\u00f3n 23-24                                        <\/a>\n                <\/div>\n            <\/div>\n<!-- \/module buttons -->\n        <\/div>\n                    <div  data-lazy=\"1\" class=\"module_column sub_column col3-1 tb_9h2a142\">\n                    <!-- module buttons -->\n<div  class=\"module module-buttons tb_z73c142 buttons-horizontal solid  large circle buttons-fullwidth\" data-lazy=\"1\">\n        <div class=\"module-buttons-item tf_in_flx\">\n                        <a href=\"https:\/\/blogsaverroes.juntadeandalucia.es\/ceipramonycajal\/files\/2024\/02\/estamos-trabajando-contenidos-web2.jpg\" class=\"ui builder_button tf_in_flx red\" target=\"_blank\" rel=\"noopener\">\n                                                Proyecto de Gesti\u00f3n                                        <\/a>\n                <\/div>\n            <\/div>\n<!-- \/module buttons -->\n<!-- module buttons -->\n<div  class=\"module module-buttons tb_3wo4142 buttons-horizontal solid  large circle buttons-fullwidth\" data-lazy=\"1\">\n        <div class=\"module-buttons-item tf_in_flx\">\n                        <a href=\"https:\/\/blogsaverroes.juntadeandalucia.es\/ceipramonycajal\/files\/2024\/02\/estamos-trabajando-contenidos-web2.jpg\" class=\"ui builder_button tf_in_flx yellow\" target=\"_blank\" rel=\"noopener\">\n                                                Plan de Convivencia                                        <\/a>\n                <\/div>\n            <\/div>\n<!-- \/module buttons -->\n<!-- module buttons -->\n<div  class=\"module module-buttons tb_zfqe142 buttons-horizontal solid  large circle buttons-fullwidth\" data-lazy=\"1\">\n        <div class=\"module-buttons-item tf_in_flx\">\n                        <a href=\"https:\/\/blogsaverroes.juntadeandalucia.es\/ceipramonycajal\/files\/2024\/02\/estamos-trabajando-contenidos-web2.jpg\" class=\"ui builder_button tf_in_flx green\" target=\"_blank\" rel=\"noopener\">\n                                                Programaciones                                        <\/a>\n                <\/div>\n            <\/div>\n<!-- \/module buttons -->\n        <\/div>\n                    <div  data-lazy=\"1\" class=\"module_column sub_column col3-1 tb_7lo1142 last\">\n                    <!-- module buttons -->\n<div  class=\"module module-buttons tb_ggii142 buttons-horizontal solid  large circle buttons-fullwidth\" data-lazy=\"1\">\n        <div class=\"module-buttons-item tf_in_flx\">\n                        <a href=\"https:\/\/blogsaverroes.juntadeandalucia.es\/ceipramonycajal\/files\/2024\/02\/estamos-trabajando-contenidos-web2.jpg\" class=\"ui builder_button tf_in_flx red\" target=\"_blank\" rel=\"noopener\">\n                                                R.O.F.                                        <\/a>\n                <\/div>\n            <\/div>\n<!-- \/module buttons -->\n<!-- module buttons -->\n<div  class=\"module module-buttons tb_trl9142 buttons-horizontal solid  large circle buttons-fullwidth\" data-lazy=\"1\">\n        <div class=\"module-buttons-item tf_in_flx\">\n                        <a href=\"https:\/\/blogsaverroes.juntadeandalucia.es\/ceipramonycajal\/files\/2024\/02\/estamos-trabajando-contenidos-web2.jpg\" class=\"ui builder_button tf_in_flx yellow\" target=\"_blank\" rel=\"noopener\">\n                                                Plan de autoprotecci\u00f3n                                        <\/a>\n                <\/div>\n            <\/div>\n<!-- \/module buttons -->\n<!-- module buttons -->\n<div  class=\"module module-buttons tb_v99v142 buttons-horizontal solid  large circle buttons-fullwidth\" data-lazy=\"1\">\n        <div class=\"module-buttons-item tf_in_flx\">\n                        <a href=\"https:\/\/blogsaverroes.juntadeandalucia.es\/ceipramonycajal\/files\/2024\/02\/estamos-trabajando-contenidos-web2.jpg\" class=\"ui builder_button tf_in_flx green\" target=\"_blank\" rel=\"noopener\">\n                                                Estado de las cuentas                                        <\/a>\n                <\/div>\n            <\/div>\n<!-- \/module buttons -->\n        <\/div>\n                    <\/div>\n                <\/div>\n                        <\/div>\n        <\/div>\n        <\/div>\n<!--\/themify_builder_content-->","protected":false},"excerpt":{"rendered":"<p>Plan de centro 23-24 Criterios de evaluaci\u00f3n y promoci\u00f3n 23-24 Criterios de evaluaci\u00f3n infantil 24-25 Criterios de evaluaci\u00f3n lengua extranjera (ingl\u00e9s) 24-25 Proyecto Educativo Plan de Atenci\u00f3n a la Diversidad Criterios de evaluaci\u00f3n y promoci\u00f3n 23-24 Proyecto de Gesti\u00f3n Plan de Convivencia Programaciones R.O.F. Plan de autoprotecci\u00f3n Estado de las cuentas<\/p>\n","protected":false},"author":5333,"featured_media":0,"parent":0,"menu_order":0,"comment_status":"closed","ping_status":"closed","template":"","meta":{"ngg_post_thumbnail":0,"footnotes":""},"aioseo_notices":[],"_links":{"self":[{"href":"https:\/\/blogsaverroes.juntadeandalucia.es\/ceipramonycajal\/wp-json\/wp\/v2\/pages\/1077"}],"collection":[{"href":"https:\/\/blogsaverroes.juntadeandalucia.es\/ceipramonycajal\/wp-json\/wp\/v2\/pages"}],"about":[{"href":"https:\/\/blogsaverroes.juntadeandalucia.es\/ceipramonycajal\/wp-json\/wp\/v2\/types\/page"}],"author":[{"embeddable":true,"href":"https:\/\/blogsaverroes.juntadeandalucia.es\/ceipramonycajal\/wp-json\/wp\/v2\/users\/5333"}],"replies":[{"embeddable":true,"href":"https:\/\/blogsaverroes.juntadeandalucia.es\/ceipramonycajal\/wp-json\/wp\/v2\/comments?post=1077"}],"version-history":[{"count":12,"href":"https:\/\/blogsaverroes.juntadeandalucia.es\/ceipramonycajal\/wp-json\/wp\/v2\/pages\/1077\/revisions"}],"predecessor-version":[{"id":2131,"href":"https:\/\/blogsaverroes.juntadeandalucia.es\/ceipramonycajal\/wp-json\/wp\/v2\/pages\/1077\/revisions\/2131"}],"wp:attachment":[{"href":"https:\/\/blogsaverroes.juntadeandalucia.es\/ceipramonycajal\/wp-json\/wp\/v2\/media?parent=1077"}],"curies":[{"name":"wp","href":"https:\/\/api.w.org\/{rel}","templated":true}]}}