{"id":5164,"date":"2017-01-07T12:44:30","date_gmt":"2017-01-07T11:44:30","guid":{"rendered":"http:\/\/blogsaverroes.juntadeandalucia.es\/ceipreinafabiola\/?page_id=5164"},"modified":"2017-01-07T12:44:30","modified_gmt":"2017-01-07T11:44:30","slug":"plan-de-biblioteca-y-lectura","status":"publish","type":"page","link":"https:\/\/blogsaverroes.juntadeandalucia.es\/ceipreinafabiola\/plan-de-biblioteca-y-lectura\/","title":{"rendered":"Plan de Biblioteca y Lectura"},"content":{"rendered":"<p>[one_sixth]<span style=\"color: #ffffff\">.<\/span>[\/one_sixth]<div class='two_third'>\n\t\t\t\t\t<table style=\"border-color: #ffffff\">\n<tbody>\n<tr style=\"border-color: #ffffff\">\n<td style=\"border-color: #ffffff;vertical-align: top\">\n<p><div id=\"attachment_5167\" style=\"width: 151px\" class=\"wp-caption aligncenter\"><a href=\"https:\/\/drive.google.com\/a\/ceiprfabiola.es\/file\/d\/1tyEakKPJWtMBCtOWzUccxlMuSuDNXiOZ\/view?usp=sharing\" target=\"_blank\" rel=\"noopener noreferrer\"><img loading=\"lazy\" decoding=\"async\" aria-describedby=\"caption-attachment-5167\" class=\"wp-image-5167\" src=\"http:\/\/blogsaverroes.juntadeandalucia.es\/ceipreinafabiola\/files\/2017\/01\/Plan-de-Lectura-y-Biblioteca-211x300.jpg\" alt=\"Plan de Lectura y Biblioteca\" width=\"141\" height=\"200\" srcset=\"https:\/\/blogsaverroes.juntadeandalucia.es\/ceipreinafabiola\/files\/2017\/01\/Plan-de-Lectura-y-Biblioteca-211x300.jpg 211w, https:\/\/blogsaverroes.juntadeandalucia.es\/ceipreinafabiola\/files\/2017\/01\/Plan-de-Lectura-y-Biblioteca.jpg 266w\" sizes=\"(max-width: 141px) 100vw, 141px\" \/><\/a><p id=\"caption-attachment-5167\" class=\"wp-caption-text\">Plan de Biblioteca<\/p><\/div><\/td>\n<td style=\"border-color: #ffffff\">\n<p><div id=\"attachment_5165\" style=\"width: 210px\" class=\"wp-caption aligncenter\"><a href=\"https:\/\/bibliotecafabiola.wordpress.com\/\" target=\"_blank\" rel=\"noopener noreferrer\"><img loading=\"lazy\" decoding=\"async\" aria-describedby=\"caption-attachment-5165\" class=\"wp-image-5165\" src=\"http:\/\/blogsaverroes.juntadeandalucia.es\/ceipreinafabiola\/files\/2017\/01\/miniFabi.jpg\" alt=\"miniFabi\" width=\"200\" height=\"200\" srcset=\"https:\/\/blogsaverroes.juntadeandalucia.es\/ceipreinafabiola\/files\/2017\/01\/miniFabi.jpg 265w, https:\/\/blogsaverroes.juntadeandalucia.es\/ceipreinafabiola\/files\/2017\/01\/miniFabi-150x150.jpg 150w\" sizes=\"(max-width: 200px) 100vw, 200px\" \/><\/a><p id=\"caption-attachment-5165\" class=\"wp-caption-text\">Blog de Biblioteca<\/p><\/div><\/td>\n<\/tr>\n<\/tbody>\n<\/table>\n<p style=\"text-align: justify\">La Consejer\u00eda de Educaci\u00f3n&nbsp;pone en marcha el <strong>Plan de Lectura y Biblioteca<\/strong>, dirigido a los centros docentes andaluces de titularidad p\u00fablica, con el prop\u00f3sito de impulsar una serie de medidas que faciliten a los ni\u00f1os y ni\u00f1as el desarrollo de pr\u00e1cticas lectoras y habilidades intelectuales e incorporen el uso regular de la biblioteca escolar como recurso de apoyo para el aprendizaje permanente.<\/p>\n<p style=\"text-align: justify\"><b>Sus&nbsp;objetivos<\/b>&nbsp;<b>son:<\/b><\/p>\n<p style=\"text-align: justify\">1. Equilibrar el fondo.<a href=\"http:\/\/www.juntadeandalucia.es\/educacion\/webportal\/web\/lecturas-y-bibliotecas-escolares\" target=\"_blank\" rel=\"noopener noreferrer\"><img loading=\"lazy\" decoding=\"async\" class=\" alignright wp-image-5166\" src=\"http:\/\/blogsaverroes.juntadeandalucia.es\/ceipreinafabiola\/files\/2017\/01\/portal_lectura_y_bibliotecas_escolares-300x141.png\" alt=\"portal_lectura_y_bibliotecas_escolares\" width=\"185\" height=\"87\" srcset=\"https:\/\/blogsaverroes.juntadeandalucia.es\/ceipreinafabiola\/files\/2017\/01\/portal_lectura_y_bibliotecas_escolares-300x141.png 300w, https:\/\/blogsaverroes.juntadeandalucia.es\/ceipreinafabiola\/files\/2017\/01\/portal_lectura_y_bibliotecas_escolares.png 330w\" sizes=\"(max-width: 185px) 100vw, 185px\" \/><\/a><\/p>\n<ul style=\"text-align: justify\">\n<li>Catalogar todos los materiales de ciclos, aulas y biblioteca.<\/li>\n<li>Analizar los fondos existentes actualmente.<\/li>\n<li>Averiguar los intereses lectores de los usuarios.<\/li>\n<\/ul>\n<p style=\"text-align: justify\">2. Garantizar la disponibilidad de los documentos.<\/p>\n<ul style=\"text-align: justify\">\n<li>Gestionar todos los fondos con el programa Abies.<\/li>\n<li>Se\u00f1alizar los ejemplares con los tejuelos, c\u00f3digos de barras, sellos y signaturas.<\/li>\n<li>Organizar los espacios y zonas dentro de la biblioteca.<\/li>\n<li>Archivar trabajos elaborados por los alumnos y profesores y gestionarlos desde biblioteca.<\/li>\n<\/ul>\n<p style=\"text-align: justify\">3. Difundir los fondos y hacer que circulen por el centro educativo.<\/p>\n<ul style=\"text-align: justify\">\n<li>Organizar pr\u00e9stamos a las aulas.<\/li>\n<li>Difundir el cat\u00e1logo de la biblioteca.<\/li>\n<li>Se\u00f1alizar la biblioteca y los pasillos del centro para informar sobre novedades y actividades de la biblioteca.<\/li>\n<li>Elaborar gu\u00edas de lecturas.<\/li>\n<\/ul>\n<p style=\"text-align: justify\">4. Ampliar&nbsp;las posibilidades de uso pedag\u00f3gico de la biblioteca escolar.<\/p>\n<ul style=\"text-align: justify\">\n<li>Implicar en el&nbsp;&nbsp;proyecto a la comunidad educativa.<\/li>\n<li>Trabajar desde la biblioteca las efem\u00e9rides y celebraciones m\u00e1s&nbsp;importantes.<\/li>\n<li>Continuar con la dinamizaci\u00f3n de la biblioteca elaborando programas lectores de animaci\u00f3n.<\/li>\n<\/ul>\n<p style=\"text-align: justify\">5. Organizar todos aquellos recursos que dependan de la misma.<\/p>\n<p style=\"text-align: justify\">\n\t\t\t\t<\/div>[one_sixth_last][\/one_sixth_last]<\/p>\n","protected":false},"excerpt":{"rendered":"<p>[one_sixth].[\/one_sixth][one_sixth_last][\/one_sixth_last]<\/p>\n","protected":false},"author":4543,"featured_media":0,"parent":0,"menu_order":6,"comment_status":"closed","ping_status":"open","template":"page-c.php","meta":{"_et_pb_use_builder":"","_et_pb_old_content":"","_et_gb_content_width":"","ngg_post_thumbnail":0,"footnotes":""},"aioseo_notices":[],"_links":{"self":[{"href":"https:\/\/blogsaverroes.juntadeandalucia.es\/ceipreinafabiola\/wp-json\/wp\/v2\/pages\/5164"}],"collection":[{"href":"https:\/\/blogsaverroes.juntadeandalucia.es\/ceipreinafabiola\/wp-json\/wp\/v2\/pages"}],"about":[{"href":"https:\/\/blogsaverroes.juntadeandalucia.es\/ceipreinafabiola\/wp-json\/wp\/v2\/types\/page"}],"author":[{"embeddable":true,"href":"https:\/\/blogsaverroes.juntadeandalucia.es\/ceipreinafabiola\/wp-json\/wp\/v2\/users\/4543"}],"replies":[{"embeddable":true,"href":"https:\/\/blogsaverroes.juntadeandalucia.es\/ceipreinafabiola\/wp-json\/wp\/v2\/comments?post=5164"}],"version-history":[{"count":0,"href":"https:\/\/blogsaverroes.juntadeandalucia.es\/ceipreinafabiola\/wp-json\/wp\/v2\/pages\/5164\/revisions"}],"wp:attachment":[{"href":"https:\/\/blogsaverroes.juntadeandalucia.es\/ceipreinafabiola\/wp-json\/wp\/v2\/media?parent=5164"}],"curies":[{"name":"wp","href":"https:\/\/api.w.org\/{rel}","templated":true}]}}