{"id":198,"date":"2015-03-17T09:55:36","date_gmt":"2015-03-17T09:55:36","guid":{"rendered":"http:\/\/blogsaverroes.juntadeandalucia.es\/pre\/ceip\/?page_id=198"},"modified":"2024-07-22T09:45:20","modified_gmt":"2024-07-22T08:45:20","slug":"que-es-el-ampa","status":"publish","type":"page","link":"https:\/\/blogsaverroes.juntadeandalucia.es\/ceipreyescatolicos\/que-es-el-ampa\/","title":{"rendered":"\u00bfQu\u00e9 es el AMPA y c\u00f3mo participar en ella?"},"content":{"rendered":"<p style=\"text-align: left\"><img fetchpriority=\"high\" decoding=\"async\" class=\"size-medium wp-image-3496 alignleft\" src=\"https:\/\/blogsaverroes.juntadeandalucia.es\/ceipreyescatolicos\/files\/2023\/05\/Logo-AMPA-1-300x221.jpg\" alt=\"\" width=\"300\" height=\"221\" srcset=\"https:\/\/blogsaverroes.juntadeandalucia.es\/ceipreyescatolicos\/files\/2023\/05\/Logo-AMPA-1-300x221.jpg 300w, https:\/\/blogsaverroes.juntadeandalucia.es\/ceipreyescatolicos\/files\/2023\/05\/Logo-AMPA-1-1024x755.jpg 1024w, https:\/\/blogsaverroes.juntadeandalucia.es\/ceipreyescatolicos\/files\/2023\/05\/Logo-AMPA-1-150x111.jpg 150w, https:\/\/blogsaverroes.juntadeandalucia.es\/ceipreyescatolicos\/files\/2023\/05\/Logo-AMPA-1-768x566.jpg 768w, https:\/\/blogsaverroes.juntadeandalucia.es\/ceipreyescatolicos\/files\/2023\/05\/Logo-AMPA-1-1536x1133.jpg 1536w, https:\/\/blogsaverroes.juntadeandalucia.es\/ceipreyescatolicos\/files\/2023\/05\/Logo-AMPA-1-24x18.jpg 24w, https:\/\/blogsaverroes.juntadeandalucia.es\/ceipreyescatolicos\/files\/2023\/05\/Logo-AMPA-1-36x27.jpg 36w, https:\/\/blogsaverroes.juntadeandalucia.es\/ceipreyescatolicos\/files\/2023\/05\/Logo-AMPA-1-48x35.jpg 48w, https:\/\/blogsaverroes.juntadeandalucia.es\/ceipreyescatolicos\/files\/2023\/05\/Logo-AMPA-1.jpg 1600w\" sizes=\"(max-width: 300px) 100vw, 300px\" \/><\/p>\n<p>&nbsp;<\/p>\n<p>&nbsp;<\/p>\n<p style=\"text-align: left\">El <strong>AMPA<\/strong> es una asociaci\u00f3n sin \u00e1nimo de lucro que formada por los padres y madres de todo el alumnado del Colegio.<\/p>\n<p>Es un punto de encuentro y de trabajo independiente, abierto y plural.<\/p>\n<p>Desde el AMPA podemos contribuir a la mejora de la calidad de la educaci\u00f3n, la convivencia del centro y de las instalaciones.<\/p>\n<h3>\u00bfpor qu\u00e9 es importante vuestra participaci\u00f3n?<\/h3>\n<p>En el colegio existen espacios de participaci\u00f3n, siendo el AMPA &nbsp;el \u00fanico espacio de participaci\u00f3n aut\u00f3nomo de padres y madres. El AMPA es importante porque:<\/p>\n<ul>\n<li>Somos corresponsables de la educaci\u00f3n que nuestros hijos\/as reciben en el colegio.<\/li>\n<li>Es un espacio para aportar iniciativas y trabajar con la direcci\u00f3n del Centro, sin depender de esta.<\/li>\n<\/ul>\n<h3>\u00bfc\u00f3mo puedes participar?<\/h3>\n<p>Participar en el AMPA es muy f\u00e1cil y cada uno decide el nivel de implicaci\u00f3n.<\/p>\n<ul>\n<li>Podemos asociarnos en cualquier momento, aunque se entrega a las familias una ficha de inscripci\u00f3n con la matr\u00edcula en la que se indica la cuota anual por cada familia (la cuota es por familia no por ni\u00f1o\/a)<\/li>\n<li>Podemos tambi\u00e9n participar a trav\u00e9s de las asambleas, incorpor\u00e1ndote a las reuniones&nbsp;abiertas que se convoquen.<\/li>\n<li>Podemos colaborar en los diferentes grupos de trabajo o&nbsp;en actividades puntuales que se organizan desde el AMPA a lo largo del curso.<\/li>\n<li>Podemos proponer iniciativas, plantear temas de debate, organizar actividades, etc., &nbsp;dirigi\u00e9ndote a cualquier miembro de la junta directiva.<\/li>\n<\/ul>\n<p>Como ves, hay muchas formas de participar y es muy importante que m\u00e1s padres y madres pasemos a la participa-ACCI\u00d3N,&nbsp;&nbsp;de forma activa y colectiva.<\/p>\n<h3>\u00bfpara qu\u00e9 sirve?<\/h3>\n<ul>\n<li>Para defender y velar por el derecho a una educaci\u00f3n de calidad, democr\u00e1tica, atendiendo a las necesidades de todos los ni\u00f1os\/as &nbsp;y cr\u00edtica.<\/li>\n<li>Para promover la participaci\u00f3n de padres y madres en la vida del centro, defendiendo los intereses del alumnado y de toda la comunidad educativa.<\/li>\n<li>Para buscar soluciones de forma colectiva a temas relacionados con la ense\u00f1anza y educaci\u00f3n de nuestros hijos\/as.<\/li>\n<li>Para crear espacios de encuentro y trabajo en el resto de la comunidad educativa y con el entorno.<\/li>\n<li>Para crear espacios de reflexi\u00f3n y participaci\u00f3n compartida sobre la educaci\u00f3n de nuestros hijos\/as<br \/>\nPara participar en la gesti\u00f3n del colegio.<\/li>\n<\/ul>\n<p>&nbsp;<\/p>\n<p><strong>&nbsp;\u00bfQu\u00e9 ofrece el AMPA a las familias asociadas?<\/strong><br \/>\n\u2212 Subvenciones al alumnado para las actividades que organiza el colegio y la AMPA.<br \/>\n\u2212 Organizaci\u00f3n de actividades para madres, padres y alumnado.<br \/>\n\u2212 Descuentos en compra de libros de texto, libros de lectura, material escolar, etc.<br \/>\n\u2212 Asesoramiento y apoyo a las familias como Asociaci\u00f3n integrante en la Comunidad Escolar.<\/p>\n<p>&nbsp;<\/p>\n<h3>\u00bfc\u00f3mo se financia?<\/h3>\n<p>El AMPA &nbsp;se financia a trav\u00e9s de las cuotas de socios\/as.<br \/>\nLa cuota de socios\/as es el \u00fanico pago que realizan las familias y que gestiona el AMPA para el beneficio exclusivo de la comunidad educativa y en definitiva de la educaci\u00f3n que reciben&nbsp; nuestros hijos\/as en el centro.<\/p>\n<p>Descargarte en PDF la FICHA SOLICITUD INSCRIPCI\u00d3N AMPA 1812 REYES CAT\u00d3LICOS: <a href=\"https:\/\/blogsaverroes.juntadeandalucia.es\/ceipreyescatolicos\/files\/2024\/07\/Instrucciones_para_la_inscripcion_AMPA_curso_2024-2025.pdf\">Instrucciones_para_la_inscripcion_AMPA_curso_2024-2025<\/a><\/p>\n<p>&nbsp;<\/p>\n<p><strong>\u00bfc\u00f3mo contactar con el AMPA?<\/strong><\/p>\n<p>Correo Electronico:<a href=\"mailto:ampa1812rrcc@gmail.com\">ampa1812rrcc@gmail.com<\/a><\/p>\n<p>&nbsp;<\/p>\n<p>S\u00edguenos en nuestras redes:&nbsp;&nbsp; <a href=\"http:\/\/www.facebook.com\/AMPA1812ReyesCatolicos\">www.facebook.com\/AMPA1812ReyesCatolicos<\/a> &nbsp;<\/p>\n<p>&nbsp;&nbsp;&nbsp;&nbsp;&nbsp;&nbsp;&nbsp;&nbsp;&nbsp;&nbsp;&nbsp;&nbsp;&nbsp;&nbsp;&nbsp;&nbsp;&nbsp;&nbsp;&nbsp;&nbsp;&nbsp;&nbsp;&nbsp;&nbsp;&nbsp;&nbsp;&nbsp;&nbsp;&nbsp;&nbsp;&nbsp;&nbsp;&nbsp;&nbsp;&nbsp;&nbsp;&nbsp;&nbsp;&nbsp;&nbsp;&nbsp;&nbsp;&nbsp;&nbsp;&nbsp;&nbsp;&nbsp;&nbsp;&nbsp;&nbsp;&nbsp;&nbsp;&nbsp;&nbsp;&nbsp;&nbsp;&nbsp;&nbsp;&nbsp;&nbsp;&nbsp;&nbsp;&nbsp;&nbsp;&nbsp;&nbsp;&nbsp;&nbsp;&nbsp;&nbsp;&nbsp;<\/p>\n","protected":false},"excerpt":{"rendered":"<p>&nbsp; &nbsp; El AMPA es una asociaci\u00f3n sin \u00e1nimo de lucro que formada por los padres y madres de todo el alumnado del Colegio. Es un punto de encuentro y de trabajo independiente, abierto y plural. Desde el AMPA podemos&#46;&#46;&#46;<\/p>\n","protected":false},"author":1,"featured_media":3496,"parent":0,"menu_order":0,"comment_status":"open","ping_status":"open","template":"","meta":{"ngg_post_thumbnail":0,"footnotes":"","_mc_calendar":[]},"aioseo_notices":[],"_links":{"self":[{"href":"https:\/\/blogsaverroes.juntadeandalucia.es\/ceipreyescatolicos\/wp-json\/wp\/v2\/pages\/198"}],"collection":[{"href":"https:\/\/blogsaverroes.juntadeandalucia.es\/ceipreyescatolicos\/wp-json\/wp\/v2\/pages"}],"about":[{"href":"https:\/\/blogsaverroes.juntadeandalucia.es\/ceipreyescatolicos\/wp-json\/wp\/v2\/types\/page"}],"author":[{"embeddable":true,"href":"https:\/\/blogsaverroes.juntadeandalucia.es\/ceipreyescatolicos\/wp-json\/wp\/v2\/users\/1"}],"replies":[{"embeddable":true,"href":"https:\/\/blogsaverroes.juntadeandalucia.es\/ceipreyescatolicos\/wp-json\/wp\/v2\/comments?post=198"}],"version-history":[{"count":9,"href":"https:\/\/blogsaverroes.juntadeandalucia.es\/ceipreyescatolicos\/wp-json\/wp\/v2\/pages\/198\/revisions"}],"predecessor-version":[{"id":3806,"href":"https:\/\/blogsaverroes.juntadeandalucia.es\/ceipreyescatolicos\/wp-json\/wp\/v2\/pages\/198\/revisions\/3806"}],"wp:featuredmedia":[{"embeddable":true,"href":"https:\/\/blogsaverroes.juntadeandalucia.es\/ceipreyescatolicos\/wp-json\/wp\/v2\/media\/3496"}],"wp:attachment":[{"href":"https:\/\/blogsaverroes.juntadeandalucia.es\/ceipreyescatolicos\/wp-json\/wp\/v2\/media?parent=198"}],"curies":[{"name":"wp","href":"https:\/\/api.w.org\/{rel}","templated":true}]}}

¿Qué es el AMPA y cómo participar en ella?

<p style="text-align: left"><img fetchpriority="high" decoding="async" class="size-medium wp-image-3496 alignleft" src="https://blogsaverroes.juntadeandalucia.es/ceipreyescatolicos/files/2023/05/Logo-AMPA-1-300x221.jpg" alt="" width="300" height="221" srcset="https://blogsaverroes.juntadeandalucia.es/ceipreyescatolicos/files/2023/05/Logo-AMPA-1-300x221.jpg 300w, https://blogsaverroes.juntadeandalucia.es/ceipreyescatolicos/files/2023/05/Logo-AMPA-1-1024x755.jpg 1024w, https://blogsaverroes.juntadeandalucia.es/ceipreyescatolicos/files/2023/05/Logo-AMPA-1-150x111.jpg 150w, https://blogsaverroes.juntadeandalucia.es/ceipreyescatolicos/files/2023/05/Logo-AMPA-1-768x566.jpg 768w, https://blogsaverroes.juntadeandalucia.es/ceipreyescatolicos/files/2023/05/Logo-AMPA-1-1536x1133.jpg 1536w, https://blogsaverroes.juntadeandalucia.es/ceipreyescatolicos/files/2023/05/Logo-AMPA-1-24x18.jpg 24w, https://blogsaverroes.juntadeandalucia.es/ceipreyescatolicos/files/2023/05/Logo-AMPA-1-36x27.jpg 36w, https://blogsaverroes.juntadeandalucia.es/ceipreyescatolicos/files/2023/05/Logo-AMPA-1-48x35.jpg 48w, https://blogsaverroes.juntadeandalucia.es/ceipreyescatolicos/files/2023/05/Logo-AMPA-1.jpg 1600w" sizes="(max-width: 300px) 100vw, 300px" /></p>
<p>&nbsp;</p>
<p>&nbsp;</p>
<p style="text-align: left">El <strong>AMPA</strong> es una asociación sin ánimo de lucro que formada por los padres y madres de todo el alumnado del Colegio.</p>
<p>Es un punto de encuentro y de trabajo independiente, abierto y plural.</p>
<p>Desde el AMPA podemos contribuir a la mejora de la calidad de la educación, la convivencia del centro y de las instalaciones.</p>
<h3>¿por qué es importante vuestra participación?</h3>
<p>En el colegio existen espacios de participación, siendo el AMPA &nbsp;el único espacio de participación autónomo de padres y madres. El AMPA es importante porque:</p>
<ul>
<li>Somos corresponsables de la educación que nuestros hijos/as reciben en el colegio.</li>
<li>Es un espacio para aportar iniciativas y trabajar con la dirección del Centro, sin depender de esta.</li>
</ul>
<h3>¿cómo puedes participar?</h3>
<p>Participar en el AMPA es muy fácil y cada uno decide el nivel de implicación.</p>
<ul>
<li>Podemos asociarnos en cualquier momento, aunque se entrega a las familias una ficha de inscripción con la matrícula en la que se indica la cuota anual por cada familia (la cuota es por familia no por niño/a)</li>
<li>Podemos también participar a través de las asambleas, incorporándote a las reuniones&nbsp;abiertas que se convoquen.</li>
<li>Podemos colaborar en los diferentes grupos de trabajo o&nbsp;en actividades puntuales que se organizan desde el AMPA a lo largo del curso.</li>
<li>Podemos proponer iniciativas, plantear temas de debate, organizar actividades, etc., &nbsp;dirigiéndote a cualquier miembro de la junta directiva.</li>
</ul>
<p>Como ves, hay muchas formas de participar y es muy importante que más padres y madres pasemos a la participa-ACCIÓN,&nbsp;&nbsp;de forma activa y colectiva.</p>
<h3>¿para qué sirve?</h3>
<ul>
<li>Para defender y velar por el derecho a una educación de calidad, democrática, atendiendo a las necesidades de todos los niños/as &nbsp;y crítica.</li>
<li>Para promover la participación de padres y madres en la vida del centro, defendiendo los intereses del alumnado y de toda la comunidad educativa.</li>
<li>Para buscar soluciones de forma colectiva a temas relacionados con la enseñanza y educación de nuestros hijos/as.</li>
<li>Para crear espacios de encuentro y trabajo en el resto de la comunidad educativa y con el entorno.</li>
<li>Para crear espacios de reflexión y participación compartida sobre la educación de nuestros hijos/as<br />
Para participar en la gestión del colegio.</li>
</ul>
<p>&nbsp;</p>
<p><strong>&nbsp;¿Qué ofrece el AMPA a las familias asociadas?</strong><br />
− Subvenciones al alumnado para las actividades que organiza el colegio y la AMPA.<br />
− Organización de actividades para madres, padres y alumnado.<br />
− Descuentos en compra de libros de texto, libros de lectura, material escolar, etc.<br />
− Asesoramiento y apoyo a las familias como Asociación integrante en la Comunidad Escolar.</p>
<p>&nbsp;</p>
<h3>¿cómo se financia?</h3>
<p>El AMPA &nbsp;se financia a través de las cuotas de socios/as.<br />
La cuota de socios/as es el único pago que realizan las familias y que gestiona el AMPA para el beneficio exclusivo de la comunidad educativa y en definitiva de la educación que reciben&nbsp; nuestros hijos/as en el centro.</p>
<p>Descargarte en PDF la FICHA SOLICITUD INSCRIPCIÓN AMPA 1812 REYES CATÓLICOS: <a href="https://blogsaverroes.juntadeandalucia.es/ceipreyescatolicos/files/2024/07/Instrucciones_para_la_inscripcion_AMPA_curso_2024-2025.pdf">Instrucciones_para_la_inscripcion_AMPA_curso_2024-2025</a></p>
<p>&nbsp;</p>
<p><strong>¿cómo contactar con el AMPA?</strong></p>
<p>Correo Electronico:<a href="mailto:ampa1812rrcc@gmail.com">ampa1812rrcc@gmail.com</a></p>
<p>&nbsp;</p>
<p>Síguenos en nuestras redes:&nbsp;&nbsp; <a href="http://www.facebook.com/AMPA1812ReyesCatolicos">www.facebook.com/AMPA1812ReyesCatolicos</a> &nbsp;</p>
<p>&nbsp;&nbsp;&nbsp;&nbsp;&nbsp;&nbsp;&nbsp;&nbsp;&nbsp;&nbsp;&nbsp;&nbsp;&nbsp;&nbsp;&nbsp;&nbsp;&nbsp;&nbsp;&nbsp;&nbsp;&nbsp;&nbsp;&nbsp;&nbsp;&nbsp;&nbsp;&nbsp;&nbsp;&nbsp;&nbsp;&nbsp;&nbsp;&nbsp;&nbsp;&nbsp;&nbsp;&nbsp;&nbsp;&nbsp;&nbsp;&nbsp;&nbsp;&nbsp;&nbsp;&nbsp;&nbsp;&nbsp;&nbsp;&nbsp;&nbsp;&nbsp;&nbsp;&nbsp;&nbsp;&nbsp;&nbsp;&nbsp;&nbsp;&nbsp;&nbsp;&nbsp;&nbsp;&nbsp;&nbsp;&nbsp;&nbsp;&nbsp;&nbsp;&nbsp;&nbsp;&nbsp;</p>

<p>&nbsp; &nbsp; El AMPA es una asociación sin ánimo de lucro que formada por los padres y madres de todo el alumnado del Colegio. Es un punto de encuentro y de trabajo independiente, abierto y plural. Desde el AMPA podemos&#46;&#46;&#46;</p>
