{"id":2481,"date":"2021-04-29T11:08:59","date_gmt":"2021-04-29T10:08:59","guid":{"rendered":"https:\/\/blogsaverroes.juntadeandalucia.es\/ceipreyescatolicos\/?page_id=2481"},"modified":"2025-03-14T11:42:33","modified_gmt":"2025-03-14T10:42:33","slug":"proyecto-bilingue","status":"publish","type":"page","link":"https:\/\/blogsaverroes.juntadeandalucia.es\/ceipreyescatolicos\/proyecto-bilingue\/","title":{"rendered":"Proyecto Biling\u00fce &#8211; Pluriling\u00fce (Curso 2025\/2026)"},"content":{"rendered":"<p><strong><img decoding=\"async\" class=\"alignnone wp-image-2159 size-thumbnail\" src=\"https:\/\/blogsaverroes.juntadeandalucia.es\/ceipreyescatolicos\/files\/2019\/11\/biling\u00fae-frances-150x150.jpg\" alt=\"\" width=\"150\" height=\"150\" srcset=\"https:\/\/blogsaverroes.juntadeandalucia.es\/ceipreyescatolicos\/files\/2019\/11\/biling\u00fae-frances-150x150.jpg 150w, https:\/\/blogsaverroes.juntadeandalucia.es\/ceipreyescatolicos\/files\/2019\/11\/biling\u00fae-frances-100x100.jpg 100w, https:\/\/blogsaverroes.juntadeandalucia.es\/ceipreyescatolicos\/files\/2019\/11\/biling\u00fae-frances-160x160.jpg 160w, https:\/\/blogsaverroes.juntadeandalucia.es\/ceipreyescatolicos\/files\/2019\/11\/biling\u00fae-frances-24x24.jpg 24w, https:\/\/blogsaverroes.juntadeandalucia.es\/ceipreyescatolicos\/files\/2019\/11\/biling\u00fae-frances-36x36.jpg 36w, https:\/\/blogsaverroes.juntadeandalucia.es\/ceipreyescatolicos\/files\/2019\/11\/biling\u00fae-frances-48x48.jpg 48w, https:\/\/blogsaverroes.juntadeandalucia.es\/ceipreyescatolicos\/files\/2019\/11\/biling\u00fae-frances.jpg 225w\" sizes=\"(max-width: 150px) 100vw, 150px\" \/><\/strong><\/p>\n<p>&nbsp;<\/p>\n<p><strong>Proyecto Biling\u00fce<\/strong><\/p>\n<p>Nuestro centro se articula principalmente alrededor de su Proyecto Biling\u00fce, a trav\u00e9s del cual gira la mayor\u00eda de las actividades. Este proyecto nos ha dado a conocer y reconocer no solo en nuestra Comunidad Aut\u00f3noma a trav\u00e9s de diferentes reconocimientos, sino tambi\u00e9n, por el Ministerio Franc\u00e9s de Educaci\u00f3n por nuestro modelo de ense\u00f1anza de la francesa, como primera lengua extranjera.<\/p>\n<p>&nbsp;<\/p>\n<p>&nbsp;<\/p>\n<p><strong>Premio Buenas Pr\u00e1cticas Biling\u00fce 202\/2021<\/strong><\/p>\n<p>Video del reconocimiento:<\/p>\n<p><iframe title=\"Video Premio Buenas Pr\u00e1cticas Biling\u00fce 2020\/2021 CEIP Reyes Cat\u00f3licos\" width=\"500\" height=\"281\" src=\"https:\/\/www.youtube.com\/embed\/1SbO_8ueeDM?feature=oembed&#038;wmode=opaque\" frameborder=\"0\" allow=\"accelerometer; autoplay; clipboard-write; encrypted-media; gyroscope; picture-in-picture; web-share\" referrerpolicy=\"strict-origin-when-cross-origin\" allowfullscreen><\/iframe><\/p>\n<p>&nbsp;<\/p>\n","protected":false},"excerpt":{"rendered":"<p>&nbsp; Proyecto Biling\u00fce Nuestro centro se articula principalmente alrededor de su Proyecto Biling\u00fce, a trav\u00e9s del cual gira la mayor\u00eda de las actividades. Este proyecto nos ha dado a conocer y reconocer no solo en nuestra Comunidad Aut\u00f3noma a trav\u00e9s&#46;&#46;&#46;<\/p>\n","protected":false},"author":7641,"featured_media":2159,"parent":0,"menu_order":0,"comment_status":"closed","ping_status":"closed","template":"","meta":{"ngg_post_thumbnail":0,"footnotes":"","_mc_calendar":[]},"aioseo_notices":[],"_links":{"self":[{"href":"https:\/\/blogsaverroes.juntadeandalucia.es\/ceipreyescatolicos\/wp-json\/wp\/v2\/pages\/2481"}],"collection":[{"href":"https:\/\/blogsaverroes.juntadeandalucia.es\/ceipreyescatolicos\/wp-json\/wp\/v2\/pages"}],"about":[{"href":"https:\/\/blogsaverroes.juntadeandalucia.es\/ceipreyescatolicos\/wp-json\/wp\/v2\/types\/page"}],"author":[{"embeddable":true,"href":"https:\/\/blogsaverroes.juntadeandalucia.es\/ceipreyescatolicos\/wp-json\/wp\/v2\/users\/7641"}],"replies":[{"embeddable":true,"href":"https:\/\/blogsaverroes.juntadeandalucia.es\/ceipreyescatolicos\/wp-json\/wp\/v2\/comments?post=2481"}],"version-history":[{"count":8,"href":"https:\/\/blogsaverroes.juntadeandalucia.es\/ceipreyescatolicos\/wp-json\/wp\/v2\/pages\/2481\/revisions"}],"predecessor-version":[{"id":3974,"href":"https:\/\/blogsaverroes.juntadeandalucia.es\/ceipreyescatolicos\/wp-json\/wp\/v2\/pages\/2481\/revisions\/3974"}],"wp:featuredmedia":[{"embeddable":true,"href":"https:\/\/blogsaverroes.juntadeandalucia.es\/ceipreyescatolicos\/wp-json\/wp\/v2\/media\/2159"}],"wp:attachment":[{"href":"https:\/\/blogsaverroes.juntadeandalucia.es\/ceipreyescatolicos\/wp-json\/wp\/v2\/media?parent=2481"}],"curies":[{"name":"wp","href":"https:\/\/api.w.org\/{rel}","templated":true}]}}

Proyecto Bilingüe &#8211; Plurilingüe (Curso 2025/2026)

<p><strong><img decoding="async" class="alignnone wp-image-2159 size-thumbnail" src="https://blogsaverroes.juntadeandalucia.es/ceipreyescatolicos/files/2019/11/bilingúe-frances-150x150.jpg" alt="" width="150" height="150" srcset="https://blogsaverroes.juntadeandalucia.es/ceipreyescatolicos/files/2019/11/bilingúe-frances-150x150.jpg 150w, https://blogsaverroes.juntadeandalucia.es/ceipreyescatolicos/files/2019/11/bilingúe-frances-100x100.jpg 100w, https://blogsaverroes.juntadeandalucia.es/ceipreyescatolicos/files/2019/11/bilingúe-frances-160x160.jpg 160w, https://blogsaverroes.juntadeandalucia.es/ceipreyescatolicos/files/2019/11/bilingúe-frances-24x24.jpg 24w, https://blogsaverroes.juntadeandalucia.es/ceipreyescatolicos/files/2019/11/bilingúe-frances-36x36.jpg 36w, https://blogsaverroes.juntadeandalucia.es/ceipreyescatolicos/files/2019/11/bilingúe-frances-48x48.jpg 48w, https://blogsaverroes.juntadeandalucia.es/ceipreyescatolicos/files/2019/11/bilingúe-frances.jpg 225w" sizes="(max-width: 150px) 100vw, 150px" /></strong></p>
<p>&nbsp;</p>
<p><strong>Proyecto Bilingüe</strong></p>
<p>Nuestro centro se articula principalmente alrededor de su Proyecto Bilingüe, a través del cual gira la mayoría de las actividades. Este proyecto nos ha dado a conocer y reconocer no solo en nuestra Comunidad Autónoma a través de diferentes reconocimientos, sino también, por el Ministerio Francés de Educación por nuestro modelo de enseñanza de la francesa, como primera lengua extranjera.</p>
<p>&nbsp;</p>
<p>&nbsp;</p>
<p><strong>Premio Buenas Prácticas Bilingüe 202/2021</strong></p>
<p>Video del reconocimiento:</p>
<p><iframe title="Video Premio Buenas Prácticas Bilingüe 2020/2021 CEIP Reyes Católicos" width="500" height="281" src="https://www.youtube.com/embed/1SbO_8ueeDM?feature=oembed&#038;wmode=opaque" frameborder="0" allow="accelerometer; autoplay; clipboard-write; encrypted-media; gyroscope; picture-in-picture; web-share" referrerpolicy="strict-origin-when-cross-origin" allowfullscreen></iframe></p>
<p>&nbsp;</p>

<p>&nbsp; Proyecto Bilingüe Nuestro centro se articula principalmente alrededor de su Proyecto Bilingüe, a través del cual gira la mayoría de las actividades. Este proyecto nos ha dado a conocer y reconocer no solo en nuestra Comunidad Autónoma a través&#46;&#46;&#46;</p>
