{"id":2488,"date":"2021-04-29T11:05:50","date_gmt":"2021-04-29T10:05:50","guid":{"rendered":"https:\/\/blogsaverroes.juntadeandalucia.es\/ceipreyescatolicos\/?page_id=2488"},"modified":"2025-03-26T12:58:06","modified_gmt":"2025-03-26T11:58:06","slug":"comunica","status":"publish","type":"page","link":"https:\/\/blogsaverroes.juntadeandalucia.es\/ceipreyescatolicos\/comunica\/","title":{"rendered":"Programa CIMA &#8211; Promoci\u00f3n de h\u00e1bitos de vida saludable (HHVS)"},"content":{"rendered":"<p>El objetivo de este \u00e1mbito de conocimiento es desarrollar competencias en materia de promoci\u00f3n de la salud que faciliten la elecci\u00f3n y adopci\u00f3n de estilos de vida saludables, contribuyendo de esta manera al desarrollo integral del alumnado. En \u00e9l se integran las siguientes L\u00edneas de Actuaci\u00f3n para el curso 2024\/2025:&nbsp;&nbsp; &nbsp; &nbsp; <img decoding=\"async\" class=\"alignright wp-image-3988 \" src=\"https:\/\/blogsaverroes.juntadeandalucia.es\/ceipreyescatolicos\/files\/2025\/03\/logotipo-saludable.png\" alt=\"\" width=\"197\" height=\"238\" srcset=\"https:\/\/blogsaverroes.juntadeandalucia.es\/ceipreyescatolicos\/files\/2025\/03\/logotipo-saludable.png 285w, https:\/\/blogsaverroes.juntadeandalucia.es\/ceipreyescatolicos\/files\/2025\/03\/logotipo-saludable-249x300.png 249w, https:\/\/blogsaverroes.juntadeandalucia.es\/ceipreyescatolicos\/files\/2025\/03\/logotipo-saludable-124x150.png 124w\" sizes=\"(max-width: 197px) 100vw, 197px\" \/><\/p>\n<ol>\n<li>Educaci\u00f3n emocional.<\/li>\n<li>Alimentaci\u00f3n saludable.<\/li>\n<li>Actividad f\u00edsica y deporte.&nbsp;<\/li>\n<li>Sue\u00f1o saludable y autocuidado.<\/li>\n<li>Educaci\u00f3n vial.&nbsp; &nbsp; &nbsp; &nbsp;<\/li>\n<\/ol>\n<p>&nbsp;<\/p>\n<p>Conoce m\u00e1s informaci\u00f3n: <a href=\"https:\/\/eaprendizaje.ced.junta-andalucia.es\/promocion-de-habitos-de-vida-saludable\/\">https:\/\/eaprendizaje.ced.junta-andalucia.es\/promocion-de-habitos-de-vida-saludable\/<\/a><\/p>\n<p>&nbsp;<\/p>\n<p><span style=\"color: #ff0000\"><strong>Actividades que se realizan en el centro:<\/strong><\/span><\/p>\n<blockquote class=\"wp-embedded-content\" data-secret=\"rrVZ1gYAOm\"><p><a href=\"https:\/\/blogsaverroes.juntadeandalucia.es\/ceipreyescatolicos\/2025\/03\/26\/viernes-de-lacteos-programa-de-habitos-saludables\/\">Viernes de L\u00e1cteos &#8211; Programa de H\u00e1bitos Saludables<\/a><\/p><\/blockquote>\n<p><iframe class=\"wp-embedded-content\" sandbox=\"allow-scripts\" security=\"restricted\" style=\"position: absolute; clip: rect(1px, 1px, 1px, 1px);\" title=\"\u00abViernes de L\u00e1cteos &#8211; Programa de H\u00e1bitos Saludables\u00bb \u2014 \" src=\"https:\/\/blogsaverroes.juntadeandalucia.es\/ceipreyescatolicos\/2025\/03\/26\/viernes-de-lacteos-programa-de-habitos-saludables\/embed\/#?secret=YNZoLP6cRs#?secret=rrVZ1gYAOm\" data-secret=\"rrVZ1gYAOm\" width=\"500\" height=\"282\" frameborder=\"0\" marginwidth=\"0\" marginheight=\"0\" scrolling=\"no\"><\/iframe><\/p>\n<p>&nbsp;<\/p>\n<p>&nbsp;<\/p>\n","protected":false},"excerpt":{"rendered":"<p>El objetivo de este \u00e1mbito de conocimiento es desarrollar competencias en materia de promoci\u00f3n de la salud que faciliten la elecci\u00f3n y adopci\u00f3n de estilos de vida saludables, contribuyendo de esta manera al desarrollo integral del alumnado. En \u00e9l se&#46;&#46;&#46;<\/p>\n","protected":false},"author":7641,"featured_media":3988,"parent":0,"menu_order":0,"comment_status":"closed","ping_status":"closed","template":"","meta":{"ngg_post_thumbnail":0,"footnotes":"","_mc_calendar":[]},"aioseo_notices":[],"_links":{"self":[{"href":"https:\/\/blogsaverroes.juntadeandalucia.es\/ceipreyescatolicos\/wp-json\/wp\/v2\/pages\/2488"}],"collection":[{"href":"https:\/\/blogsaverroes.juntadeandalucia.es\/ceipreyescatolicos\/wp-json\/wp\/v2\/pages"}],"about":[{"href":"https:\/\/blogsaverroes.juntadeandalucia.es\/ceipreyescatolicos\/wp-json\/wp\/v2\/types\/page"}],"author":[{"embeddable":true,"href":"https:\/\/blogsaverroes.juntadeandalucia.es\/ceipreyescatolicos\/wp-json\/wp\/v2\/users\/7641"}],"replies":[{"embeddable":true,"href":"https:\/\/blogsaverroes.juntadeandalucia.es\/ceipreyescatolicos\/wp-json\/wp\/v2\/comments?post=2488"}],"version-history":[{"count":10,"href":"https:\/\/blogsaverroes.juntadeandalucia.es\/ceipreyescatolicos\/wp-json\/wp\/v2\/pages\/2488\/revisions"}],"predecessor-version":[{"id":3993,"href":"https:\/\/blogsaverroes.juntadeandalucia.es\/ceipreyescatolicos\/wp-json\/wp\/v2\/pages\/2488\/revisions\/3993"}],"wp:featuredmedia":[{"embeddable":true,"href":"https:\/\/blogsaverroes.juntadeandalucia.es\/ceipreyescatolicos\/wp-json\/wp\/v2\/media\/3988"}],"wp:attachment":[{"href":"https:\/\/blogsaverroes.juntadeandalucia.es\/ceipreyescatolicos\/wp-json\/wp\/v2\/media?parent=2488"}],"curies":[{"name":"wp","href":"https:\/\/api.w.org\/{rel}","templated":true}]}}

Programa CIMA &#8211; Promoción de hábitos de vida saludable (HHVS)

<p>El objetivo de este ámbito de conocimiento es desarrollar competencias en materia de promoción de la salud que faciliten la elección y adopción de estilos de vida saludables, contribuyendo de esta manera al desarrollo integral del alumnado. En él se integran las siguientes Líneas de Actuación para el curso 2024/2025:&nbsp;&nbsp; &nbsp; &nbsp; <img decoding="async" class="alignright wp-image-3988 " src="https://blogsaverroes.juntadeandalucia.es/ceipreyescatolicos/files/2025/03/logotipo-saludable.png" alt="" width="197" height="238" srcset="https://blogsaverroes.juntadeandalucia.es/ceipreyescatolicos/files/2025/03/logotipo-saludable.png 285w, https://blogsaverroes.juntadeandalucia.es/ceipreyescatolicos/files/2025/03/logotipo-saludable-249x300.png 249w, https://blogsaverroes.juntadeandalucia.es/ceipreyescatolicos/files/2025/03/logotipo-saludable-124x150.png 124w" sizes="(max-width: 197px) 100vw, 197px" /></p>
<ol>
<li>Educación emocional.</li>
<li>Alimentación saludable.</li>
<li>Actividad física y deporte.&nbsp;</li>
<li>Sueño saludable y autocuidado.</li>
<li>Educación vial.&nbsp; &nbsp; &nbsp; &nbsp;</li>
</ol>
<p>&nbsp;</p>
<p>Conoce más información: <a href="https://eaprendizaje.ced.junta-andalucia.es/promocion-de-habitos-de-vida-saludable/">https://eaprendizaje.ced.junta-andalucia.es/promocion-de-habitos-de-vida-saludable/</a></p>
<p>&nbsp;</p>
<p><span style="color: #ff0000"><strong>Actividades que se realizan en el centro:</strong></span></p>
<blockquote class="wp-embedded-content" data-secret="rrVZ1gYAOm"><p><a href="https://blogsaverroes.juntadeandalucia.es/ceipreyescatolicos/2025/03/26/viernes-de-lacteos-programa-de-habitos-saludables/">Viernes de Lácteos &#8211; Programa de Hábitos Saludables</a></p></blockquote>
<p><iframe class="wp-embedded-content" sandbox="allow-scripts" security="restricted" style="position: absolute; clip: rect(1px, 1px, 1px, 1px);" title="«Viernes de Lácteos &#8211; Programa de Hábitos Saludables» — " src="https://blogsaverroes.juntadeandalucia.es/ceipreyescatolicos/2025/03/26/viernes-de-lacteos-programa-de-habitos-saludables/embed/#?secret=YNZoLP6cRs#?secret=rrVZ1gYAOm" data-secret="rrVZ1gYAOm" width="500" height="282" frameborder="0" marginwidth="0" marginheight="0" scrolling="no"></iframe></p>
<p>&nbsp;</p>
<p>&nbsp;</p>

<p>El objetivo de este ámbito de conocimiento es desarrollar competencias en materia de promoción de la salud que faciliten la elección y adopción de estilos de vida saludables, contribuyendo de esta manera al desarrollo integral del alumnado. En él se&#46;&#46;&#46;</p>
