{"id":2533,"date":"2021-04-30T10:34:04","date_gmt":"2021-04-30T09:34:04","guid":{"rendered":"https:\/\/blogsaverroes.juntadeandalucia.es\/ceipreyescatolicos\/?page_id=2533"},"modified":"2026-04-07T07:37:47","modified_gmt":"2026-04-07T06:37:47","slug":"menus-escolares","status":"publish","type":"page","link":"https:\/\/blogsaverroes.juntadeandalucia.es\/ceipreyescatolicos\/menus-escolares\/","title":{"rendered":"Men\u00fas Escolares"},"content":{"rendered":"<h2><strong>Men\u00fas Escolares Curso 2025- 2026<\/strong><\/h2>\n<p>Con el fin de mejorar y simplificar el servicio de informaci\u00f3n de los men\u00fas, se ha decidido habilitar un enlace para que los usuarios puedan visualizar el men\u00fa todos los meses.<\/p>\n<p>Os recordamos que las incidencias de recibos \/notificaciones de faltas se gestionan a trav\u00e9s del mail: administracion.andalucia@mediterranea-group.com<\/p>\n<p>Los mails de notificaci\u00f3n de falta no se contestan, se env\u00eda una respuesta autom\u00e1tica para confirmar que el mail se ha recibido. El enlace en el que se encuentra nuestro men\u00fa es el siguiente:<\/p>\n<p><a href=\"https:\/\/drive.google.com\/drive\/folders\/17qaURePf8a9PKKZY3UYgDgzYl38Jgc4f\">https:\/\/drive.google.com\/drive\/folders\/17qaURePf8a9PKKZY3UYgDgzYl38Jgc4f<\/a><\/p>\n<p>&nbsp;<\/p>\n<hr \/>\n<p><span style=\"color: #ff0000\">MEN\u00daS ESCOLARES por fechas:<\/span><\/p>\n<blockquote class=\"wp-embedded-content\" data-secret=\"HDjb5gkMai\"><p><a href=\"https:\/\/blogsaverroes.juntadeandalucia.es\/ceipreyescatolicos\/2026\/04\/07\/menu-escolar-de-abril-y-recomendaciones-de-cena\/\">Men\u00fa escolar de abril y recomendaciones de cena<\/a><\/p><\/blockquote>\n<p><iframe class=\"wp-embedded-content\" sandbox=\"allow-scripts\" security=\"restricted\" style=\"position: absolute; clip: rect(1px, 1px, 1px, 1px);\" title=\"\u00abMen\u00fa escolar de abril y recomendaciones de cena\u00bb \u2014 \" src=\"https:\/\/blogsaverroes.juntadeandalucia.es\/ceipreyescatolicos\/2026\/04\/07\/menu-escolar-de-abril-y-recomendaciones-de-cena\/embed\/#?secret=8XVX26vGS8#?secret=HDjb5gkMai\" data-secret=\"HDjb5gkMai\" width=\"500\" height=\"282\" frameborder=\"0\" marginwidth=\"0\" marginheight=\"0\" scrolling=\"no\"><\/iframe><\/p>\n<p>&nbsp;<\/p>\n<blockquote class=\"wp-embedded-content\" data-secret=\"8tBYIsGFU0\"><p><a href=\"https:\/\/blogsaverroes.juntadeandalucia.es\/ceipreyescatolicos\/2026\/01\/26\/menu-escolar-del-26-al-30-de-enero\/\">Men\u00fa Escolar del 26 al 30 de enero<\/a><\/p><\/blockquote>\n<p><iframe class=\"wp-embedded-content\" sandbox=\"allow-scripts\" security=\"restricted\" style=\"position: absolute; clip: rect(1px, 1px, 1px, 1px);\" title=\"\u00abMen\u00fa Escolar del 26 al 30 de enero\u00bb \u2014 \" src=\"https:\/\/blogsaverroes.juntadeandalucia.es\/ceipreyescatolicos\/2026\/01\/26\/menu-escolar-del-26-al-30-de-enero\/embed\/#?secret=8lFc3t87q5#?secret=8tBYIsGFU0\" data-secret=\"8tBYIsGFU0\" width=\"500\" height=\"282\" frameborder=\"0\" marginwidth=\"0\" marginheight=\"0\" scrolling=\"no\"><\/iframe><\/p>\n<p>&nbsp;<\/p>\n<p>&nbsp;<\/p>\n<p>&nbsp;<\/p>\n<blockquote class=\"wp-embedded-content\" data-secret=\"nqwHWumMN8\"><p><a href=\"https:\/\/blogsaverroes.juntadeandalucia.es\/ceipreyescatolicos\/2025\/10\/02\/menu-comedor-escolar-octubre-2025\/\">Men\u00fa Comedor Escolar Octubre 2025<\/a><\/p><\/blockquote>\n<p><iframe class=\"wp-embedded-content\" sandbox=\"allow-scripts\" security=\"restricted\" style=\"position: absolute; clip: rect(1px, 1px, 1px, 1px);\" title=\"\u00abMen\u00fa Comedor Escolar Octubre 2025\u00bb \u2014 \" src=\"https:\/\/blogsaverroes.juntadeandalucia.es\/ceipreyescatolicos\/2025\/10\/02\/menu-comedor-escolar-octubre-2025\/embed\/#?secret=ExbCpeYFoz#?secret=nqwHWumMN8\" data-secret=\"nqwHWumMN8\" width=\"500\" height=\"282\" frameborder=\"0\" marginwidth=\"0\" marginheight=\"0\" scrolling=\"no\"><\/iframe><\/p>\n<p>&nbsp;<\/p>\n<p>&nbsp;<\/p>\n<blockquote class=\"wp-embedded-content\" data-secret=\"swmKvNas5I\"><p><a href=\"https:\/\/blogsaverroes.juntadeandalucia.es\/ceipreyescatolicos\/2025\/03\/21\/menu-escolar-y-recomendaciones-cena-del-3-al-31-de-marzo\/\">Men\u00fa Escolar y Recomendaciones cena del 3 al 31 de marzo<\/a><\/p><\/blockquote>\n<p><iframe class=\"wp-embedded-content\" sandbox=\"allow-scripts\" security=\"restricted\" style=\"position: absolute; clip: rect(1px, 1px, 1px, 1px);\" title=\"\u00abMen\u00fa Escolar y Recomendaciones cena del 3 al 31 de marzo\u00bb \u2014 \" src=\"https:\/\/blogsaverroes.juntadeandalucia.es\/ceipreyescatolicos\/2025\/03\/21\/menu-escolar-y-recomendaciones-cena-del-3-al-31-de-marzo\/embed\/#?secret=ETNXITM99Y#?secret=swmKvNas5I\" data-secret=\"swmKvNas5I\" width=\"500\" height=\"282\" frameborder=\"0\" marginwidth=\"0\" marginheight=\"0\" scrolling=\"no\"><\/iframe><\/p>\n<p>&nbsp;<\/p>\n<blockquote class=\"wp-embedded-content\" data-secret=\"478XFgsclJ\"><p><a href=\"https:\/\/blogsaverroes.juntadeandalucia.es\/ceipreyescatolicos\/2025\/02\/03\/menu-escolar-y-recomendaciones-cena-febrero-2025\/\">Men\u00fa Escolar febrero 2025<\/a><\/p><\/blockquote>\n<p><iframe class=\"wp-embedded-content\" sandbox=\"allow-scripts\" security=\"restricted\" style=\"position: absolute; clip: rect(1px, 1px, 1px, 1px);\" title=\"\u00abMen\u00fa Escolar febrero 2025\u00bb \u2014 \" src=\"https:\/\/blogsaverroes.juntadeandalucia.es\/ceipreyescatolicos\/2025\/02\/03\/menu-escolar-y-recomendaciones-cena-febrero-2025\/embed\/#?secret=KbORnRLyaG#?secret=478XFgsclJ\" data-secret=\"478XFgsclJ\" width=\"500\" height=\"282\" frameborder=\"0\" marginwidth=\"0\" marginheight=\"0\" scrolling=\"no\"><\/iframe><\/p>\n<p>&nbsp;<\/p>\n<p>&nbsp;<\/p>\n<blockquote class=\"wp-embedded-content\" data-secret=\"53JdmWxtxS\"><p><a href=\"https:\/\/blogsaverroes.juntadeandalucia.es\/ceipreyescatolicos\/2025\/01\/10\/menu-comedor-escolar-enero-2025\/\">Men\u00fa comedor escolar Enero 2025<\/a><\/p><\/blockquote>\n<p><iframe class=\"wp-embedded-content\" sandbox=\"allow-scripts\" security=\"restricted\" style=\"position: absolute; clip: rect(1px, 1px, 1px, 1px);\" title=\"\u00abMen\u00fa comedor escolar Enero 2025\u00bb \u2014 \" src=\"https:\/\/blogsaverroes.juntadeandalucia.es\/ceipreyescatolicos\/2025\/01\/10\/menu-comedor-escolar-enero-2025\/embed\/#?secret=s74oFudKgi#?secret=53JdmWxtxS\" data-secret=\"53JdmWxtxS\" width=\"500\" height=\"282\" frameborder=\"0\" marginwidth=\"0\" marginheight=\"0\" scrolling=\"no\"><\/iframe><\/p>\n<p>&nbsp;<\/p>\n<p>&nbsp;<\/p>\n<p>&nbsp;<\/p>\n<p>&nbsp;<\/p>\n<p>&nbsp;<\/p>\n<p>&nbsp;<\/p>\n","protected":false},"excerpt":{"rendered":"<p>Men\u00fas Escolares Curso 2025- 2026 Con el fin de mejorar y simplificar el servicio de informaci\u00f3n de los men\u00fas, se ha decidido habilitar un enlace para que los usuarios puedan visualizar el men\u00fa todos los meses. Os recordamos que las&#46;&#46;&#46;<\/p>\n","protected":false},"author":7641,"featured_media":2877,"parent":0,"menu_order":0,"comment_status":"closed","ping_status":"closed","template":"","meta":{"ngg_post_thumbnail":0,"footnotes":"","_mc_calendar":[]},"aioseo_notices":[],"_links":{"self":[{"href":"https:\/\/blogsaverroes.juntadeandalucia.es\/ceipreyescatolicos\/wp-json\/wp\/v2\/pages\/2533"}],"collection":[{"href":"https:\/\/blogsaverroes.juntadeandalucia.es\/ceipreyescatolicos\/wp-json\/wp\/v2\/pages"}],"about":[{"href":"https:\/\/blogsaverroes.juntadeandalucia.es\/ceipreyescatolicos\/wp-json\/wp\/v2\/types\/page"}],"author":[{"embeddable":true,"href":"https:\/\/blogsaverroes.juntadeandalucia.es\/ceipreyescatolicos\/wp-json\/wp\/v2\/users\/7641"}],"replies":[{"embeddable":true,"href":"https:\/\/blogsaverroes.juntadeandalucia.es\/ceipreyescatolicos\/wp-json\/wp\/v2\/comments?post=2533"}],"version-history":[{"count":36,"href":"https:\/\/blogsaverroes.juntadeandalucia.es\/ceipreyescatolicos\/wp-json\/wp\/v2\/pages\/2533\/revisions"}],"predecessor-version":[{"id":4487,"href":"https:\/\/blogsaverroes.juntadeandalucia.es\/ceipreyescatolicos\/wp-json\/wp\/v2\/pages\/2533\/revisions\/4487"}],"wp:featuredmedia":[{"embeddable":true,"href":"https:\/\/blogsaverroes.juntadeandalucia.es\/ceipreyescatolicos\/wp-json\/wp\/v2\/media\/2877"}],"wp:attachment":[{"href":"https:\/\/blogsaverroes.juntadeandalucia.es\/ceipreyescatolicos\/wp-json\/wp\/v2\/media?parent=2533"}],"curies":[{"name":"wp","href":"https:\/\/api.w.org\/{rel}","templated":true}]}}