{"id":2618,"date":"2021-05-20T15:29:07","date_gmt":"2021-05-20T14:29:07","guid":{"rendered":"https:\/\/blogsaverroes.juntadeandalucia.es\/ceipreyescatolicos\/?page_id=2618"},"modified":"2025-05-30T17:50:51","modified_gmt":"2025-05-30T16:50:51","slug":"academia-de-idiomas","status":"publish","type":"page","link":"https:\/\/blogsaverroes.juntadeandalucia.es\/ceipreyescatolicos\/academia-de-idiomas\/","title":{"rendered":"Academia Ingl\u00e9s"},"content":{"rendered":"<p><img fetchpriority=\"high\" decoding=\"async\" class=\"alignnone wp-image-4161 \" src=\"https:\/\/blogsaverroes.juntadeandalucia.es\/ceipreyescatolicos\/files\/2025\/05\/Ingles.png\" alt=\"\" width=\"646\" height=\"253\" srcset=\"https:\/\/blogsaverroes.juntadeandalucia.es\/ceipreyescatolicos\/files\/2025\/05\/Ingles.png 901w, https:\/\/blogsaverroes.juntadeandalucia.es\/ceipreyescatolicos\/files\/2025\/05\/Ingles-300x118.png 300w, https:\/\/blogsaverroes.juntadeandalucia.es\/ceipreyescatolicos\/files\/2025\/05\/Ingles-150x59.png 150w, https:\/\/blogsaverroes.juntadeandalucia.es\/ceipreyescatolicos\/files\/2025\/05\/Ingles-768x301.png 768w\" sizes=\"(max-width: 646px) 100vw, 646px\" \/><\/p>\n<p>Despu\u00e9s de una exitosa colaboraci\u00f3n el primer a\u00f1o de las clases de ingl\u00e9s entre Reyes Cat\u00f3licos y Select languages, nos complace anunciar la continuaci\u00f3n para el a\u00f1o acad\u00e9mico<br \/>\n2025\/2026.<\/p>\n<p>Reyes Cat\u00f3licos es un colegio pluriling\u00fce por lo que ayudamos con la escuela y preparamos los ex\u00e1menes de Cambridge.<\/p>\n<p>&nbsp;<\/p>\n<p><img decoding=\"async\" class=\"alignright wp-image-4166 \" src=\"https:\/\/blogsaverroes.juntadeandalucia.es\/ceipreyescatolicos\/files\/2025\/05\/Imagen-ingles-con-logos-683x1024.png\" alt=\"\" width=\"364\" height=\"546\"\/>Nos especializamos en clases para infantil y primaria, con clases din\u00e1micas y amenas, estrictamente separados por edad y nivel.<\/p>\n<ul>\n<li><strong>Educaci\u00f3n Infantil<\/strong>\n<ul>\n<li>del 2\u00ba ciclo 1\u00ba (3-4 a\u00f1os) \u2013 2\u00ba (4-5 a\u00f1os)<\/li>\n<\/ul>\n<\/li>\n<li><strong>Educaci\u00f3n Primaria<\/strong>\n<ul>\n<li>ciclo inicial, de los 6 a los 8 a\u00f1os<\/li>\n<li>ciclo medio, de los 8 a los 10 a\u00f1os<\/li>\n<li>ciclo superior, de los 10 a los 12 a\u00f1os<\/li>\n<\/ul>\n<\/li>\n<\/ul>\n<p>&nbsp;<\/p>\n<p>Nuestro <strong>objetivo principal es complementar la formaci\u00f3n acad\u00e9mica, promover el desarrollo personal y social de los estudiantes<\/strong>, y fomentar la participaci\u00f3n comunitaria.<\/p>\n<ul>\n<li>Abiertas a alumnos de otros centros.<\/li>\n<li>Inscripci\u00f3n y prueba de nivel gratis<\/li>\n<li>El horario es de 2 horas semanales, (entre las 16.00 \u2013 20.00) los lunes y los mi\u00e9rcoles o los martes y los jueves<\/li>\n<\/ul>\n<p>&nbsp;<\/p>\n<p><strong>Precios:<\/strong><\/p>\n<ul>\n<li>Miembros de la AMPA: &#8211; Trimestre 147\u20ac \/ Mes \u2013 60\u20ac<\/li>\n<li>No Miembros de AMPA &#8211; Trimestre 150\u20ac \/ Mes \u2013 60\u20ac<\/li>\n<li>Alumnado de otros colegios &#8211; Trimestre 160\u20ac \/ Mes \u2013 65\u20ac<\/li>\n<\/ul>\n<p>&nbsp;<\/p>\n<p>Ofertas y descuentos por familiares y materiales.<\/p>\n<p>&nbsp;<\/p>\n<p>Regalo por hacer la prescripci\u00f3n<\/p>\n<p>&nbsp;<\/p>\n<p>Para mas informaci\u00f3n: <a href=\"http:\/\/www.selectlanguages.com\">www.selectlanguages.com<\/a><\/p>\n<p>Tel\u00e9fono: 956 258 264<\/p>\n<p><img decoding=\"async\" class=\"alignnone wp-image-4163\" src=\"https:\/\/blogsaverroes.juntadeandalucia.es\/ceipreyescatolicos\/files\/2025\/05\/wasa-1-300x300.jpg\" alt=\"\" width=\"30\" height=\"30\" srcset=\"https:\/\/blogsaverroes.juntadeandalucia.es\/ceipreyescatolicos\/files\/2025\/05\/wasa-1-300x300.jpg 300w, https:\/\/blogsaverroes.juntadeandalucia.es\/ceipreyescatolicos\/files\/2025\/05\/wasa-1-150x150.jpg 150w, https:\/\/blogsaverroes.juntadeandalucia.es\/ceipreyescatolicos\/files\/2025\/05\/wasa-1-80x80.jpg 80w, https:\/\/blogsaverroes.juntadeandalucia.es\/ceipreyescatolicos\/files\/2025\/05\/wasa-1-320x320.jpg 320w, https:\/\/blogsaverroes.juntadeandalucia.es\/ceipreyescatolicos\/files\/2025\/05\/wasa-1.jpg 512w\" sizes=\"(max-width: 30px) 100vw, 30px\" \/> : 625904227<\/p>\n<p>Descarga toda la informaci\u00f3n en PDF: <a href=\"https:\/\/blogsaverroes.juntadeandalucia.es\/ceipreyescatolicos\/files\/2025\/05\/Colegio-Reyes-Catolicos-Ingles-2.pdf\">CEIP Reyes Cat\u00f3licos &#8211; Ingl\u00e9s <\/a><\/p>\n<p>Un saludo<\/p>\n","protected":false},"excerpt":{"rendered":"<p>Despu\u00e9s de una exitosa colaboraci\u00f3n el primer a\u00f1o de las clases de ingl\u00e9s entre Reyes Cat\u00f3licos y Select languages, nos complace anunciar la continuaci\u00f3n para el a\u00f1o acad\u00e9mico 2025\/2026. Reyes Cat\u00f3licos es un colegio pluriling\u00fce por lo que ayudamos con&#46;&#46;&#46;<\/p>\n","protected":false},"author":7641,"featured_media":4161,"parent":0,"menu_order":0,"comment_status":"closed","ping_status":"closed","template":"","meta":{"ngg_post_thumbnail":0,"footnotes":"","_mc_calendar":[]},"aioseo_notices":[],"_links":{"self":[{"href":"https:\/\/blogsaverroes.juntadeandalucia.es\/ceipreyescatolicos\/wp-json\/wp\/v2\/pages\/2618"}],"collection":[{"href":"https:\/\/blogsaverroes.juntadeandalucia.es\/ceipreyescatolicos\/wp-json\/wp\/v2\/pages"}],"about":[{"href":"https:\/\/blogsaverroes.juntadeandalucia.es\/ceipreyescatolicos\/wp-json\/wp\/v2\/types\/page"}],"author":[{"embeddable":true,"href":"https:\/\/blogsaverroes.juntadeandalucia.es\/ceipreyescatolicos\/wp-json\/wp\/v2\/users\/7641"}],"replies":[{"embeddable":true,"href":"https:\/\/blogsaverroes.juntadeandalucia.es\/ceipreyescatolicos\/wp-json\/wp\/v2\/comments?post=2618"}],"version-history":[{"count":30,"href":"https:\/\/blogsaverroes.juntadeandalucia.es\/ceipreyescatolicos\/wp-json\/wp\/v2\/pages\/2618\/revisions"}],"predecessor-version":[{"id":4192,"href":"https:\/\/blogsaverroes.juntadeandalucia.es\/ceipreyescatolicos\/wp-json\/wp\/v2\/pages\/2618\/revisions\/4192"}],"wp:featuredmedia":[{"embeddable":true,"href":"https:\/\/blogsaverroes.juntadeandalucia.es\/ceipreyescatolicos\/wp-json\/wp\/v2\/media\/4161"}],"wp:attachment":[{"href":"https:\/\/blogsaverroes.juntadeandalucia.es\/ceipreyescatolicos\/wp-json\/wp\/v2\/media?parent=2618"}],"curies":[{"name":"wp","href":"https:\/\/api.w.org\/{rel}","templated":true}]}}

Academia Inglés

<p><img fetchpriority="high" decoding="async" class="alignnone wp-image-4161 " src="https://blogsaverroes.juntadeandalucia.es/ceipreyescatolicos/files/2025/05/Ingles.png" alt="" width="646" height="253" srcset="https://blogsaverroes.juntadeandalucia.es/ceipreyescatolicos/files/2025/05/Ingles.png 901w, https://blogsaverroes.juntadeandalucia.es/ceipreyescatolicos/files/2025/05/Ingles-300x118.png 300w, https://blogsaverroes.juntadeandalucia.es/ceipreyescatolicos/files/2025/05/Ingles-150x59.png 150w, https://blogsaverroes.juntadeandalucia.es/ceipreyescatolicos/files/2025/05/Ingles-768x301.png 768w" sizes="(max-width: 646px) 100vw, 646px" /></p>
<p>Después de una exitosa colaboración el primer año de las clases de inglés entre Reyes Católicos y Select languages, nos complace anunciar la continuación para el año académico<br />
2025/2026.</p>
<p>Reyes Católicos es un colegio plurilingüe por lo que ayudamos con la escuela y preparamos los exámenes de Cambridge.</p>
<p>&nbsp;</p>
<p><img decoding="async" class="alignright wp-image-4166 " src="https://blogsaverroes.juntadeandalucia.es/ceipreyescatolicos/files/2025/05/Imagen-ingles-con-logos-683x1024.png" alt="" width="364" height="546"/>Nos especializamos en clases para infantil y primaria, con clases dinámicas y amenas, estrictamente separados por edad y nivel.</p>
<ul>
<li><strong>Educación Infantil</strong>
<ul>
<li>del 2º ciclo 1º (3-4 años) – 2º (4-5 años)</li>
</ul>
</li>
<li><strong>Educación Primaria</strong>
<ul>
<li>ciclo inicial, de los 6 a los 8 años</li>
<li>ciclo medio, de los 8 a los 10 años</li>
<li>ciclo superior, de los 10 a los 12 años</li>
</ul>
</li>
</ul>
<p>&nbsp;</p>
<p>Nuestro <strong>objetivo principal es complementar la formación académica, promover el desarrollo personal y social de los estudiantes</strong>, y fomentar la participación comunitaria.</p>
<ul>
<li>Abiertas a alumnos de otros centros.</li>
<li>Inscripción y prueba de nivel gratis</li>
<li>El horario es de 2 horas semanales, (entre las 16.00 – 20.00) los lunes y los miércoles o los martes y los jueves</li>
</ul>
<p>&nbsp;</p>
<p><strong>Precios:</strong></p>
<ul>
<li>Miembros de la AMPA: &#8211; Trimestre 147€ / Mes – 60€</li>
<li>No Miembros de AMPA &#8211; Trimestre 150€ / Mes – 60€</li>
<li>Alumnado de otros colegios &#8211; Trimestre 160€ / Mes – 65€</li>
</ul>
<p>&nbsp;</p>
<p>Ofertas y descuentos por familiares y materiales.</p>
<p>&nbsp;</p>
<p>Regalo por hacer la prescripción</p>
<p>&nbsp;</p>
<p>Para mas información: <a href="http://www.selectlanguages.com">www.selectlanguages.com</a></p>
<p>Teléfono: 956 258 264</p>
<p><img decoding="async" class="alignnone wp-image-4163" src="https://blogsaverroes.juntadeandalucia.es/ceipreyescatolicos/files/2025/05/wasa-1-300x300.jpg" alt="" width="30" height="30" srcset="https://blogsaverroes.juntadeandalucia.es/ceipreyescatolicos/files/2025/05/wasa-1-300x300.jpg 300w, https://blogsaverroes.juntadeandalucia.es/ceipreyescatolicos/files/2025/05/wasa-1-150x150.jpg 150w, https://blogsaverroes.juntadeandalucia.es/ceipreyescatolicos/files/2025/05/wasa-1-80x80.jpg 80w, https://blogsaverroes.juntadeandalucia.es/ceipreyescatolicos/files/2025/05/wasa-1-320x320.jpg 320w, https://blogsaverroes.juntadeandalucia.es/ceipreyescatolicos/files/2025/05/wasa-1.jpg 512w" sizes="(max-width: 30px) 100vw, 30px" /> : 625904227</p>
<p>Descarga toda la información en PDF: <a href="https://blogsaverroes.juntadeandalucia.es/ceipreyescatolicos/files/2025/05/Colegio-Reyes-Catolicos-Ingles-2.pdf">CEIP Reyes Católicos &#8211; Inglés </a></p>
<p>Un saludo</p>

<p>Después de una exitosa colaboración el primer año de las clases de inglés entre Reyes Católicos y Select languages, nos complace anunciar la continuación para el año académico 2025/2026. Reyes Católicos es un colegio plurilingüe por lo que ayudamos con&#46;&#46;&#46;</p>
