{"id":2779,"date":"2021-06-10T18:39:10","date_gmt":"2021-06-10T17:39:10","guid":{"rendered":"https:\/\/blogsaverroes.juntadeandalucia.es\/ceipreyescatolicos\/?page_id=2779"},"modified":"2021-06-10T18:39:10","modified_gmt":"2021-06-10T17:39:10","slug":"nuevo-ipasen","status":"publish","type":"page","link":"https:\/\/blogsaverroes.juntadeandalucia.es\/ceipreyescatolicos\/nuevo-ipasen\/","title":{"rendered":"Nuevo iPasen"},"content":{"rendered":"<h1 class=\"titulo\">Educaci\u00f3n moderniza la aplicaci\u00f3n iPASEN para mejorar la comunicaci\u00f3n entre las familias y los centros educativos andaluces<\/h1>\n<div class=\"contenido_detalle\">\n<div class=\"wrapper_fecha\">La Consejer\u00eda de Educaci\u00f3n y Deporte ha actualizado la aplicaci\u00f3n iPASEN, una herramienta que facilita el seguimiento educativo del alumnado y permite mantener una comunicaci\u00f3n m\u00e1s pr\u00e1ctica y fluida con la comunidad docente. Se trata de una nueva versi\u00f3n con un rendimiento mejorado que incide de forma primordial en la usabilidad y la experiencia del usuario, As\u00ed lo ha explicado el consejero Javier Imbroda durante la presentaci\u00f3n en Sevilla de la nueva versi\u00f3n de la aplicaci\u00f3n, que contar\u00e1 con una nueva pantalla de inicio que centraliza y articula de forma m\u00e1s \u00e1gil la navegaci\u00f3n y operaciones m\u00e1s frecuentes para los usuarios. Adem\u00e1s, dispone de un nuevo dise\u00f1o gr\u00e1fico m\u00e1s ameno e intuitivo, y sobre todo, est\u00e1 dise\u00f1ada para poder de forma m\u00e1s r\u00e1pida y f\u00e1cil evolucionar e incluir en la app nuevas demandas de las familias y los docentes para mejorar la relaci\u00f3n entre los padres y madres y los centros docentes. La nueva versi\u00f3n de iPASEN estar\u00e1 disponible el pr\u00f3ximo 7 de junio en la AppStore y GooglePlay.<\/div>\n<\/div>\n<div>&nbsp;<\/div>\n<div>&nbsp;<\/div>\n<p><iframe src=\"https:\/\/www.youtube.com\/embed\/oZAcWLRNFQ0\" width=\"560\" height=\"315\" frameborder=\"0\"><\/iframe><\/p>\n<p>&nbsp;<\/p>\n<p>&nbsp;<\/p>\n<p>Pincha para acceder a<a href=\"https:\/\/www.juntadeandalucia.es\/educacion\/portalseneca\/web\/pasen\/inicio\"> Pasen<\/a><\/p>\n<p>&nbsp;<\/p>\n","protected":false},"excerpt":{"rendered":"<p>Educaci\u00f3n moderniza la aplicaci\u00f3n iPASEN para mejorar la comunicaci\u00f3n entre las familias y los centros educativos andaluces La Consejer\u00eda de Educaci\u00f3n y Deporte ha actualizado la aplicaci\u00f3n iPASEN, una herramienta que facilita el seguimiento educativo del alumnado y permite mantener&#46;&#46;&#46;<\/p>\n","protected":false},"author":7641,"featured_media":0,"parent":0,"menu_order":0,"comment_status":"closed","ping_status":"closed","template":"","meta":{"ngg_post_thumbnail":0,"footnotes":"","_mc_calendar":[]},"aioseo_notices":[],"_links":{"self":[{"href":"https:\/\/blogsaverroes.juntadeandalucia.es\/ceipreyescatolicos\/wp-json\/wp\/v2\/pages\/2779"}],"collection":[{"href":"https:\/\/blogsaverroes.juntadeandalucia.es\/ceipreyescatolicos\/wp-json\/wp\/v2\/pages"}],"about":[{"href":"https:\/\/blogsaverroes.juntadeandalucia.es\/ceipreyescatolicos\/wp-json\/wp\/v2\/types\/page"}],"author":[{"embeddable":true,"href":"https:\/\/blogsaverroes.juntadeandalucia.es\/ceipreyescatolicos\/wp-json\/wp\/v2\/users\/7641"}],"replies":[{"embeddable":true,"href":"https:\/\/blogsaverroes.juntadeandalucia.es\/ceipreyescatolicos\/wp-json\/wp\/v2\/comments?post=2779"}],"version-history":[{"count":1,"href":"https:\/\/blogsaverroes.juntadeandalucia.es\/ceipreyescatolicos\/wp-json\/wp\/v2\/pages\/2779\/revisions"}],"predecessor-version":[{"id":2780,"href":"https:\/\/blogsaverroes.juntadeandalucia.es\/ceipreyescatolicos\/wp-json\/wp\/v2\/pages\/2779\/revisions\/2780"}],"wp:attachment":[{"href":"https:\/\/blogsaverroes.juntadeandalucia.es\/ceipreyescatolicos\/wp-json\/wp\/v2\/media?parent=2779"}],"curies":[{"name":"wp","href":"https:\/\/api.w.org\/{rel}","templated":true}]}}