{"id":2990,"date":"2021-12-07T10:47:33","date_gmt":"2021-12-07T09:47:33","guid":{"rendered":"https:\/\/blogsaverroes.juntadeandalucia.es\/ceipreyescatolicos\/?page_id=2990"},"modified":"2025-03-13T09:49:10","modified_gmt":"2025-03-13T08:49:10","slug":"actividades-de-igualdad-en-el-centro","status":"publish","type":"page","link":"https:\/\/blogsaverroes.juntadeandalucia.es\/ceipreyescatolicos\/actividades-de-igualdad-en-el-centro\/","title":{"rendered":"Actividades de Igualdad en el Centro"},"content":{"rendered":"<p>&nbsp;<\/p>\n<blockquote class=\"wp-embedded-content\" data-secret=\"aMqik7Rejx\"><p><a href=\"https:\/\/blogsaverroes.juntadeandalucia.es\/ceipreyescatolicos\/2025\/03\/13\/video-recopilatorio-de-todas-las-actividades-en-nuestro-colegio-con-motivo-del-diainternacionaldelamujer\/\">Video recopilatorio de todas las actividades en nuestro colegio con motivo del #D\u00edaInternacionalDeLaMujer.<\/a><\/p><\/blockquote>\n<p><iframe class=\"wp-embedded-content\" sandbox=\"allow-scripts\" security=\"restricted\" style=\"position: absolute; clip: rect(1px, 1px, 1px, 1px);\" title=\"\u00abVideo recopilatorio de todas las actividades en nuestro colegio con motivo del #D\u00edaInternacionalDeLaMujer.\u00bb \u2014 \" src=\"https:\/\/blogsaverroes.juntadeandalucia.es\/ceipreyescatolicos\/2025\/03\/13\/video-recopilatorio-de-todas-las-actividades-en-nuestro-colegio-con-motivo-del-diainternacionaldelamujer\/embed\/#?secret=cs9uiJfgjE#?secret=aMqik7Rejx\" data-secret=\"aMqik7Rejx\" width=\"500\" height=\"282\" frameborder=\"0\" marginwidth=\"0\" marginheight=\"0\" scrolling=\"no\"><\/iframe><\/p>\n<p>&nbsp;<\/p>\n<p>&nbsp;<\/p>\n<p>&nbsp;<\/p>\n<blockquote class=\"wp-embedded-content\" data-secret=\"OuSpdSD8PY\"><p><a href=\"https:\/\/blogsaverroes.juntadeandalucia.es\/ceipreyescatolicos\/2023\/12\/04\/podcast-igualdad-asociacion-aefam\/\">Podcast Igualdad &#8211; Asociaci\u00f3n AEFAM &#8211; 25 de Noviembre \u00abD\u00eda de la No Violencia de G\u00e9nero\u00bb<\/a><\/p><\/blockquote>\n<p><iframe class=\"wp-embedded-content\" sandbox=\"allow-scripts\" security=\"restricted\" style=\"position: absolute; clip: rect(1px, 1px, 1px, 1px);\" title=\"\u00abPodcast Igualdad &#8211; Asociaci\u00f3n AEFAM &#8211; 25 de Noviembre \u00abD\u00eda de la No Violencia de G\u00e9nero\u00bb\u00bb \u2014 \" src=\"https:\/\/blogsaverroes.juntadeandalucia.es\/ceipreyescatolicos\/2023\/12\/04\/podcast-igualdad-asociacion-aefam\/embed\/#?secret=tXT4aW5ofh#?secret=OuSpdSD8PY\" data-secret=\"OuSpdSD8PY\" width=\"500\" height=\"282\" frameborder=\"0\" marginwidth=\"0\" marginheight=\"0\" scrolling=\"no\"><\/iframe><\/p>\n<blockquote class=\"wp-embedded-content\" data-secret=\"A1Pt7x6UWW\"><p><a href=\"https:\/\/blogsaverroes.juntadeandalucia.es\/ceipreyescatolicos\/2021\/12\/07\/presentacion-guia-didactica-para-prevenir-la-violencia-de-genero-en-educacion-infantil-y-primaria\/\">Presentaci\u00f3n Gu\u00eda Did\u00e1ctica para prevenir la Violencia de G\u00e9nero en Educaci\u00f3n Infantil y Primaria.<\/a><\/p><\/blockquote>\n<p><iframe class=\"wp-embedded-content\" sandbox=\"allow-scripts\" security=\"restricted\" style=\"position: absolute; clip: rect(1px, 1px, 1px, 1px);\" title=\"\u00abPresentaci\u00f3n Gu\u00eda Did\u00e1ctica para prevenir la Violencia de G\u00e9nero en Educaci\u00f3n Infantil y Primaria.\u00bb \u2014 \" src=\"https:\/\/blogsaverroes.juntadeandalucia.es\/ceipreyescatolicos\/2021\/12\/07\/presentacion-guia-didactica-para-prevenir-la-violencia-de-genero-en-educacion-infantil-y-primaria\/embed\/#?secret=uji0FLpdY5#?secret=A1Pt7x6UWW\" data-secret=\"A1Pt7x6UWW\" width=\"500\" height=\"282\" frameborder=\"0\" marginwidth=\"0\" marginheight=\"0\" scrolling=\"no\"><\/iframe><\/p>\n<p>&nbsp;<\/p>\n<p>&nbsp;<\/p>\n<p>&nbsp;<\/p>\n<p>&nbsp;<\/p>\n<p>&nbsp;<\/p>\n<p>&nbsp;<\/p>\n<p>&nbsp;<\/p>\n","protected":false},"excerpt":{"rendered":"<p>&nbsp; Video recopilatorio de todas las actividades en nuestro colegio con motivo del #D\u00edaInternacionalDeLaMujer. &nbsp; &nbsp; &nbsp; Podcast Igualdad &#8211; Asociaci\u00f3n AEFAM &#8211; 25 de Noviembre \u00abD\u00eda de la No Violencia de G\u00e9nero\u00bb Presentaci\u00f3n Gu\u00eda Did\u00e1ctica para prevenir la Violencia&#46;&#46;&#46;<\/p>\n","protected":false},"author":7641,"featured_media":0,"parent":0,"menu_order":0,"comment_status":"closed","ping_status":"closed","template":"","meta":{"ngg_post_thumbnail":0,"footnotes":"","_mc_calendar":[]},"aioseo_notices":[],"_links":{"self":[{"href":"https:\/\/blogsaverroes.juntadeandalucia.es\/ceipreyescatolicos\/wp-json\/wp\/v2\/pages\/2990"}],"collection":[{"href":"https:\/\/blogsaverroes.juntadeandalucia.es\/ceipreyescatolicos\/wp-json\/wp\/v2\/pages"}],"about":[{"href":"https:\/\/blogsaverroes.juntadeandalucia.es\/ceipreyescatolicos\/wp-json\/wp\/v2\/types\/page"}],"author":[{"embeddable":true,"href":"https:\/\/blogsaverroes.juntadeandalucia.es\/ceipreyescatolicos\/wp-json\/wp\/v2\/users\/7641"}],"replies":[{"embeddable":true,"href":"https:\/\/blogsaverroes.juntadeandalucia.es\/ceipreyescatolicos\/wp-json\/wp\/v2\/comments?post=2990"}],"version-history":[{"count":4,"href":"https:\/\/blogsaverroes.juntadeandalucia.es\/ceipreyescatolicos\/wp-json\/wp\/v2\/pages\/2990\/revisions"}],"predecessor-version":[{"id":3970,"href":"https:\/\/blogsaverroes.juntadeandalucia.es\/ceipreyescatolicos\/wp-json\/wp\/v2\/pages\/2990\/revisions\/3970"}],"wp:attachment":[{"href":"https:\/\/blogsaverroes.juntadeandalucia.es\/ceipreyescatolicos\/wp-json\/wp\/v2\/media?parent=2990"}],"curies":[{"name":"wp","href":"https:\/\/api.w.org\/{rel}","templated":true}]}}

<p>&nbsp;</p>
<blockquote class="wp-embedded-content" data-secret="aMqik7Rejx"><p><a href="https://blogsaverroes.juntadeandalucia.es/ceipreyescatolicos/2025/03/13/video-recopilatorio-de-todas-las-actividades-en-nuestro-colegio-con-motivo-del-diainternacionaldelamujer/">Video recopilatorio de todas las actividades en nuestro colegio con motivo del #DíaInternacionalDeLaMujer.</a></p></blockquote>
<p><iframe class="wp-embedded-content" sandbox="allow-scripts" security="restricted" style="position: absolute; clip: rect(1px, 1px, 1px, 1px);" title="«Video recopilatorio de todas las actividades en nuestro colegio con motivo del #DíaInternacionalDeLaMujer.» — " src="https://blogsaverroes.juntadeandalucia.es/ceipreyescatolicos/2025/03/13/video-recopilatorio-de-todas-las-actividades-en-nuestro-colegio-con-motivo-del-diainternacionaldelamujer/embed/#?secret=cs9uiJfgjE#?secret=aMqik7Rejx" data-secret="aMqik7Rejx" width="500" height="282" frameborder="0" marginwidth="0" marginheight="0" scrolling="no"></iframe></p>
<p>&nbsp;</p>
<p>&nbsp;</p>
<p>&nbsp;</p>
<blockquote class="wp-embedded-content" data-secret="OuSpdSD8PY"><p><a href="https://blogsaverroes.juntadeandalucia.es/ceipreyescatolicos/2023/12/04/podcast-igualdad-asociacion-aefam/">Podcast Igualdad &#8211; Asociación AEFAM &#8211; 25 de Noviembre «Día de la No Violencia de Género»</a></p></blockquote>
<p><iframe class="wp-embedded-content" sandbox="allow-scripts" security="restricted" style="position: absolute; clip: rect(1px, 1px, 1px, 1px);" title="«Podcast Igualdad &#8211; Asociación AEFAM &#8211; 25 de Noviembre «Día de la No Violencia de Género»» — " src="https://blogsaverroes.juntadeandalucia.es/ceipreyescatolicos/2023/12/04/podcast-igualdad-asociacion-aefam/embed/#?secret=tXT4aW5ofh#?secret=OuSpdSD8PY" data-secret="OuSpdSD8PY" width="500" height="282" frameborder="0" marginwidth="0" marginheight="0" scrolling="no"></iframe></p>
<blockquote class="wp-embedded-content" data-secret="A1Pt7x6UWW"><p><a href="https://blogsaverroes.juntadeandalucia.es/ceipreyescatolicos/2021/12/07/presentacion-guia-didactica-para-prevenir-la-violencia-de-genero-en-educacion-infantil-y-primaria/">Presentación Guía Didáctica para prevenir la Violencia de Género en Educación Infantil y Primaria.</a></p></blockquote>
<p><iframe class="wp-embedded-content" sandbox="allow-scripts" security="restricted" style="position: absolute; clip: rect(1px, 1px, 1px, 1px);" title="«Presentación Guía Didáctica para prevenir la Violencia de Género en Educación Infantil y Primaria.» — " src="https://blogsaverroes.juntadeandalucia.es/ceipreyescatolicos/2021/12/07/presentacion-guia-didactica-para-prevenir-la-violencia-de-genero-en-educacion-infantil-y-primaria/embed/#?secret=uji0FLpdY5#?secret=A1Pt7x6UWW" data-secret="A1Pt7x6UWW" width="500" height="282" frameborder="0" marginwidth="0" marginheight="0" scrolling="no"></iframe></p>
<p>&nbsp;</p>
<p>&nbsp;</p>
<p>&nbsp;</p>
<p>&nbsp;</p>
<p>&nbsp;</p>
<p>&nbsp;</p>
<p>&nbsp;</p>

<p>&nbsp; Video recopilatorio de todas las actividades en nuestro colegio con motivo del #DíaInternacionalDeLaMujer. &nbsp; &nbsp; &nbsp; Podcast Igualdad &#8211; Asociación AEFAM &#8211; 25 de Noviembre «Día de la No Violencia de Género» Presentación Guía Didáctica para prevenir la Violencia&#46;&#46;&#46;</p>
