{"id":35,"date":"2015-03-13T08:21:43","date_gmt":"2015-03-13T08:21:43","guid":{"rendered":"http:\/\/blogsaverroes.juntadeandalucia.es\/pre\/ceip\/?page_id=35"},"modified":"2022-04-04T18:12:23","modified_gmt":"2022-04-04T17:12:23","slug":"el-centro-2","status":"publish","type":"page","link":"https:\/\/blogsaverroes.juntadeandalucia.es\/ceipreyescatolicos\/el-centro-2\/","title":{"rendered":"Datos del centro"},"content":{"rendered":"<h4>Datos de contacto<\/h4>\n<p>CEIP Reyes Cat\u00f3licos<\/p>\n<ul style=\"list-style-type: square\">\n<li><strong>Direcci\u00f3n:<\/strong>&nbsp; Avenida Ana de Viya 36,<\/li>\n<li><strong>C.P.:<\/strong> 11009<\/li>\n<li><strong>Tel\u00e9fono: <\/strong>956 243 143<\/li>\n<li><strong>Email:<\/strong> 11001099.edu@juntadeandalucia.es<\/li>\n<\/ul>\n<p><iframe src=\"https:\/\/www.google.com\/maps\/embed?pb=!1m18!1m12!1m3!1d3206.8238962712285!2d-6.281561484255916!3d36.51011288000935!2m3!1f0!2f0!3f0!3m2!1i1024!2i768!4f13.1!3m3!1m2!1s0xd0dd235444e9551%3A0x4eb3a2922696a42b!2sReyes%20Cat%C3%B3licos!5e0!3m2!1ses!2ses!4v1616761112369!5m2!1ses!2ses\" width=\"600\" height=\"450\"><\/iframe><\/p>\n<h4><strong>Horarios<\/strong><\/h4>\n<ul>\n<li>Aula Matinal: 7:30 a 9:00 horas<\/li>\n<li>Horario Lectivo: 9:00 a 14:00 horas<\/li>\n<li>Comedor Escolar: 14:00 a 16:00 horas<\/li>\n<li>Actividades Extraescolares: 16:00 a 18:00 horas<\/li>\n<\/ul>\n<h4><strong>Oferta educativa<\/strong><\/h4>\n<p>Somos un centro de dos l\u00edneas Biling\u00fce Franc\u00e9s.<\/p>\n<p>Impartimos las etapas de Educaci\u00f3n Infantil (de 3 a 5 a\u00f1os) y de Primaria (de 6 a 11 a\u00f1os).<\/p>\n<p>Somos un centro reconocido por nuestro gran trabajo en biling\u00fcismo por el que no han dado diferentes reconocimientos, entre ellos, hemos sido el primer centro educativo de Espa\u00f1a de Ed.&nbsp; Primaria en ser reconocido con el sello LABEL FRNC\u00c9 EDUCATION, que otorga el Ministerio de Educaci\u00f3n de Francia. En el curso 2019\/2020 hemos sido galardonados con el segundo Premio de Buenas Pr\u00e1cticas Biling\u00fces por la Consejer\u00eda de Educaci\u00f3n.<\/p>\n<p>En estos \u00faltimos a\u00f1os hemos apostado de manera considerable por el cuidado personal en todos sus \u00e1mbitos, emocional, f\u00edsico y mental. Estamos realizando un gran trabajo a trav\u00e9s del programa \u201cCreciendo en Salud\u201d, siendo premiados en el 2019 por la Fundaci\u00f3n Casen.<\/p>\n<p>El trabajo de este centro respecto a igualdad y respeto del igual est\u00e1 anclado en su funcionamiento m\u00e1s profundo. El alumnado normaliza este trabajo y lo integra en su d\u00eda a d\u00eda.<\/p>\n<p>Conseguir una convivencia en Positivo es una de nuestras premisa, ya que es el camino para conseguir un clima adecuado de ense\u00f1anza \u2013 aprendizaje.<\/p>\n<p><strong>Como somos:<\/strong><\/p>\n<p><iframe title=\"Como somos CEIP Reyes Cat\u00f3licos\" width=\"500\" height=\"281\" src=\"https:\/\/www.youtube.com\/embed\/ED2K4l66OA8?feature=oembed&#038;wmode=opaque\" frameborder=\"0\" allow=\"accelerometer; autoplay; clipboard-write; encrypted-media; gyroscope; picture-in-picture; web-share\" referrerpolicy=\"strict-origin-when-cross-origin\" allowfullscreen><\/iframe><\/p>\n<p>&nbsp;<\/p>\n<h4>Instalaciones<\/h4>\n<p><iframe title=\"Conoce nuestras Instalaciones\" width=\"500\" height=\"281\" src=\"https:\/\/www.youtube.com\/embed\/BSj5hlSqT9Y?feature=oembed&#038;wmode=opaque\" frameborder=\"0\" allow=\"accelerometer; autoplay; clipboard-write; encrypted-media; gyroscope; picture-in-picture; web-share\" referrerpolicy=\"strict-origin-when-cross-origin\" allowfullscreen><\/iframe><\/p>\n<p>&nbsp;<\/p>\n","protected":false},"excerpt":{"rendered":"<p>Datos de contacto CEIP Reyes Cat\u00f3licos Direcci\u00f3n:&nbsp; Avenida Ana de Viya 36, C.P.: 11009 Tel\u00e9fono: 956 243 143 Email: 11001099.edu@juntadeandalucia.es Horarios Aula Matinal: 7:30 a 9:00 horas Horario Lectivo: 9:00 a 14:00 horas Comedor Escolar: 14:00 a 16:00 horas Actividades&#46;&#46;&#46;<\/p>\n","protected":false},"author":1,"featured_media":0,"parent":0,"menu_order":0,"comment_status":"open","ping_status":"open","template":"","meta":{"ngg_post_thumbnail":0,"footnotes":"","_mc_calendar":[]},"aioseo_notices":[],"_links":{"self":[{"href":"https:\/\/blogsaverroes.juntadeandalucia.es\/ceipreyescatolicos\/wp-json\/wp\/v2\/pages\/35"}],"collection":[{"href":"https:\/\/blogsaverroes.juntadeandalucia.es\/ceipreyescatolicos\/wp-json\/wp\/v2\/pages"}],"about":[{"href":"https:\/\/blogsaverroes.juntadeandalucia.es\/ceipreyescatolicos\/wp-json\/wp\/v2\/types\/page"}],"author":[{"embeddable":true,"href":"https:\/\/blogsaverroes.juntadeandalucia.es\/ceipreyescatolicos\/wp-json\/wp\/v2\/users\/1"}],"replies":[{"embeddable":true,"href":"https:\/\/blogsaverroes.juntadeandalucia.es\/ceipreyescatolicos\/wp-json\/wp\/v2\/comments?post=35"}],"version-history":[{"count":39,"href":"https:\/\/blogsaverroes.juntadeandalucia.es\/ceipreyescatolicos\/wp-json\/wp\/v2\/pages\/35\/revisions"}],"predecessor-version":[{"id":3152,"href":"https:\/\/blogsaverroes.juntadeandalucia.es\/ceipreyescatolicos\/wp-json\/wp\/v2\/pages\/35\/revisions\/3152"}],"wp:attachment":[{"href":"https:\/\/blogsaverroes.juntadeandalucia.es\/ceipreyescatolicos\/wp-json\/wp\/v2\/media?parent=35"}],"curies":[{"name":"wp","href":"https:\/\/api.w.org\/{rel}","templated":true}]}}