{"id":42,"date":"2015-03-13T08:40:47","date_gmt":"2015-03-13T08:40:47","guid":{"rendered":"http:\/\/blogsaverroes.juntadeandalucia.es\/pre\/ceip\/?page_id=42"},"modified":"2021-04-22T13:01:28","modified_gmt":"2021-04-22T12:01:28","slug":"equipo-directivo","status":"publish","type":"page","link":"https:\/\/blogsaverroes.juntadeandalucia.es\/ceipreyescatolicos\/equipo-directivo\/","title":{"rendered":"Equipo Directivo"},"content":{"rendered":"<p><span style=\"color: #0000ff\"><strong>EQUIPO DIRECTIVO<\/strong><\/span><\/p>\n<p><strong>Director:<\/strong> Alberto Rom\u00e1n Declara&nbsp;<\/p>\n<ul>\n<li>Especialista de Ed. Infantil y Primaria<\/li>\n<\/ul>\n<p><strong>Jefa de Estudios:<\/strong> Benita Pi\u00f1ero Romero<\/p>\n<ul>\n<li>Especialista de Pedagog\u00eda Terap\u00e9utica, Primaria Biling\u00fce y Ed. F\u00edsica.<\/li>\n<\/ul>\n<p><strong>Secretaria:<\/strong> Esther Di\u00e1nez Gonz\u00e1lez<\/p>\n<ul>\n<li>Especialista de Primaria, M\u00fasica y Pedagog\u00eda Terap\u00e9utica<\/li>\n<\/ul>\n","protected":false},"excerpt":{"rendered":"<p>EQUIPO DIRECTIVO Director: Alberto Rom\u00e1n Declara&nbsp; Especialista de Ed. Infantil y Primaria Jefa de Estudios: Benita Pi\u00f1ero Romero Especialista de Pedagog\u00eda Terap\u00e9utica, Primaria Biling\u00fce y Ed. F\u00edsica. Secretaria: Esther Di\u00e1nez Gonz\u00e1lez Especialista de Primaria, M\u00fasica y Pedagog\u00eda Terap\u00e9utica<\/p>\n","protected":false},"author":1,"featured_media":0,"parent":0,"menu_order":0,"comment_status":"open","ping_status":"open","template":"","meta":{"ngg_post_thumbnail":0,"footnotes":"","_mc_calendar":[]},"aioseo_notices":[],"_links":{"self":[{"href":"https:\/\/blogsaverroes.juntadeandalucia.es\/ceipreyescatolicos\/wp-json\/wp\/v2\/pages\/42"}],"collection":[{"href":"https:\/\/blogsaverroes.juntadeandalucia.es\/ceipreyescatolicos\/wp-json\/wp\/v2\/pages"}],"about":[{"href":"https:\/\/blogsaverroes.juntadeandalucia.es\/ceipreyescatolicos\/wp-json\/wp\/v2\/types\/page"}],"author":[{"embeddable":true,"href":"https:\/\/blogsaverroes.juntadeandalucia.es\/ceipreyescatolicos\/wp-json\/wp\/v2\/users\/1"}],"replies":[{"embeddable":true,"href":"https:\/\/blogsaverroes.juntadeandalucia.es\/ceipreyescatolicos\/wp-json\/wp\/v2\/comments?post=42"}],"version-history":[{"count":8,"href":"https:\/\/blogsaverroes.juntadeandalucia.es\/ceipreyescatolicos\/wp-json\/wp\/v2\/pages\/42\/revisions"}],"predecessor-version":[{"id":2431,"href":"https:\/\/blogsaverroes.juntadeandalucia.es\/ceipreyescatolicos\/wp-json\/wp\/v2\/pages\/42\/revisions\/2431"}],"wp:attachment":[{"href":"https:\/\/blogsaverroes.juntadeandalucia.es\/ceipreyescatolicos\/wp-json\/wp\/v2\/media?parent=42"}],"curies":[{"name":"wp","href":"https:\/\/api.w.org\/{rel}","templated":true}]}}