{"id":4382,"date":"2025-12-01T19:57:10","date_gmt":"2025-12-01T18:57:10","guid":{"rendered":"https:\/\/blogsaverroes.juntadeandalucia.es\/ceipreyescatolicos\/?page_id=4382"},"modified":"2025-12-01T19:57:10","modified_gmt":"2025-12-01T18:57:10","slug":"podcast-educativos","status":"publish","type":"page","link":"https:\/\/blogsaverroes.juntadeandalucia.es\/ceipreyescatolicos\/podcast-educativos\/","title":{"rendered":"PODCAST EDUCATIVOS"},"content":{"rendered":"<p data-start=\"81\" data-end=\"98\">Estimadas familias: <img fetchpriority=\"high\" decoding=\"async\" class=\"size-medium wp-image-4383 alignright\" src=\"https:\/\/blogsaverroes.juntadeandalucia.es\/ceipreyescatolicos\/files\/2025\/12\/Imagen-colegio-300x295.jpg\" alt=\"\" width=\"300\" height=\"295\" srcset=\"https:\/\/blogsaverroes.juntadeandalucia.es\/ceipreyescatolicos\/files\/2025\/12\/Imagen-colegio-300x295.jpg 300w, https:\/\/blogsaverroes.juntadeandalucia.es\/ceipreyescatolicos\/files\/2025\/12\/Imagen-colegio-150x148.jpg 150w, https:\/\/blogsaverroes.juntadeandalucia.es\/ceipreyescatolicos\/files\/2025\/12\/Imagen-colegio-80x80.jpg 80w, https:\/\/blogsaverroes.juntadeandalucia.es\/ceipreyescatolicos\/files\/2025\/12\/Imagen-colegio.jpg 725w\" sizes=\"(max-width: 300px) 100vw, 300px\" \/><\/p>\n<p data-start=\"100\" data-end=\"482\">En esta p\u00e1gina podr\u00e9is encontrar todos los p\u00f3dcast que iremos grabando en nuestro centro, tanto por niveles educativos como por grupos. Esperamos que os gusten y que nos sig\u00e1is tanto en nuestra p\u00e1gina web como en nuestras redes sociales. Poco a poco iremos informando m\u00e1s sobre este proyecto educativo, enmarcado dentro de los proyectos de innovaci\u00f3n en los que participa el centro.<\/p>\n<p data-start=\"484\" data-end=\"578\">Deseamos que disfrut\u00e9is de los contenidos y que muy pronto pod\u00e1is participar tambi\u00e9n en ellos.<\/p>\n<p data-start=\"580\" data-end=\"590\">Un saludo.<\/p>\n<p data-start=\"580\" data-end=\"590\">&nbsp;<\/p>\n<p data-start=\"580\" data-end=\"590\">&nbsp;<\/p>\n","protected":false},"excerpt":{"rendered":"<p>Estimadas familias: En esta p\u00e1gina podr\u00e9is encontrar todos los p\u00f3dcast que iremos grabando en nuestro centro, tanto por niveles educativos como por grupos. Esperamos que os gusten y que nos sig\u00e1is tanto en nuestra p\u00e1gina web como en nuestras redes&#46;&#46;&#46;<\/p>\n","protected":false},"author":7641,"featured_media":4383,"parent":0,"menu_order":0,"comment_status":"closed","ping_status":"closed","template":"","meta":{"ngg_post_thumbnail":0,"footnotes":"","_mc_calendar":[]},"aioseo_notices":[],"_links":{"self":[{"href":"https:\/\/blogsaverroes.juntadeandalucia.es\/ceipreyescatolicos\/wp-json\/wp\/v2\/pages\/4382"}],"collection":[{"href":"https:\/\/blogsaverroes.juntadeandalucia.es\/ceipreyescatolicos\/wp-json\/wp\/v2\/pages"}],"about":[{"href":"https:\/\/blogsaverroes.juntadeandalucia.es\/ceipreyescatolicos\/wp-json\/wp\/v2\/types\/page"}],"author":[{"embeddable":true,"href":"https:\/\/blogsaverroes.juntadeandalucia.es\/ceipreyescatolicos\/wp-json\/wp\/v2\/users\/7641"}],"replies":[{"embeddable":true,"href":"https:\/\/blogsaverroes.juntadeandalucia.es\/ceipreyescatolicos\/wp-json\/wp\/v2\/comments?post=4382"}],"version-history":[{"count":1,"href":"https:\/\/blogsaverroes.juntadeandalucia.es\/ceipreyescatolicos\/wp-json\/wp\/v2\/pages\/4382\/revisions"}],"predecessor-version":[{"id":4384,"href":"https:\/\/blogsaverroes.juntadeandalucia.es\/ceipreyescatolicos\/wp-json\/wp\/v2\/pages\/4382\/revisions\/4384"}],"wp:featuredmedia":[{"embeddable":true,"href":"https:\/\/blogsaverroes.juntadeandalucia.es\/ceipreyescatolicos\/wp-json\/wp\/v2\/media\/4383"}],"wp:attachment":[{"href":"https:\/\/blogsaverroes.juntadeandalucia.es\/ceipreyescatolicos\/wp-json\/wp\/v2\/media?parent=4382"}],"curies":[{"name":"wp","href":"https:\/\/api.w.org\/{rel}","templated":true}]}}