{"id":80,"date":"2015-03-16T06:57:36","date_gmt":"2015-03-16T06:57:36","guid":{"rendered":"http:\/\/blogsaverroes.juntadeandalucia.es\/pre\/ceip\/?page_id=80"},"modified":"2021-04-30T10:38:39","modified_gmt":"2021-04-30T09:38:39","slug":"curso-escolar","status":"publish","type":"page","link":"https:\/\/blogsaverroes.juntadeandalucia.es\/ceipreyescatolicos\/curso-escolar\/","title":{"rendered":"Curso escolar"},"content":{"rendered":"<p><strong>Curso Escolar 2020\/2021&nbsp; Vuelta a la Educaci\u00f3n Presencial (Protocolo COVID)<\/strong><\/p>\n<div class=\"text_exposed_show\">\n<p>Los centros educativos tienen un papel fundamental en el desarrollo de la infancia y de la sociedad en general. El derecho a la educaci\u00f3n y el derecho a la protecci\u00f3n del alumnado deben ser una prioridad ante esta nueva realidad escolar.<\/p>\n<p>Adem\u00e1s, la pandemia de COVID-19 ha implicado la necesidad de tomar medidas de prevenci\u00f3n y protecci\u00f3n que han obligado a un replanteamiento de la organizaci\u00f3n de nuestro centro, para poder reanudar de la manera m\u00e1s segura posible.<\/p>\n<p>Todos los miembros de la Comunidad Educativa debemos adaptarnos a estas nuevas medidas y situaci\u00f3n, el respeto a las nuevas normas establecidas y el cumplimiento del Protocolo aprobado por el Consejo Escolar del centro, permitir\u00e1 facilitar la puesta en marcha de la educaci\u00f3n presencial.<\/p>\n<p>Todos\/as estamos ocupados y preocupados en diferenciar las dos situaciones presentes en este curso escolar, salud y educaci\u00f3n.<\/p>\n<p>El Protocolo establecido facilitar\u00e1 en parte el poder seguir unas instrucciones que nos permitan a todos\/as tomar medidas para nuestro cuidado y el cuidado de los que nos rodean.<\/p>\n<p>La educaci\u00f3n debe adaptarse a esta nueva realidad donde desde un principio tomaremos medidas para que el proceso de Ense\u00f1anza &#8211; Aprendizaje permita al alumnado desarrollar al m\u00e1ximo sus competencias dentro de los tiempos establecidos.<\/p>\n<p>Pedimos la colaboraci\u00f3n de todos\/as, m\u00e1s que nunca debemos actuar como Comunidad Educativa y pensar en el bien com\u00fan.<\/p>\n<p>Deseamos que m\u00e1s pronto que tarde la situaci\u00f3n se normalice para que la magia del aprendizaje surja con la naturalidad de siempre.<\/p>\n<p>&nbsp;<\/p>\n<p>Un saludo<\/p>\n<p><a href=\"https:\/\/blogsaverroes.juntadeandalucia.es\/ceipreyescatolicos\/files\/2019\/09\/Caminando-a-tu-futuro_page-0001.jpg\"><img fetchpriority=\"high\" decoding=\"async\" class=\"alignnone size-medium wp-image-2143\" src=\"https:\/\/blogsaverroes.juntadeandalucia.es\/ceipreyescatolicos\/files\/2019\/09\/Caminando-a-tu-futuro_page-0001-212x300.jpg\" alt=\"\" width=\"212\" height=\"300\" srcset=\"https:\/\/blogsaverroes.juntadeandalucia.es\/ceipreyescatolicos\/files\/2019\/09\/Caminando-a-tu-futuro_page-0001-212x300.jpg 212w, https:\/\/blogsaverroes.juntadeandalucia.es\/ceipreyescatolicos\/files\/2019\/09\/Caminando-a-tu-futuro_page-0001-768x1086.jpg 768w, https:\/\/blogsaverroes.juntadeandalucia.es\/ceipreyescatolicos\/files\/2019\/09\/Caminando-a-tu-futuro_page-0001-724x1024.jpg 724w, https:\/\/blogsaverroes.juntadeandalucia.es\/ceipreyescatolicos\/files\/2019\/09\/Caminando-a-tu-futuro_page-0001-17x24.jpg 17w, https:\/\/blogsaverroes.juntadeandalucia.es\/ceipreyescatolicos\/files\/2019\/09\/Caminando-a-tu-futuro_page-0001-25x36.jpg 25w, https:\/\/blogsaverroes.juntadeandalucia.es\/ceipreyescatolicos\/files\/2019\/09\/Caminando-a-tu-futuro_page-0001-34x48.jpg 34w, https:\/\/blogsaverroes.juntadeandalucia.es\/ceipreyescatolicos\/files\/2019\/09\/Caminando-a-tu-futuro_page-0001.jpg 1132w\" sizes=\"(max-width: 212px) 100vw, 212px\" \/><\/a><\/p>\n<\/div>\n","protected":false},"excerpt":{"rendered":"<p>Curso Escolar 2020\/2021&nbsp; Vuelta a la Educaci\u00f3n Presencial (Protocolo COVID) Los centros educativos tienen un papel fundamental en el desarrollo de la infancia y de la sociedad en general. El derecho a la educaci\u00f3n y el derecho a la protecci\u00f3n&#46;&#46;&#46;<\/p>\n","protected":false},"author":1,"featured_media":0,"parent":0,"menu_order":0,"comment_status":"open","ping_status":"open","template":"","meta":{"ngg_post_thumbnail":0,"footnotes":"","_mc_calendar":[]},"aioseo_notices":[],"_links":{"self":[{"href":"https:\/\/blogsaverroes.juntadeandalucia.es\/ceipreyescatolicos\/wp-json\/wp\/v2\/pages\/80"}],"collection":[{"href":"https:\/\/blogsaverroes.juntadeandalucia.es\/ceipreyescatolicos\/wp-json\/wp\/v2\/pages"}],"about":[{"href":"https:\/\/blogsaverroes.juntadeandalucia.es\/ceipreyescatolicos\/wp-json\/wp\/v2\/types\/page"}],"author":[{"embeddable":true,"href":"https:\/\/blogsaverroes.juntadeandalucia.es\/ceipreyescatolicos\/wp-json\/wp\/v2\/users\/1"}],"replies":[{"embeddable":true,"href":"https:\/\/blogsaverroes.juntadeandalucia.es\/ceipreyescatolicos\/wp-json\/wp\/v2\/comments?post=80"}],"version-history":[{"count":4,"href":"https:\/\/blogsaverroes.juntadeandalucia.es\/ceipreyescatolicos\/wp-json\/wp\/v2\/pages\/80\/revisions"}],"predecessor-version":[{"id":2536,"href":"https:\/\/blogsaverroes.juntadeandalucia.es\/ceipreyescatolicos\/wp-json\/wp\/v2\/pages\/80\/revisions\/2536"}],"wp:attachment":[{"href":"https:\/\/blogsaverroes.juntadeandalucia.es\/ceipreyescatolicos\/wp-json\/wp\/v2\/media?parent=80"}],"curies":[{"name":"wp","href":"https:\/\/api.w.org\/{rel}","templated":true}]}}