{"id":871,"date":"2022-12-16T19:04:05","date_gmt":"2022-12-16T18:04:05","guid":{"rendered":"https:\/\/blogsaverroes.juntadeandalucia.es\/ceipreyescatolicosdevera\/?page_id=871"},"modified":"2024-09-17T06:37:24","modified_gmt":"2024-09-17T04:37:24","slug":"plan-de-centro","status":"publish","type":"page","link":"https:\/\/blogsaverroes.juntadeandalucia.es\/ceipreyescatolicosdevera\/plan-de-centro\/","title":{"rendered":"Plan de Centro"},"content":{"rendered":"<p>El Plan de Centro es el referente de la vida del colegio, est\u00e1 compuesto por tres documentos: que establecen el marco educativo, pedag\u00f3gico y organizativo del centro.<\/p>\n<ul>\n<li><a href=\"https:\/\/drive.google.com\/drive\/folders\/1mTX5GjYRSC0qQPVQI0RBxiSRkjHOpZY_?usp=sharing\">Proyecto Educativo.<\/a><\/li>\n<li><a href=\"https:\/\/blogsaverroes.juntadeandalucia.es\/ceipreyescatolicosdevera\/files\/2024\/09\/ROF-1.pdf\">Reglamento de Organizaci\u00f3n y Funcionamiento<\/a><\/li>\n<li><a href=\"https:\/\/blogsaverroes.juntadeandalucia.es\/ceipreyescatolicosdevera\/files\/2024\/09\/Proyecto-de-Gestion-.pdf\">Proyecto de Gesti\u00f3n<\/a><\/li>\n<\/ul>\n","protected":false},"excerpt":{"rendered":"<p>El Plan de Centro es el referente de la vida del colegio, est\u00e1 compuesto por tres documentos: que establecen el marco educativo, pedag\u00f3gico y organizativo del centro. Proyecto Educativo. Reglamento de Organizaci\u00f3n y Funcionamiento&#46;&#46;&#46;<\/p>\n","protected":false},"author":7252,"featured_media":0,"parent":0,"menu_order":0,"comment_status":"closed","ping_status":"closed","template":"","meta":{"ngg_post_thumbnail":0,"footnotes":""},"aioseo_notices":[],"_links":{"self":[{"href":"https:\/\/blogsaverroes.juntadeandalucia.es\/ceipreyescatolicosdevera\/wp-json\/wp\/v2\/pages\/871"}],"collection":[{"href":"https:\/\/blogsaverroes.juntadeandalucia.es\/ceipreyescatolicosdevera\/wp-json\/wp\/v2\/pages"}],"about":[{"href":"https:\/\/blogsaverroes.juntadeandalucia.es\/ceipreyescatolicosdevera\/wp-json\/wp\/v2\/types\/page"}],"author":[{"embeddable":true,"href":"https:\/\/blogsaverroes.juntadeandalucia.es\/ceipreyescatolicosdevera\/wp-json\/wp\/v2\/users\/7252"}],"replies":[{"embeddable":true,"href":"https:\/\/blogsaverroes.juntadeandalucia.es\/ceipreyescatolicosdevera\/wp-json\/wp\/v2\/comments?post=871"}],"version-history":[{"count":13,"href":"https:\/\/blogsaverroes.juntadeandalucia.es\/ceipreyescatolicosdevera\/wp-json\/wp\/v2\/pages\/871\/revisions"}],"predecessor-version":[{"id":1569,"href":"https:\/\/blogsaverroes.juntadeandalucia.es\/ceipreyescatolicosdevera\/wp-json\/wp\/v2\/pages\/871\/revisions\/1569"}],"wp:attachment":[{"href":"https:\/\/blogsaverroes.juntadeandalucia.es\/ceipreyescatolicosdevera\/wp-json\/wp\/v2\/media?parent=871"}],"curies":[{"name":"wp","href":"https:\/\/api.w.org\/{rel}","templated":true}]}}