{"id":42,"date":"2015-03-13T08:40:47","date_gmt":"2015-03-13T08:40:47","guid":{"rendered":"http:\/\/blogsaverroes.juntadeandalucia.es\/pre\/ceip\/?page_id=42"},"modified":"2025-01-22T10:00:40","modified_gmt":"2025-01-22T10:00:40","slug":"equipo-directivo","status":"publish","type":"page","link":"https:\/\/blogsaverroes.juntadeandalucia.es\/ceipriochico\/equipo-directivo\/","title":{"rendered":"Equipo directivo"},"content":{"rendered":"<p><a href=\"https:\/\/blogsaverroes.juntadeandalucia.es\/ceipriochico\/files\/2020\/10\/Screenshot-2020-10-27-at-12.24.37.png\"><img loading=\"lazy\" decoding=\"async\" class=\"size-medium wp-image-2247 aligncenter\" src=\"https:\/\/blogsaverroes.juntadeandalucia.es\/ceipriochico\/files\/2020\/10\/Screenshot-2020-10-27-at-12.24.37-296x300.png\" alt=\"\" width=\"296\" height=\"300\" srcset=\"https:\/\/blogsaverroes.juntadeandalucia.es\/ceipriochico\/files\/2020\/10\/Screenshot-2020-10-27-at-12.24.37-296x300.png 296w, https:\/\/blogsaverroes.juntadeandalucia.es\/ceipriochico\/files\/2020\/10\/Screenshot-2020-10-27-at-12.24.37-100x100.png 100w, https:\/\/blogsaverroes.juntadeandalucia.es\/ceipriochico\/files\/2020\/10\/Screenshot-2020-10-27-at-12.24.37-60x60.png 60w, https:\/\/blogsaverroes.juntadeandalucia.es\/ceipriochico\/files\/2020\/10\/Screenshot-2020-10-27-at-12.24.37-24x24.png 24w, https:\/\/blogsaverroes.juntadeandalucia.es\/ceipriochico\/files\/2020\/10\/Screenshot-2020-10-27-at-12.24.37-36x36.png 36w, https:\/\/blogsaverroes.juntadeandalucia.es\/ceipriochico\/files\/2020\/10\/Screenshot-2020-10-27-at-12.24.37-48x48.png 48w, https:\/\/blogsaverroes.juntadeandalucia.es\/ceipriochico\/files\/2020\/10\/Screenshot-2020-10-27-at-12.24.37.png 549w\" sizes=\"(max-width: 296px) 100vw, 296px\" \/><\/a><\/p>\n<p>El equipo directivo del CEIP RIO CHICO est\u00e1 formado por:&nbsp;<\/p>\n<p><strong>Direcci\u00f3n: Francisco Jes\u00fas Jim\u00e9nez Rodr\u00edguez<\/strong><\/p>\n<p><strong>Jefatura de estudios: Jose Antonio Rodr\u00edguez Cara<\/strong><\/p>\n<p><strong>Secretar\u00eda: Encarnaci\u00f3n Rodr\u00edguez Reinoso<\/strong><\/p>\n","protected":false},"excerpt":{"rendered":"<p>El equipo directivo del CEIP RIO CHICO est\u00e1 formado por:&nbsp; Direcci\u00f3n: Francisco Jes\u00fas Jim\u00e9nez Rodr\u00edguez Jefatura de estudios: Jose Antonio Rodr\u00edguez Cara Secretar\u00eda: Encarnaci\u00f3n Rodr\u00edguez Reinoso<\/p>\n","protected":false},"author":1,"featured_media":0,"parent":0,"menu_order":0,"comment_status":"closed","ping_status":"open","template":"","meta":{"ngg_post_thumbnail":0,"footnotes":"","_mc_calendar":[]},"aioseo_notices":[],"_links":{"self":[{"href":"https:\/\/blogsaverroes.juntadeandalucia.es\/ceipriochico\/wp-json\/wp\/v2\/pages\/42"}],"collection":[{"href":"https:\/\/blogsaverroes.juntadeandalucia.es\/ceipriochico\/wp-json\/wp\/v2\/pages"}],"about":[{"href":"https:\/\/blogsaverroes.juntadeandalucia.es\/ceipriochico\/wp-json\/wp\/v2\/types\/page"}],"author":[{"embeddable":true,"href":"https:\/\/blogsaverroes.juntadeandalucia.es\/ceipriochico\/wp-json\/wp\/v2\/users\/1"}],"replies":[{"embeddable":true,"href":"https:\/\/blogsaverroes.juntadeandalucia.es\/ceipriochico\/wp-json\/wp\/v2\/comments?post=42"}],"version-history":[{"count":6,"href":"https:\/\/blogsaverroes.juntadeandalucia.es\/ceipriochico\/wp-json\/wp\/v2\/pages\/42\/revisions"}],"predecessor-version":[{"id":3547,"href":"https:\/\/blogsaverroes.juntadeandalucia.es\/ceipriochico\/wp-json\/wp\/v2\/pages\/42\/revisions\/3547"}],"wp:attachment":[{"href":"https:\/\/blogsaverroes.juntadeandalucia.es\/ceipriochico\/wp-json\/wp\/v2\/media?parent=42"}],"curies":[{"name":"wp","href":"https:\/\/api.w.org\/{rel}","templated":true}]}}

<p><a href="https://blogsaverroes.juntadeandalucia.es/ceipriochico/files/2020/10/Screenshot-2020-10-27-at-12.24.37.png"><img loading="lazy" decoding="async" class="size-medium wp-image-2247 aligncenter" src="https://blogsaverroes.juntadeandalucia.es/ceipriochico/files/2020/10/Screenshot-2020-10-27-at-12.24.37-296x300.png" alt="" width="296" height="300" srcset="https://blogsaverroes.juntadeandalucia.es/ceipriochico/files/2020/10/Screenshot-2020-10-27-at-12.24.37-296x300.png 296w, https://blogsaverroes.juntadeandalucia.es/ceipriochico/files/2020/10/Screenshot-2020-10-27-at-12.24.37-100x100.png 100w, https://blogsaverroes.juntadeandalucia.es/ceipriochico/files/2020/10/Screenshot-2020-10-27-at-12.24.37-60x60.png 60w, https://blogsaverroes.juntadeandalucia.es/ceipriochico/files/2020/10/Screenshot-2020-10-27-at-12.24.37-24x24.png 24w, https://blogsaverroes.juntadeandalucia.es/ceipriochico/files/2020/10/Screenshot-2020-10-27-at-12.24.37-36x36.png 36w, https://blogsaverroes.juntadeandalucia.es/ceipriochico/files/2020/10/Screenshot-2020-10-27-at-12.24.37-48x48.png 48w, https://blogsaverroes.juntadeandalucia.es/ceipriochico/files/2020/10/Screenshot-2020-10-27-at-12.24.37.png 549w" sizes="(max-width: 296px) 100vw, 296px" /></a></p>
<p>El equipo directivo del CEIP RIO CHICO está formado por:&nbsp;</p>
<p><strong>Dirección: Francisco Jesús Jiménez Rodríguez</strong></p>
<p><strong>Jefatura de estudios: Jose Antonio Rodríguez Cara</strong></p>
<p><strong>Secretaría: Encarnación Rodríguez Reinoso</strong></p>

<p>El equipo directivo del CEIP RIO CHICO está formado por:&nbsp; Dirección: Francisco Jesús Jiménez Rodríguez Jefatura de estudios: Jose Antonio Rodríguez Cara Secretaría: Encarnación Rodríguez Reinoso</p>
