{"id":42,"date":"2015-03-13T08:40:47","date_gmt":"2015-03-13T08:40:47","guid":{"rendered":"http:\/\/blogsaverroes.juntadeandalucia.es\/pre\/ceip\/?page_id=42"},"modified":"2025-11-04T11:52:07","modified_gmt":"2025-11-04T11:52:07","slug":"equipo-directivo","status":"publish","type":"page","link":"https:\/\/blogsaverroes.juntadeandalucia.es\/ceipriopiedras\/equipo-directivo\/","title":{"rendered":"Equipo directivo"},"content":{"rendered":"<p><a href=\"https:\/\/blogsaverroes.juntadeandalucia.es\/ceipriopiedras\/files\/2025\/11\/ChatGPT-Image-4-nov-2025-12_51_43.png\"><img loading=\"lazy\" decoding=\"async\" class=\"aligncenter size-medium wp-image-4771\" src=\"https:\/\/blogsaverroes.juntadeandalucia.es\/ceipriopiedras\/files\/2025\/11\/ChatGPT-Image-4-nov-2025-12_51_43-200x300.png\" alt=\"\" width=\"200\" height=\"300\" srcset=\"https:\/\/blogsaverroes.juntadeandalucia.es\/ceipriopiedras\/files\/2025\/11\/ChatGPT-Image-4-nov-2025-12_51_43-200x300.png 200w, https:\/\/blogsaverroes.juntadeandalucia.es\/ceipriopiedras\/files\/2025\/11\/ChatGPT-Image-4-nov-2025-12_51_43-683x1024.png 683w, https:\/\/blogsaverroes.juntadeandalucia.es\/ceipriopiedras\/files\/2025\/11\/ChatGPT-Image-4-nov-2025-12_51_43-768x1152.png 768w, https:\/\/blogsaverroes.juntadeandalucia.es\/ceipriopiedras\/files\/2025\/11\/ChatGPT-Image-4-nov-2025-12_51_43.png 1024w\" sizes=\"(max-width: 200px) 100vw, 200px\" \/><\/a><\/p>\n<p><strong>Direcci\u00f3n: Bego\u00f1a L\u00f3pez L\u00f3pez<\/strong><\/p>\n<p><strong>Jefatura de estudios: Francisco Javier P\u00e9rez L\u00f3pez<\/strong><\/p>\n<p><strong>Secretar\u00eda: M\u00aa Luisa Rodr\u00edguez Rodr\u00edguez<\/strong><\/p>\n","protected":false},"excerpt":{"rendered":"<p>Direcci\u00f3n: Bego\u00f1a L\u00f3pez L\u00f3pez Jefatura de estudios: Francisco Javier P\u00e9rez L\u00f3pez Secretar\u00eda: M\u00aa Luisa Rodr\u00edguez Rodr\u00edguez<\/p>\n","protected":false},"author":1,"featured_media":0,"parent":0,"menu_order":0,"comment_status":"closed","ping_status":"open","template":"","meta":{"ngg_post_thumbnail":0,"footnotes":"","_mc_calendar":[]},"aioseo_notices":[],"_links":{"self":[{"href":"https:\/\/blogsaverroes.juntadeandalucia.es\/ceipriopiedras\/wp-json\/wp\/v2\/pages\/42"}],"collection":[{"href":"https:\/\/blogsaverroes.juntadeandalucia.es\/ceipriopiedras\/wp-json\/wp\/v2\/pages"}],"about":[{"href":"https:\/\/blogsaverroes.juntadeandalucia.es\/ceipriopiedras\/wp-json\/wp\/v2\/types\/page"}],"author":[{"embeddable":true,"href":"https:\/\/blogsaverroes.juntadeandalucia.es\/ceipriopiedras\/wp-json\/wp\/v2\/users\/1"}],"replies":[{"embeddable":true,"href":"https:\/\/blogsaverroes.juntadeandalucia.es\/ceipriopiedras\/wp-json\/wp\/v2\/comments?post=42"}],"version-history":[{"count":2,"href":"https:\/\/blogsaverroes.juntadeandalucia.es\/ceipriopiedras\/wp-json\/wp\/v2\/pages\/42\/revisions"}],"predecessor-version":[{"id":4772,"href":"https:\/\/blogsaverroes.juntadeandalucia.es\/ceipriopiedras\/wp-json\/wp\/v2\/pages\/42\/revisions\/4772"}],"wp:attachment":[{"href":"https:\/\/blogsaverroes.juntadeandalucia.es\/ceipriopiedras\/wp-json\/wp\/v2\/media?parent=42"}],"curies":[{"name":"wp","href":"https:\/\/api.w.org\/{rel}","templated":true}]}}