{"id":129,"date":"2017-01-04T23:43:43","date_gmt":"2017-01-04T22:43:43","guid":{"rendered":"http:\/\/blogsaverroes.juntadeandalucia.es\/ceiprodriguezvega\/?page_id=129"},"modified":"2017-01-10T21:52:25","modified_gmt":"2017-01-10T20:52:25","slug":"inicio","status":"publish","type":"page","link":"https:\/\/blogsaverroes.juntadeandalucia.es\/ceiprodriguezvega\/","title":{"rendered":"Inicio"},"content":{"rendered":"<p style=\"text-align: justify\">Desde uno de los pueblos m\u00e1s bonitos de la provincia de C\u00f3rdoba y a trav\u00e9s de esta ventana digital, te queremos mostrar lo que todos y todas (profesorado, alumnado y familias) intentamos ser e intentamos hacer cada d\u00eda en nuestro Centro.<\/p>\n<p style=\"text-align: justify\">Nuestro trabajo es humilde, diario, en equipo, con el \u00fanico pero gran est\u00edmulo de que nuestros ni\u00f1os y ni\u00f1as sean grandes en lo acad\u00e9mico y en lo personal.<\/p>\n<p style=\"text-align: justify\">Asistimos a la creaci\u00f3n de esta p\u00e1gina web\u00a0con la intenci\u00f3n de que se convierta en un punto de referencia para toda la actual Comunidad Educativa. Tambi\u00e9n queremos que sea una p\u00e1gina abierta a los padres, madres, alumnos\/as y maestros\/as que pertenecieron un d\u00eda a nuestro colegio y que hoy forman la historia viva del mismo. Entre todos y todas podemos dar a conocer la trayectoria de este Centro as\u00ed como los retos actuales que nos proponemos d\u00eda tras d\u00eda en el ejercicio de nuestra profesi\u00f3n.<\/p>\n<p style=\"text-align: justify\">Pretendemos que la p\u00e1gina web sea el escaparate en la red de nuestro Centro y adem\u00e1s sea un elemento vivo en el que plasmemos nuestras finalidades, objetivos, proyectos e inquietudes. Por tanto, est\u00e1 abierta a vuestras colaboraciones.<\/p>\n<p style=\"text-align: justify\">Recordad tambi\u00e9n que las nuevas tecnolog\u00edas, cada vez m\u00e1s presentes en nuestro entorno, tambi\u00e9n lo est\u00e1n cada d\u00eda m\u00e1s en nuestros colegios y esta p\u00e1gina es una prueba de ello. Pensamos que poseer una cultura inform\u00e1tica implica la utilizaci\u00f3n de estas tecnolog\u00edas en algunos aprendizajes, o el desarrollo de algunos procedimientos que permitan a los alumnos y alumnas establecer criterios b\u00e1sicos de b\u00fasqueda y tratamiento de la informaci\u00f3n. Pero adem\u00e1s, implica desarrollar criterios de uso y actitudes frente a estos medios cada d\u00eda m\u00e1s omnipresentes y la escuela en este sentido tiene un papel fundamental, educador en su sentido m\u00e1s amplio.<\/p>\n<p style=\"text-align: justify\">Os animamos por tanto a participar en este proyecto y esperamos que esta nueva iniciativa sirva tambi\u00e9n a todos y a todas para conocer y valorar m\u00e1s nuestro Colegio.<\/p>\n","protected":false},"excerpt":{"rendered":"<p>Desde uno de los pueblos m\u00e1s bonitos de la provincia de C\u00f3rdoba y a trav\u00e9s de esta ventana digital, te queremos mostrar lo que todos y todas (profesorado, alumnado y familias) intentamos ser e&#46;&#46;&#46;<\/p>\n","protected":false},"author":2153,"featured_media":12,"parent":0,"menu_order":0,"comment_status":"open","ping_status":"open","template":"page-templates\/child-menu.php","meta":{"ngg_post_thumbnail":0,"footnotes":""},"aioseo_notices":[],"_links":{"self":[{"href":"https:\/\/blogsaverroes.juntadeandalucia.es\/ceiprodriguezvega\/wp-json\/wp\/v2\/pages\/129"}],"collection":[{"href":"https:\/\/blogsaverroes.juntadeandalucia.es\/ceiprodriguezvega\/wp-json\/wp\/v2\/pages"}],"about":[{"href":"https:\/\/blogsaverroes.juntadeandalucia.es\/ceiprodriguezvega\/wp-json\/wp\/v2\/types\/page"}],"author":[{"embeddable":true,"href":"https:\/\/blogsaverroes.juntadeandalucia.es\/ceiprodriguezvega\/wp-json\/wp\/v2\/users\/2153"}],"replies":[{"embeddable":true,"href":"https:\/\/blogsaverroes.juntadeandalucia.es\/ceiprodriguezvega\/wp-json\/wp\/v2\/comments?post=129"}],"version-history":[{"count":3,"href":"https:\/\/blogsaverroes.juntadeandalucia.es\/ceiprodriguezvega\/wp-json\/wp\/v2\/pages\/129\/revisions"}],"predecessor-version":[{"id":134,"href":"https:\/\/blogsaverroes.juntadeandalucia.es\/ceiprodriguezvega\/wp-json\/wp\/v2\/pages\/129\/revisions\/134"}],"wp:featuredmedia":[{"embeddable":true,"href":"https:\/\/blogsaverroes.juntadeandalucia.es\/ceiprodriguezvega\/wp-json\/wp\/v2\/media\/12"}],"wp:attachment":[{"href":"https:\/\/blogsaverroes.juntadeandalucia.es\/ceiprodriguezvega\/wp-json\/wp\/v2\/media?parent=129"}],"curies":[{"name":"wp","href":"https:\/\/api.w.org\/{rel}","templated":true}]}}