{"id":94,"date":"2017-01-04T10:49:16","date_gmt":"2017-01-04T09:49:16","guid":{"rendered":"http:\/\/blogsaverroes.juntadeandalucia.es\/ceiprodriguezvega\/?page_id=94"},"modified":"2021-03-14T14:14:45","modified_gmt":"2021-03-14T13:14:45","slug":"ensenanzas","status":"publish","type":"page","link":"https:\/\/blogsaverroes.juntadeandalucia.es\/ceiprodriguezvega\/ensenanzas\/","title":{"rendered":"Ense\u00f1anzas"},"content":{"rendered":"<p style=\"text-align: justify\">El C.E.I.P. Rodr\u00edguez Vega, actualmente, es de una l\u00ednea y comprende las tres etapas educativas: Educaci\u00f3n Infantil, Educaci\u00f3n Primaria y Primer Ciclo de Educaci\u00f3n Secundaria Obligatoria.<\/p>\n<p style=\"text-align: justify\">Este curso escolar cuenta con 196 matr\u00edculas, distribuidas en 12 tutor\u00edas, adem\u00e1s de con especialistas de Ingl\u00e9s, Religi\u00f3n, Franc\u00e9s, Educaci\u00f3n F\u00edsica, Pedagog\u00eda Terap\u00e9utica, Audici\u00f3n y Lenguaje, Monitora de Educaci\u00f3n Especial, Administrativa, Orientador y ATAL, \u00e9stos \u00faltimos compartidos\/as con otros centros educativos de la zona.<\/p>\n<p style=\"text-align: justify\">En definitiva, el alumnado del C.E.I.P. Rodr\u00edguez Vega es atendido por todos estos profesionales, as\u00ed como por el personal de comedor, ya que nuestro Centro cuenta tambi\u00e9n con este servicio, adem\u00e1s de con transporte escolar.<\/p>\n<p style=\"text-align: justify\">El horario lectivo de Educaci\u00f3n Infantil y Educaci\u00f3n Primaria es de 9:00 a 14:00 horas y el de Educaci\u00f3n Secundaria Obligatoria de 8:30 a 15:00 horas. A partir de esta hora se realizan, asimismo, numerosas actividades extraescolares organizadas por el propio Centro en colaboraci\u00f3n con el Ayuntamiento (Programa de Escuelas Deportivas), u organizadas por la AMPA (impartici\u00f3n de clases de Ingl\u00e9s, de M\u00fasica, etc.).<\/p>\n","protected":false},"excerpt":{"rendered":"<p>El C.E.I.P. Rodr\u00edguez Vega, actualmente, es de una l\u00ednea y comprende las tres etapas educativas: Educaci\u00f3n Infantil, Educaci\u00f3n Primaria y Primer Ciclo de Educaci\u00f3n Secundaria Obligatoria. Este curso escolar cuenta con 196 matr\u00edculas, distribuidas&#46;&#46;&#46;<\/p>\n","protected":false},"author":2153,"featured_media":0,"parent":0,"menu_order":0,"comment_status":"open","ping_status":"open","template":"","meta":{"ngg_post_thumbnail":0,"footnotes":""},"aioseo_notices":[],"_links":{"self":[{"href":"https:\/\/blogsaverroes.juntadeandalucia.es\/ceiprodriguezvega\/wp-json\/wp\/v2\/pages\/94"}],"collection":[{"href":"https:\/\/blogsaverroes.juntadeandalucia.es\/ceiprodriguezvega\/wp-json\/wp\/v2\/pages"}],"about":[{"href":"https:\/\/blogsaverroes.juntadeandalucia.es\/ceiprodriguezvega\/wp-json\/wp\/v2\/types\/page"}],"author":[{"embeddable":true,"href":"https:\/\/blogsaverroes.juntadeandalucia.es\/ceiprodriguezvega\/wp-json\/wp\/v2\/users\/2153"}],"replies":[{"embeddable":true,"href":"https:\/\/blogsaverroes.juntadeandalucia.es\/ceiprodriguezvega\/wp-json\/wp\/v2\/comments?post=94"}],"version-history":[{"count":6,"href":"https:\/\/blogsaverroes.juntadeandalucia.es\/ceiprodriguezvega\/wp-json\/wp\/v2\/pages\/94\/revisions"}],"predecessor-version":[{"id":452,"href":"https:\/\/blogsaverroes.juntadeandalucia.es\/ceiprodriguezvega\/wp-json\/wp\/v2\/pages\/94\/revisions\/452"}],"wp:attachment":[{"href":"https:\/\/blogsaverroes.juntadeandalucia.es\/ceiprodriguezvega\/wp-json\/wp\/v2\/media?parent=94"}],"curies":[{"name":"wp","href":"https:\/\/api.w.org\/{rel}","templated":true}]}}