{"id":113,"date":"2015-03-16T08:06:00","date_gmt":"2015-03-16T08:06:00","guid":{"rendered":"http:\/\/blogsaverroes.juntadeandalucia.es\/pre\/ceip\/?page_id=113"},"modified":"2020-11-19T17:51:17","modified_gmt":"2020-11-19T17:51:17","slug":"http-bibliotecaceiprosadegalvez-blogspot-com","status":"publish","type":"page","link":"https:\/\/blogsaverroes.juntadeandalucia.es\/ceiprosadegalvez\/http-bibliotecaceiprosadegalvez-blogspot-com\/","title":{"rendered":"Biblioteca"},"content":{"rendered":"<p>Visita nuestro blog en: <a href=\"http:\/\/bibliotecaceiprosadegalvez.blogspot.com.es\/\" target=\"_blank\" rel=\"noopener noreferrer\">\u00c9chale cuento<\/a><\/p>\n<p>Tambi\u00e9n estamos en Twitter <a href=\"https:\/\/twitter.com\/entrelibros2013\" target=\"_blank\" rel=\"noopener noreferrer\">aqu\u00ed<\/a> y en Instagram <a href=\"https:\/\/www.instagram.com\/biblioteca_rosa_de_galvez\/\" target=\"_blank\" rel=\"noopener noreferrer\">aqu\u00ed<\/a>.<\/p>\n<p>[youtube http:\/\/www.youtube.com\/watch?v=5N9R5LALMlY]<\/p>\n<p>Nuestro Plan de trabajo lo encontrareis en el siguiente enlace:<\/p>\n<p><a href=\"https:\/\/blogsaverroes.juntadeandalucia.es\/ceiprosadegalvez\/files\/2017\/11\/Plan-de-trabajo-de-la-biblioteca-CEIP-Rosa-de-G\u00e1lvez-20172018.pdf\">Plan de trabajo de la biblioteca CEIP Rosa de G\u00e1lvez <\/a><\/p>\n<p>&nbsp;<\/p>\n","protected":false},"excerpt":{"rendered":"<p>Visita nuestro blog en: \u00c9chale cuento Tambi\u00e9n estamos en Twitter aqu\u00ed y en Instagram aqu\u00ed. [youtube http:\/\/www.youtube.com\/watch?v=5N9R5LALMlY] Nuestro Plan de trabajo lo encontrareis en el siguiente enlace: Plan de trabajo de la biblioteca CEIP&#46;&#46;&#46;<\/p>\n","protected":false},"author":1,"featured_media":0,"parent":0,"menu_order":0,"comment_status":"closed","ping_status":"open","template":"","meta":{"_exactmetrics_skip_tracking":false,"_exactmetrics_sitenote_active":false,"_exactmetrics_sitenote_note":"","_exactmetrics_sitenote_category":0,"ngg_post_thumbnail":0,"footnotes":""},"aioseo_notices":[],"_links":{"self":[{"href":"https:\/\/blogsaverroes.juntadeandalucia.es\/ceiprosadegalvez\/wp-json\/wp\/v2\/pages\/113"}],"collection":[{"href":"https:\/\/blogsaverroes.juntadeandalucia.es\/ceiprosadegalvez\/wp-json\/wp\/v2\/pages"}],"about":[{"href":"https:\/\/blogsaverroes.juntadeandalucia.es\/ceiprosadegalvez\/wp-json\/wp\/v2\/types\/page"}],"author":[{"embeddable":true,"href":"https:\/\/blogsaverroes.juntadeandalucia.es\/ceiprosadegalvez\/wp-json\/wp\/v2\/users\/1"}],"replies":[{"embeddable":true,"href":"https:\/\/blogsaverroes.juntadeandalucia.es\/ceiprosadegalvez\/wp-json\/wp\/v2\/comments?post=113"}],"version-history":[{"count":7,"href":"https:\/\/blogsaverroes.juntadeandalucia.es\/ceiprosadegalvez\/wp-json\/wp\/v2\/pages\/113\/revisions"}],"predecessor-version":[{"id":3582,"href":"https:\/\/blogsaverroes.juntadeandalucia.es\/ceiprosadegalvez\/wp-json\/wp\/v2\/pages\/113\/revisions\/3582"}],"wp:attachment":[{"href":"https:\/\/blogsaverroes.juntadeandalucia.es\/ceiprosadegalvez\/wp-json\/wp\/v2\/media?parent=113"}],"curies":[{"name":"wp","href":"https:\/\/api.w.org\/{rel}","templated":true}]}}

<p>Visita nuestro blog en: <a href="http://bibliotecaceiprosadegalvez.blogspot.com.es/" target="_blank" rel="noopener noreferrer">Échale cuento</a></p>
<p>También estamos en Twitter <a href="https://twitter.com/entrelibros2013" target="_blank" rel="noopener noreferrer">aquí</a> y en Instagram <a href="https://www.instagram.com/biblioteca_rosa_de_galvez/" target="_blank" rel="noopener noreferrer">aquí</a>.</p>
<p>[youtube http://www.youtube.com/watch?v=5N9R5LALMlY]</p>
<p>Nuestro Plan de trabajo lo encontrareis en el siguiente enlace:</p>
<p><a href="https://blogsaverroes.juntadeandalucia.es/ceiprosadegalvez/files/2017/11/Plan-de-trabajo-de-la-biblioteca-CEIP-Rosa-de-Gálvez-20172018.pdf">Plan de trabajo de la biblioteca CEIP Rosa de Gálvez </a></p>
<p>&nbsp;</p>

<p>Visita nuestro blog en: Échale cuento También estamos en Twitter aquí y en Instagram aquí. [youtube http://www.youtube.com/watch?v=5N9R5LALMlY] Nuestro Plan de trabajo lo encontrareis en el siguiente enlace: Plan de trabajo de la biblioteca CEIP&#46;&#46;&#46;</p>
