{"id":871,"date":"2015-03-16T07:25:46","date_gmt":"2015-03-16T07:25:46","guid":{"rendered":"http:\/\/blogsaverroes.juntadeandalucia.es\/pre\/ceip\/?page_id=106"},"modified":"2020-10-27T21:20:06","modified_gmt":"2020-10-27T21:20:06","slug":"actividades-extraescolares","status":"publish","type":"page","link":"https:\/\/blogsaverroes.juntadeandalucia.es\/ceiprosadegalvez\/actividades-extraescolares\/","title":{"rendered":"Servicios Complementarios"},"content":{"rendered":"<p>&nbsp;<\/p>\n<p style=\"text-align: center\"><span style=\"text-decoration: underline\"><strong>LAS ACTIVIDADES EXTRAESCOLARES NO EMPEZAR\u00c1N HASTA NOVIEMBRE Y ESTAR\u00c1N SUJETAS A DEMANDA.&nbsp;&nbsp;<\/strong><\/span><\/p>\n<p style=\"text-align: left\">Las <strong>actividades extraescolares<\/strong> tienen lugar en horario de tarde, desde las 16 horas hasta las 18 horas, y abarcan aspectos como el deporte, la m\u00fasica, los idiomas o la danza, entre otras actividades l\u00fadicas y formativas.<\/p>\n<p>Pueden utilizarse cualquier d\u00eda previa inscripci\u00f3n y domiciliaci\u00f3n&nbsp; bancaria.<\/p>\n<p>M\u00e1s informaci\u00f3n y contacto con la empresa que presta el servicio <a href=\"http:\/\/www.incide.org\/\" target=\"_blank\" rel=\"noopener noreferrer\">aqu\u00ed<\/a>.<\/p>\n<p style=\"text-align: center\"><span style=\"text-decoration: underline\"><strong>AULA MATINAL Y COMEDOR&nbsp;<\/strong><\/span><\/p>\n<p>El <span style=\"text-decoration: underline\"><strong>aula matinal <\/strong><\/span>abre a las 7:30 horas de lunes a viernes, ofreciendo actividades diversas a los estudiantes hasta el comienzo del horario lectivo.<\/p>\n<p>Puede&nbsp;utilizarse&nbsp;cualquier d\u00eda previa inscripci\u00f3n y domicializaci\u00f3n bancaria.<\/p>\n<p>M\u00e1s informaci\u00f3n y contacto con la empresa que presta este servicio <a href=\"http:\/\/www.hemera.es\/educacion.html\" target=\"_blank\" rel=\"noopener noreferrer\">aqu\u00ed<\/a>.<\/p>\n<p>&nbsp;<\/p>\n<p>El servicio de <span style=\"text-decoration: underline\"><strong>comedor escolar<\/strong><\/span> est\u00e1 disponible en horario de 14 a 16 horas de lunes a viernes.<\/p>\n<p>Puede&nbsp;utilizarse&nbsp;cualquier d\u00eda previa inscripci\u00f3n y domicializaci\u00f3n bancaria.<\/p>\n<p>M\u00e1s informaci\u00f3n y contacto con la empresa que presta este servicio <a href=\"http:\/\/www.mediterranea-servicios.com\/educacion\/\" target=\"_blank\" rel=\"noopener noreferrer\">aqu\u00ed<\/a>.<\/p>\n","protected":false},"excerpt":{"rendered":"<p>&nbsp; LAS ACTIVIDADES EXTRAESCOLARES NO EMPEZAR\u00c1N HASTA NOVIEMBRE Y ESTAR\u00c1N SUJETAS A DEMANDA.&nbsp;&nbsp; Las actividades extraescolares tienen lugar en horario de tarde, desde las 16 horas hasta las 18 horas, y abarcan aspectos como&#46;&#46;&#46;<\/p>\n","protected":false},"author":1,"featured_media":0,"parent":0,"menu_order":0,"comment_status":"closed","ping_status":"open","template":"","meta":{"_exactmetrics_skip_tracking":false,"_exactmetrics_sitenote_active":false,"_exactmetrics_sitenote_note":"","_exactmetrics_sitenote_category":0,"ngg_post_thumbnail":0,"footnotes":""},"aioseo_notices":[],"_links":{"self":[{"href":"https:\/\/blogsaverroes.juntadeandalucia.es\/ceiprosadegalvez\/wp-json\/wp\/v2\/pages\/871"}],"collection":[{"href":"https:\/\/blogsaverroes.juntadeandalucia.es\/ceiprosadegalvez\/wp-json\/wp\/v2\/pages"}],"about":[{"href":"https:\/\/blogsaverroes.juntadeandalucia.es\/ceiprosadegalvez\/wp-json\/wp\/v2\/types\/page"}],"author":[{"embeddable":true,"href":"https:\/\/blogsaverroes.juntadeandalucia.es\/ceiprosadegalvez\/wp-json\/wp\/v2\/users\/1"}],"replies":[{"embeddable":true,"href":"https:\/\/blogsaverroes.juntadeandalucia.es\/ceiprosadegalvez\/wp-json\/wp\/v2\/comments?post=871"}],"version-history":[{"count":10,"href":"https:\/\/blogsaverroes.juntadeandalucia.es\/ceiprosadegalvez\/wp-json\/wp\/v2\/pages\/871\/revisions"}],"predecessor-version":[{"id":3521,"href":"https:\/\/blogsaverroes.juntadeandalucia.es\/ceiprosadegalvez\/wp-json\/wp\/v2\/pages\/871\/revisions\/3521"}],"wp:attachment":[{"href":"https:\/\/blogsaverroes.juntadeandalucia.es\/ceiprosadegalvez\/wp-json\/wp\/v2\/media?parent=871"}],"curies":[{"name":"wp","href":"https:\/\/api.w.org\/{rel}","templated":true}]}}

<p>&nbsp;</p>
<p style="text-align: center"><span style="text-decoration: underline"><strong>LAS ACTIVIDADES EXTRAESCOLARES NO EMPEZARÁN HASTA NOVIEMBRE Y ESTARÁN SUJETAS A DEMANDA.&nbsp;&nbsp;</strong></span></p>
<p style="text-align: left">Las <strong>actividades extraescolares</strong> tienen lugar en horario de tarde, desde las 16 horas hasta las 18 horas, y abarcan aspectos como el deporte, la música, los idiomas o la danza, entre otras actividades lúdicas y formativas.</p>
<p>Pueden utilizarse cualquier día previa inscripción y domiciliación&nbsp; bancaria.</p>
<p>Más información y contacto con la empresa que presta el servicio <a href="http://www.incide.org/" target="_blank" rel="noopener noreferrer">aquí</a>.</p>
<p style="text-align: center"><span style="text-decoration: underline"><strong>AULA MATINAL Y COMEDOR&nbsp;</strong></span></p>
<p>El <span style="text-decoration: underline"><strong>aula matinal </strong></span>abre a las 7:30 horas de lunes a viernes, ofreciendo actividades diversas a los estudiantes hasta el comienzo del horario lectivo.</p>
<p>Puede&nbsp;utilizarse&nbsp;cualquier día previa inscripción y domicialización bancaria.</p>
<p>Más información y contacto con la empresa que presta este servicio <a href="http://www.hemera.es/educacion.html" target="_blank" rel="noopener noreferrer">aquí</a>.</p>
<p>&nbsp;</p>
<p>El servicio de <span style="text-decoration: underline"><strong>comedor escolar</strong></span> está disponible en horario de 14 a 16 horas de lunes a viernes.</p>
<p>Puede&nbsp;utilizarse&nbsp;cualquier día previa inscripción y domicialización bancaria.</p>
<p>Más información y contacto con la empresa que presta este servicio <a href="http://www.mediterranea-servicios.com/educacion/" target="_blank" rel="noopener noreferrer">aquí</a>.</p>

<p>&nbsp; LAS ACTIVIDADES EXTRAESCOLARES NO EMPEZARÁN HASTA NOVIEMBRE Y ESTARÁN SUJETAS A DEMANDA.&nbsp;&nbsp; Las actividades extraescolares tienen lugar en horario de tarde, desde las 16 horas hasta las 18 horas, y abarcan aspectos como&#46;&#46;&#46;</p>
