{"id":853,"date":"2020-12-18T08:50:47","date_gmt":"2020-12-18T07:50:47","guid":{"rendered":"https:\/\/blogsaverroes.juntadeandalucia.es\/pre\/plantilla-pencil\/?page_id=853"},"modified":"2025-11-11T11:33:05","modified_gmt":"2025-11-11T10:33:05","slug":"nuestra-historia","status":"publish","type":"page","link":"https:\/\/blogsaverroes.juntadeandalucia.es\/ceiprufinoblanco\/nuestra-historia\/","title":{"rendered":"Nuestra Historia"},"content":{"rendered":"<h2 data-start=\"300\" data-end=\"321\">Nuestra historia<\/h2>\n<p data-start=\"322\" data-end=\"784\">La historia de nuestra escuela es la historia de un pueblo que crece, aprende y se transforma. En \u00e9pocas pasadas, la educaci\u00f3n en Encinasola ten\u00eda lugar en varios locales dispersos como \u201cSan Isidro (Hospitalillo)\u201d, \u201cEl Lavadero\u201d, \u201cMarqu\u00e9s de Santillana\u201d, \u201cPlaza de la Constituci\u00f3n\u201d o en la parte trasera del Ayuntamiento. Con frecuencia, los ni\u00f1os asist\u00edan a clase <strong data-start=\"687\" data-end=\"743\">despu\u00e9s de ayudar en las tareas agr\u00edcolas familiares<\/strong>.<\/p>\n<p data-start=\"786\" data-end=\"1105\">En <strong data-start=\"789\" data-end=\"797\">1969<\/strong>, se dio un paso decisivo al centralizar la ense\u00f1anza: fue entonces cuando se cre\u00f3 el Colegio Rufino Blanco. Aunque, durante un tiempo m\u00e1s, algunas clases siguieron imparti\u00e9ndose en los edificios hist\u00f3ricos, como los de parvulitos en lo que hoy es la biblioteca local.<\/p>\n<p data-start=\"1107\" data-end=\"1401\">Con la llegada de la democracia y la aprobaci\u00f3n de la Constituci\u00f3n de 1978, se introdujeron los \u00f3rganos de participaci\u00f3n: elecciones para el Consejo Escolar (con representaci\u00f3n de familias, ayuntamiento y personal docente) y para la direcci\u00f3n del centro.<\/p>\n<p data-start=\"1403\" data-end=\"1717\">Una fecha clave en nuestra vida reciente es <strong data-start=\"1447\" data-end=\"1466\">octubre de 2009<\/strong>, cuando se inaugur\u00f3 un nuevo edificio escolar tras la demolici\u00f3n del antiguo. Este cambio marc\u00f3 un antes y un despu\u00e9s en las condiciones del centro, brindando mejores instalaciones al alumnado y al profesorado.<\/p>\n<p data-start=\"1719\" data-end=\"1940\">Adem\u00e1s, en 2010 el colegio fue reconocido por la Consejer\u00eda de Educaci\u00f3n de Andaluc\u00eda por su labor, especialmente a trav\u00e9s de la participaci\u00f3n de madres y padres en la vida escolar. Y desde e curso 2012-2013 se unici\u00f3n en su gran proyecto de centro hasta ahora m\u00e1s importante, Comunidades de Aprendizaje, donde toda la comunidad educativa tiene cabida en el proceso de ense\u00f1anza aprendizaje del alumnado.<\/p>\n<p data-start=\"1942\" data-end=\"2162\">El nombre de nuestro centro rinde homenaje a Rufino Blanco y S\u00e1nchez, pedagogo, fil\u00f3logo y reformador de la ense\u00f1anza, cuya vocaci\u00f3n y legado inspiran nuestro compromiso educativo.<\/p>\n<p data-start=\"2164\" data-end=\"2462\">Desde sus inicios hasta hoy, el Colegio Rufino Blanco ha sido un referente de la educaci\u00f3n p\u00fablica en nuestra localidad: un lugar no s\u00f3lo de ense\u00f1anza, sino de convivencia, crecimiento y transformaci\u00f3n. Las generaciones que han pasado por sus aulas forman parte viva de su historia y continuidad.<\/p>\n<p data-start=\"2164\" data-end=\"2462\">&nbsp;<\/p>\n<p data-start=\"2164\" data-end=\"2462\">&nbsp;<\/p>\n<p data-start=\"2164\" data-end=\"2462\">&nbsp;<\/p>\n<p data-start=\"2164\" data-end=\"2462\">&nbsp;<\/p>\n<p data-start=\"2164\" data-end=\"2462\">&nbsp;<\/p>\n","protected":false},"excerpt":{"rendered":"<p>Nuestra historia La historia de nuestra escuela es la historia de un pueblo que crece, aprende y se transforma. En \u00e9pocas pasadas, la educaci\u00f3n en Encinasola ten\u00eda lugar en varios locales dispersos como \u201cSan Isidro (Hospitalillo)\u201d, \u201cEl Lavadero\u201d, \u201cMarqu\u00e9s de Santillana\u201d, \u201cPlaza de la Constituci\u00f3n\u201d o en la parte trasera del Ayuntamiento. Con frecuencia, los [&hellip;]<\/p>\n","protected":false},"author":8185,"featured_media":0,"parent":0,"menu_order":0,"comment_status":"closed","ping_status":"closed","template":"","meta":{"_et_pb_use_builder":"off","_et_pb_old_content":"","_et_gb_content_width":"","ngg_post_thumbnail":0,"footnotes":""},"aioseo_notices":[],"_links":{"self":[{"href":"https:\/\/blogsaverroes.juntadeandalucia.es\/ceiprufinoblanco\/wp-json\/wp\/v2\/pages\/853"}],"collection":[{"href":"https:\/\/blogsaverroes.juntadeandalucia.es\/ceiprufinoblanco\/wp-json\/wp\/v2\/pages"}],"about":[{"href":"https:\/\/blogsaverroes.juntadeandalucia.es\/ceiprufinoblanco\/wp-json\/wp\/v2\/types\/page"}],"author":[{"embeddable":true,"href":"https:\/\/blogsaverroes.juntadeandalucia.es\/ceiprufinoblanco\/wp-json\/wp\/v2\/users\/8185"}],"replies":[{"embeddable":true,"href":"https:\/\/blogsaverroes.juntadeandalucia.es\/ceiprufinoblanco\/wp-json\/wp\/v2\/comments?post=853"}],"version-history":[{"count":8,"href":"https:\/\/blogsaverroes.juntadeandalucia.es\/ceiprufinoblanco\/wp-json\/wp\/v2\/pages\/853\/revisions"}],"predecessor-version":[{"id":1126,"href":"https:\/\/blogsaverroes.juntadeandalucia.es\/ceiprufinoblanco\/wp-json\/wp\/v2\/pages\/853\/revisions\/1126"}],"wp:attachment":[{"href":"https:\/\/blogsaverroes.juntadeandalucia.es\/ceiprufinoblanco\/wp-json\/wp\/v2\/media?parent=853"}],"curies":[{"name":"wp","href":"https:\/\/api.w.org\/{rel}","templated":true}]}}