{"id":2798,"date":"2024-02-26T10:35:23","date_gmt":"2024-02-26T09:35:23","guid":{"rendered":"https:\/\/blogsaverroes.juntadeandalucia.es\/ceipsaintsylvaindanjou\/?page_id=2798"},"modified":"2026-03-03T12:22:00","modified_gmt":"2026-03-03T11:22:00","slug":"escolarizacion-2026-2027","status":"publish","type":"page","link":"https:\/\/blogsaverroes.juntadeandalucia.es\/ceipsaintsylvaindanjou\/escolarizacion-2026-2027\/","title":{"rendered":"ESCOLARIZACI\u00d3N 2026- 2027"},"content":{"rendered":"<p><a href=\"https:\/\/blogsaverroes.juntadeandalucia.es\/ceipsaintsylvaindanjou\/files\/2026\/03\/Junta-de-Andalucia.png\"><img loading=\"lazy\" decoding=\"async\" class=\"size-full wp-image-3713 aligncenter\" src=\"https:\/\/blogsaverroes.juntadeandalucia.es\/ceipsaintsylvaindanjou\/files\/2026\/03\/Junta-de-Andalucia.png\" alt=\"\" width=\"497\" height=\"118\" srcset=\"https:\/\/blogsaverroes.juntadeandalucia.es\/ceipsaintsylvaindanjou\/files\/2026\/03\/Junta-de-Andalucia.png 497w, https:\/\/blogsaverroes.juntadeandalucia.es\/ceipsaintsylvaindanjou\/files\/2026\/03\/Junta-de-Andalucia-300x71.png 300w\" sizes=\"(max-width: 497px) 100vw, 497px\" \/><\/a><\/p>\n<table style=\"border-collapse: collapse;width: 100%;height: 30px\">\n<tbody>\n<tr style=\"height: 30px\">\n<td style=\"width: 100%;background-color: #f0d1d1;border-color: #a11010;text-align: center;height: 30px\">&nbsp;<\/td>\n<\/tr>\n<\/tbody>\n<\/table>\n<h1 style=\"text-align: center\"><span style=\"color: #993300\">El presente documento est\u00e1 dividido en dos partes.<\/span><\/h1>\n<h2><span style=\"text-decoration: underline\"><span style=\"color: #3366ff;text-decoration: underline\">PARTE 1. PASO A PASO.<\/span><\/span> Voy a solicitar plaza para mi hijo o hija en el colegio para el pr\u00f3ximo curso.<\/h2>\n<ul>\n<li>\n<h3>En negro, los pasos a seguir.<\/h3>\n<\/li>\n<li>\n<h3><span style=\"color: #3366ff\">En azul, <em>m\u00e1s f\u00e1cil todav\u00eda<\/em>. Nuestro inter\u00e9s es que sea tremendamente f\u00e1cil para todas las familias.<\/span><\/h3>\n<\/li>\n<\/ul>\n<h2><span style=\"text-decoration: underline\">PARTE 2.<\/span> INFORMACI\u00d3N GENERAL . DESCARGA DE DOCUMENTOS Y PRESENTACI\u00d3N PRESENCIAL DE LA SOLICITUD.&nbsp;<\/h2>\n<p>&nbsp;<\/p>\n<p><a href=\"https:\/\/blogsaverroes.juntadeandalucia.es\/ceipsaintsylvaindanjou\/files\/2024\/02\/ATENCI\u00d3N.jpg\"><img loading=\"lazy\" decoding=\"async\" class=\"size-medium wp-image-2830 aligncenter\" src=\"https:\/\/blogsaverroes.juntadeandalucia.es\/ceipsaintsylvaindanjou\/files\/2024\/02\/ATENCI\u00d3N-300x107.jpg\" alt=\"\" width=\"300\" height=\"107\" srcset=\"https:\/\/blogsaverroes.juntadeandalucia.es\/ceipsaintsylvaindanjou\/files\/2024\/02\/ATENCI\u00d3N-300x107.jpg 300w, https:\/\/blogsaverroes.juntadeandalucia.es\/ceipsaintsylvaindanjou\/files\/2024\/02\/ATENCI\u00d3N.jpg 377w\" sizes=\"(max-width: 300px) 100vw, 300px\" \/><\/a><\/p>\n<h2 style=\"text-align: center\">MUY IMPORTANTE<\/h2>\n<p style=\"text-align: center\"><span style=\"text-decoration: underline\"><strong><span style=\"color: #3366ff;text-decoration: underline\">LEE MUY BIEN ANTES DE CONTINUAR<\/span><\/strong><\/span><\/p>\n<h2><span style=\"color: #3366ff\">Solo podr\u00e1s <span style=\"text-decoration: underline\">presentar la solicitud en 1 colegio<\/span>. \u00a1\u00a1\u00a1NO EN DOS COLEGIOS!!!<\/span><\/h2>\n<h2><span style=\"color: #3366ff\"><span style=\"text-decoration: underline\">Si lo presentas en dos colegios<\/span>, se <span style=\"text-decoration: underline\">anulan las DOS<\/span> solicitudes. Pierdes todos los derechos<\/span><\/h2>\n<p>&nbsp;<\/p>\n<table style=\"height: 24px;width: 100%;border-collapse: collapse;background-color: #f5d68e\">\n<tbody>\n<tr style=\"height: 24px\">\n<td style=\"width: 100%;height: 24px\">\n<h1 style=\"text-align: center\"><span style=\"text-decoration: underline\"><span style=\"text-decoration: underline\"><span style=\"color: #3366ff;text-decoration: underline\"><strong>PARTE 1. PASO A PASO<\/strong><\/span><\/span><\/span><\/h1>\n<\/td>\n<\/tr>\n<\/tbody>\n<\/table>\n<table style=\"border-collapse: collapse;width: 97.532%;height: 77px\">\n<tbody>\n<tr style=\"height: 10px\">\n<td style=\"width: 100%;height: 10px\">\n<h2 style=\"text-align: center\"><strong>\u00bfCU\u00c1NDO?<\/strong><\/h2>\n<p><span style=\"color: #000000\"><strong>EL PERIODO DE ADMISI\u00d3N PARA LA ESCOLARIZACI\u00d3N DEL CURSO 2026- 2027 SER\u00c1 DEL 1 DE MARZO AL 31 DE MARZO<\/strong><\/span><\/td>\n<\/tr>\n<tr style=\"height: 67px\">\n<td style=\"width: 100%;height: 67px\">\n<p style=\"text-align: center\"><strong><span style=\"color: #3366ff\">MATRICULAMOS A NUESTROS HIJOS.<\/span><\/strong><\/p>\n<p style=\"text-align: center\"><strong><span style=\"color: #3366ff\">Inicio 1 de marzo.<\/span><\/strong><\/p>\n<p style=\"text-align: center\"><strong><span style=\"color: #3366ff\">Fin. 31 de marzo.&nbsp;<\/span><\/strong><\/p>\n<\/td>\n<\/tr>\n<\/tbody>\n<\/table>\n<h2 style=\"text-align: center\"><strong>\u00bfQUI\u00c9N PUEDE PEDIR SER ADMITIDO EN EL COLEGIO?<\/strong><\/h2>\n<p style=\"text-align: center\"><strong><span style=\"color: #3366ff\">ALUMNOS NACIDOS EN 2023<\/span><\/strong><\/p>\n<p style=\"text-align: center\"><strong><span style=\"color: #3366ff\">ALUMNOS QUE QUIEREN CAMBIAR DE COLEGIO<\/span><\/strong><\/p>\n<p>&nbsp;<\/p>\n<h2 style=\"text-align: center\"><span style=\"text-decoration: underline\">SOLICITUD DE ADMISI\u00d3N A PARTIR DE LA SECRETAR\u00cdA VIRTUAL. JUNTA DE ANDALUC\u00cdA.<\/span><\/h2>\n<h2 style=\"text-align: center\"><span style=\"text-decoration: underline\"><span style=\"color: #3366ff;text-decoration: underline\">PEDIMOS ENTRAR EN COLEGIO POR INTERNET.<\/span><\/span><\/h2>\n<p>&nbsp;<\/p>\n<h2>1. Entramos en:<\/h2>\n<h2 style=\"text-align: center\">P\u00c1GINA WEB<\/h2>\n<p style=\"text-align: center\"><span style=\"color: #3366ff\">PINCHA SOBRE LA SIGUIENTE L\u00cdNEA. ES UN ENLACE A LA P\u00c1GINA WEB.<\/span><\/p>\n<p style=\"text-align: center\"><a href=\"https:\/\/blogsaverroes.juntadeandalucia.es\/ceipsaintsylvaindanjou\/files\/2024\/02\/FLECHA.png\"><img loading=\"lazy\" decoding=\"async\" class=\"aligncenter wp-image-2821\" src=\"https:\/\/blogsaverroes.juntadeandalucia.es\/ceipsaintsylvaindanjou\/files\/2024\/02\/FLECHA-150x150.png\" alt=\"\" width=\"80\" height=\"80\" srcset=\"https:\/\/blogsaverroes.juntadeandalucia.es\/ceipsaintsylvaindanjou\/files\/2024\/02\/FLECHA-150x150.png 150w, https:\/\/blogsaverroes.juntadeandalucia.es\/ceipsaintsylvaindanjou\/files\/2024\/02\/FLECHA-300x300.png 300w, https:\/\/blogsaverroes.juntadeandalucia.es\/ceipsaintsylvaindanjou\/files\/2024\/02\/FLECHA-246x246.png 246w, https:\/\/blogsaverroes.juntadeandalucia.es\/ceipsaintsylvaindanjou\/files\/2024\/02\/FLECHA-185x185.png 185w, https:\/\/blogsaverroes.juntadeandalucia.es\/ceipsaintsylvaindanjou\/files\/2024\/02\/FLECHA-220x220.png 220w, https:\/\/blogsaverroes.juntadeandalucia.es\/ceipsaintsylvaindanjou\/files\/2024\/02\/FLECHA-60x60.png 60w, https:\/\/blogsaverroes.juntadeandalucia.es\/ceipsaintsylvaindanjou\/files\/2024\/02\/FLECHA-384x384.png 384w, https:\/\/blogsaverroes.juntadeandalucia.es\/ceipsaintsylvaindanjou\/files\/2024\/02\/FLECHA.png 512w\" sizes=\"(max-width: 80px) 100vw, 80px\" \/><\/a><\/p>\n<p style=\"text-align: center\"><a title=\"ESCOLARIZACI\u00d3N 2024- 2025\" href=\"https:\/\/www.juntadeandalucia.es\/educacion\/secretariavirtual\/\" target=\"_blank\" rel=\"noopener noreferrer\">https:\/\/www.juntadeandalucia.es\/educacion\/secretariavirtual\/<\/a><\/p>\n<p style=\"text-align: center\"><span style=\"color: #3366ff\">TAMBI\u00c9N PODEMOS VER EL V\u00cdDEO. ES MUY F\u00c1CIL.<\/span><\/p>\n<p style=\"text-align: center\"><iframe loading=\"lazy\" src=\"\/\/www.youtube.com\/embed\/0jzsoje-GyQ?pp=ygUdU0VDUkVUQVLDjUEgVklSVFVBTCBBRE1JU0nDk04\" width=\"560\" height=\"314\"><\/iframe><\/p>\n<p>&nbsp;<\/p>\n<h2 style=\"text-align: center\"><span style=\"color: #3366ff\">\u00a1 Y AHORA A RELLENAR!<\/span><\/h2>\n<p>&nbsp;<\/p>\n<table style=\"height: 138px;width: 100%;border-collapse: collapse;background-color: #f7e26a\">\n<tbody>\n<tr style=\"height: 138px\">\n<td style=\"width: 100%;height: 138px\">\n<h1 style=\"text-align: center\"><span style=\"text-decoration: underline;color: #000000\"><strong>PARTE 2. INFORMACI\u00d3N GENERAL.&nbsp; DESCARGA DE DOCUMENTOS Y PRESENTACI\u00d3N PRESENCIAL DE LA SOLICITUD<\/strong><\/span><\/h1>\n<\/td>\n<\/tr>\n<\/tbody>\n<\/table>\n<h3 style=\"text-align: justify\">TODA LA INFORMACI\u00d3N Y DOCUMENTACI\u00d3N DEL PROCESO DE ADMISI\u00d3N LA PUEDES ENCONTRAR EN LA SIGUIENTE DIRECCI\u00d3N WEB DE LA JUNTA DE ANDALUC\u00cdA.<\/h3>\n<p style=\"text-align: center\"><a title=\"WEB. ESCOLARIZACI\u00d3N. JUNTA DE ANDALUC\u00cdA.\" href=\"https:\/\/www.juntadeandalucia.es\/educacion\/portales\/web\/escolarizacion\/infantil-a-bachillerato\" target=\"_blank\" rel=\"noopener noreferrer\">https:\/\/www.juntadeandalucia.es\/educacion\/portales\/web\/escolarizacion\/infantil-a-bachillerato<\/a><\/p>\n<p>&nbsp;<\/p>\n<table style=\"width: 100%;border-collapse: collapse;background-color: #edc780\">\n<tbody>\n<tr>\n<td style=\"width: 100%\">\n<h2 style=\"text-align: center\">EN CASO DE NO PODER PRESENTARLO POR INTERNET,<\/h2>\n<h2 style=\"text-align: center\">SE PUEDE PRESENTAR LA SOLICITUD EN LA SECRETAR\u00cdA DEL COLEGIO.<\/h2>\n<h3><strong>AVISO: EL CENTRO PERMANECER\u00c1 CERRADO DESDE EL S\u00c1BADO 28 DE MARZO HASTA EL LUNES 6 DE ABRIL DE 2026 POR VACACIONES DE SEMANA SANTA, POR LO QUE TODO AQUEL QUE DESEE PRESENTAR SU SOLICITUD PRESENCIALMENTE PODR\u00c1 HACERLO HASTA EL VIERNES 27 DE MARZO.<\/strong><\/h3>\n<\/td>\n<\/tr>\n<\/tbody>\n<\/table>\n<p><strong>HORARIO DE SECRETAR\u00cdA PARA PRESENTACI\u00d3N DE SOLICITUDES:<\/strong><\/p>\n<p><strong>MI\u00c9RCOLES Y VIERNES DE 9:00 A 13:30<\/strong><\/p>\n<p><strong>TEL\u00c9FONO PARA CITA PREVIA: 950156843<\/strong><\/p>\n<p><strong>E-MAIL PARA CITA PREVIA: 04006161.edu@juntadeandalucia.es<\/strong><\/p>\n<table style=\"width: 100%;border-collapse: collapse;background-color: #dea31b\">\n<tbody>\n<tr>\n<td style=\"width: 1117.33px;text-align: center\">\n<h2><strong>DOCUMENTACI\u00d3N REQUERIDA PARA SOLICITAR PLAZA<\/strong><\/h2>\n<\/td>\n<\/tr>\n<\/tbody>\n<\/table>\n<p>DEBER\u00c1 ENTREGAR LOS SIGUIENTES DOCUMENTOS.<\/p>\n<ol>\n<li>SOLICITUD DE ADMISI\u00d3N: ANEXO III<\/li>\n<\/ol>\n<p><span style=\"color: #3366ff\">DOCUMENTO RELLENO QUE SE LLAMA ANEXO III. <\/span><\/p>\n<p><span style=\"color: #3366ff\">SE PUEDE:<\/span><\/p>\n<p><span style=\"color: #3366ff\"> RECOGER EN EL COLEGIO, RELLENARLO Y PRESENTARLO EN EL COLEGIO<\/span><\/p>\n<p><span style=\"color: #3366ff\">DESCARGAR EN EL SIGUIENTE ENLACE, RELLENARLO, IMPRIMIRLO Y PRESENTARLO EN EL COLEGIO.<\/span><\/p>\n<h2 style=\"text-align: center\">EL ENLACE ES EL SIGUIENTE:<\/h2>\n<p style=\"text-align: center\"><a title=\"https:\/\/www.juntadeandalucia.es\/educacion\/portales\/documents\/100629\/669352\/Anexo%20III\/16050806-cd1f-89da-678f-001bb54aab73?version=1.0\" href=\"https:\/\/www.juntadeandalucia.es\/educacion\/portales\/documents\/100629\/669352\/Anexo%20III\/16050806-cd1f-89da-678f-001bb54aab73?version=1.0\"><img loading=\"lazy\" decoding=\"async\" class=\"aligncenter wp-image-2821\" src=\"https:\/\/blogsaverroes.juntadeandalucia.es\/ceipsaintsylvaindanjou\/files\/2024\/02\/FLECHA-150x150.png\" alt=\"\" width=\"80\" height=\"80\" srcset=\"https:\/\/blogsaverroes.juntadeandalucia.es\/ceipsaintsylvaindanjou\/files\/2024\/02\/FLECHA-150x150.png 150w, https:\/\/blogsaverroes.juntadeandalucia.es\/ceipsaintsylvaindanjou\/files\/2024\/02\/FLECHA-300x300.png 300w, https:\/\/blogsaverroes.juntadeandalucia.es\/ceipsaintsylvaindanjou\/files\/2024\/02\/FLECHA-246x246.png 246w, https:\/\/blogsaverroes.juntadeandalucia.es\/ceipsaintsylvaindanjou\/files\/2024\/02\/FLECHA-185x185.png 185w, https:\/\/blogsaverroes.juntadeandalucia.es\/ceipsaintsylvaindanjou\/files\/2024\/02\/FLECHA-220x220.png 220w, https:\/\/blogsaverroes.juntadeandalucia.es\/ceipsaintsylvaindanjou\/files\/2024\/02\/FLECHA-60x60.png 60w, https:\/\/blogsaverroes.juntadeandalucia.es\/ceipsaintsylvaindanjou\/files\/2024\/02\/FLECHA-384x384.png 384w, https:\/\/blogsaverroes.juntadeandalucia.es\/ceipsaintsylvaindanjou\/files\/2024\/02\/FLECHA.png 512w\" sizes=\"(max-width: 80px) 100vw, 80px\" \/><\/a><\/p>\n<p style=\"text-align: center\"><a href=\"https:\/\/www.juntadeandalucia.es\/educacion\/portales\/documents\/100629\/669352\/Anexo%20III\/16050806-cd1f-89da-678f-001bb54aab73?version=1.0\">https:\/\/www.juntadeandalucia.es\/educacion\/portales\/documents\/100629\/669352\/Anexo%20III\/16050806-cd1f-89da-678f-001bb54aab73?version=1.0<\/a><\/p>\n<p>&nbsp;<\/p>\n<table style=\"width: 100%;border-collapse: collapse;background-color: #bbf048\">\n<tbody>\n<tr>\n<td style=\"width: 1117.33px\">\n<h2 style=\"text-align: center\"><strong>PARA EVITAR ERRORES, SE RECOMIENDA PRESENTAR LOS SIGUIENTES DOCUMENTOS<\/strong><\/h2>\n<\/td>\n<\/tr>\n<\/tbody>\n<\/table>\n<h2>FOTOCOPIA DEL D.N.I., N.I.E., O PASAPORTE DE LA MADRE Y EL PADRE.&nbsp;<\/h2>\n<h2>FOTOCOPIA DEL LIBRO DE FAMILIA DE TODA LA UNIDAD FAMILIAR.<\/h2>\n<p>&nbsp;<\/p>\n<p>&nbsp;<\/p>\n<p>&nbsp;<\/p>\n<p>&nbsp;<\/p>\n","protected":false},"excerpt":{"rendered":"<p>&nbsp; El presente documento est\u00e1 dividido en dos partes. PARTE 1. PASO A PASO. Voy a solicitar plaza para mi hijo o hija en el&hellip;<\/p>\n","protected":false},"author":11835,"featured_media":0,"parent":0,"menu_order":0,"comment_status":"closed","ping_status":"closed","template":"","meta":{"ngg_post_thumbnail":0,"footnotes":"","_mc_calendar":[]},"aioseo_notices":[],"_links":{"self":[{"href":"https:\/\/blogsaverroes.juntadeandalucia.es\/ceipsaintsylvaindanjou\/wp-json\/wp\/v2\/pages\/2798"}],"collection":[{"href":"https:\/\/blogsaverroes.juntadeandalucia.es\/ceipsaintsylvaindanjou\/wp-json\/wp\/v2\/pages"}],"about":[{"href":"https:\/\/blogsaverroes.juntadeandalucia.es\/ceipsaintsylvaindanjou\/wp-json\/wp\/v2\/types\/page"}],"author":[{"embeddable":true,"href":"https:\/\/blogsaverroes.juntadeandalucia.es\/ceipsaintsylvaindanjou\/wp-json\/wp\/v2\/users\/11835"}],"replies":[{"embeddable":true,"href":"https:\/\/blogsaverroes.juntadeandalucia.es\/ceipsaintsylvaindanjou\/wp-json\/wp\/v2\/comments?post=2798"}],"version-history":[{"count":30,"href":"https:\/\/blogsaverroes.juntadeandalucia.es\/ceipsaintsylvaindanjou\/wp-json\/wp\/v2\/pages\/2798\/revisions"}],"predecessor-version":[{"id":3715,"href":"https:\/\/blogsaverroes.juntadeandalucia.es\/ceipsaintsylvaindanjou\/wp-json\/wp\/v2\/pages\/2798\/revisions\/3715"}],"wp:attachment":[{"href":"https:\/\/blogsaverroes.juntadeandalucia.es\/ceipsaintsylvaindanjou\/wp-json\/wp\/v2\/media?parent=2798"}],"curies":[{"name":"wp","href":"https:\/\/api.w.org\/{rel}","templated":true}]}}