{"id":42,"date":"2015-03-13T08:40:47","date_gmt":"2015-03-13T08:40:47","guid":{"rendered":"http:\/\/blogsaverroes.juntadeandalucia.es\/pre\/ceip\/?page_id=42"},"modified":"2023-11-07T23:00:23","modified_gmt":"2023-11-07T22:00:23","slug":"equipo-directivo","status":"publish","type":"page","link":"https:\/\/blogsaverroes.juntadeandalucia.es\/ceipsaintsylvaindanjou\/equipo-directivo\/","title":{"rendered":"Equipo directivo"},"content":{"rendered":"<p><a href=\"https:\/\/blogsaverroes.juntadeandalucia.es\/ceipsaintsylvaindanjou\/files\/2023\/11\/IMG_2156.jpeg\"><br \/>\n<\/a><a href=\"https:\/\/blogsaverroes.juntadeandalucia.es\/ceipsaintsylvaindanjou\/files\/2023\/11\/IMG_2156.jpeg\"><img loading=\"lazy\" decoding=\"async\" class=\"alignleft wp-image-2307\" src=\"https:\/\/blogsaverroes.juntadeandalucia.es\/ceipsaintsylvaindanjou\/files\/2023\/11\/IMG_2156-254x300.jpeg\" alt=\"\" width=\"350\" height=\"413\" srcset=\"https:\/\/blogsaverroes.juntadeandalucia.es\/ceipsaintsylvaindanjou\/files\/2023\/11\/IMG_2156-254x300.jpeg 254w, https:\/\/blogsaverroes.juntadeandalucia.es\/ceipsaintsylvaindanjou\/files\/2023\/11\/IMG_2156-867x1024.jpeg 867w, https:\/\/blogsaverroes.juntadeandalucia.es\/ceipsaintsylvaindanjou\/files\/2023\/11\/IMG_2156-768x907.jpeg 768w, https:\/\/blogsaverroes.juntadeandalucia.es\/ceipsaintsylvaindanjou\/files\/2023\/11\/IMG_2156-1301x1536.jpeg 1301w, https:\/\/blogsaverroes.juntadeandalucia.es\/ceipsaintsylvaindanjou\/files\/2023\/11\/IMG_2156.jpeg 1355w\" sizes=\"(max-width: 350px) 100vw, 350px\" \/><\/a>&nbsp; &nbsp;El equipo directivo de Saint Sylvain d\u2019Anjou trabaja desde hace a\u00f1os para coordinar una oferta educativa actual e innovadora que permita a sus hijos e hijas elevarse de la manera m\u00e1s creativa y reflexiva posible ajust\u00e1ndose a la legislaci\u00f3n en vigor y a partir de las recomendaciones competenciales educativas establecidas para los pa\u00edses miembros a nivel europeo.<\/p>\n<p>La comunicaci\u00f3n con familias, con el alumnado, con los agentes externos y con los docentes son una prioridad absoluta que marca un punto de inicio para establecer propuestas en un af\u00e1n continuo de mejora hacia la excelencia educativa.&nbsp;<\/p>\n<h2><strong>Director&nbsp;<\/strong><\/h2>\n<p>Aniceto Eugenio Mart\u00edn Herrero<\/p>\n<p><strong>Horario de atenci\u00f3n a familias<\/strong><\/p>\n<p>Lunes, martes y jueves de 9:00 a 10:00.<\/p>\n<p>&nbsp;<\/p>\n<h2><strong>Jefa de estudios<\/strong><\/h2>\n<p>Mar\u00eda del Mar S\u00e1nchez Garc\u00eda<\/p>\n<p><strong>Horario de atenci\u00f3n a familias<\/strong>:<\/p>\n<p>Martes y mi\u00e9rcoles de 13:15 a 14:00<\/p>\n<p>Jueves de 9:00 a 10:00<\/p>\n<p>&nbsp;<\/p>\n<h2><strong>Secretario<\/strong><\/h2>\n<p>Juli\u00e1n Gim\u00e9nez Parra<\/p>\n<p><strong>Horario de atenci\u00f3n a familias<\/strong>:<\/p>\n<p>Lunes de 12:15 a 13:30<\/p>\n<p>Mi\u00e9rcoles y viernes de 9:00 a 13:30<\/p>\n","protected":false},"excerpt":{"rendered":"<p>&nbsp; &nbsp;El equipo directivo de Saint Sylvain d\u2019Anjou trabaja desde hace a\u00f1os para coordinar una oferta educativa actual e innovadora que permita a sus hijos&hellip;<\/p>\n","protected":false},"author":1,"featured_media":0,"parent":0,"menu_order":0,"comment_status":"closed","ping_status":"open","template":"","meta":{"ngg_post_thumbnail":0,"footnotes":"","_mc_calendar":[]},"aioseo_notices":[],"_links":{"self":[{"href":"https:\/\/blogsaverroes.juntadeandalucia.es\/ceipsaintsylvaindanjou\/wp-json\/wp\/v2\/pages\/42"}],"collection":[{"href":"https:\/\/blogsaverroes.juntadeandalucia.es\/ceipsaintsylvaindanjou\/wp-json\/wp\/v2\/pages"}],"about":[{"href":"https:\/\/blogsaverroes.juntadeandalucia.es\/ceipsaintsylvaindanjou\/wp-json\/wp\/v2\/types\/page"}],"author":[{"embeddable":true,"href":"https:\/\/blogsaverroes.juntadeandalucia.es\/ceipsaintsylvaindanjou\/wp-json\/wp\/v2\/users\/1"}],"replies":[{"embeddable":true,"href":"https:\/\/blogsaverroes.juntadeandalucia.es\/ceipsaintsylvaindanjou\/wp-json\/wp\/v2\/comments?post=42"}],"version-history":[{"count":11,"href":"https:\/\/blogsaverroes.juntadeandalucia.es\/ceipsaintsylvaindanjou\/wp-json\/wp\/v2\/pages\/42\/revisions"}],"predecessor-version":[{"id":2333,"href":"https:\/\/blogsaverroes.juntadeandalucia.es\/ceipsaintsylvaindanjou\/wp-json\/wp\/v2\/pages\/42\/revisions\/2333"}],"wp:attachment":[{"href":"https:\/\/blogsaverroes.juntadeandalucia.es\/ceipsaintsylvaindanjou\/wp-json\/wp\/v2\/media?parent=42"}],"curies":[{"name":"wp","href":"https:\/\/api.w.org\/{rel}","templated":true}]}}

<p><a href="https://blogsaverroes.juntadeandalucia.es/ceipsaintsylvaindanjou/files/2023/11/IMG_2156.jpeg"><br />
</a><a href="https://blogsaverroes.juntadeandalucia.es/ceipsaintsylvaindanjou/files/2023/11/IMG_2156.jpeg"><img loading="lazy" decoding="async" class="alignleft wp-image-2307" src="https://blogsaverroes.juntadeandalucia.es/ceipsaintsylvaindanjou/files/2023/11/IMG_2156-254x300.jpeg" alt="" width="350" height="413" srcset="https://blogsaverroes.juntadeandalucia.es/ceipsaintsylvaindanjou/files/2023/11/IMG_2156-254x300.jpeg 254w, https://blogsaverroes.juntadeandalucia.es/ceipsaintsylvaindanjou/files/2023/11/IMG_2156-867x1024.jpeg 867w, https://blogsaverroes.juntadeandalucia.es/ceipsaintsylvaindanjou/files/2023/11/IMG_2156-768x907.jpeg 768w, https://blogsaverroes.juntadeandalucia.es/ceipsaintsylvaindanjou/files/2023/11/IMG_2156-1301x1536.jpeg 1301w, https://blogsaverroes.juntadeandalucia.es/ceipsaintsylvaindanjou/files/2023/11/IMG_2156.jpeg 1355w" sizes="(max-width: 350px) 100vw, 350px" /></a>&nbsp; &nbsp;El equipo directivo de Saint Sylvain d’Anjou trabaja desde hace años para coordinar una oferta educativa actual e innovadora que permita a sus hijos e hijas elevarse de la manera más creativa y reflexiva posible ajustándose a la legislación en vigor y a partir de las recomendaciones competenciales educativas establecidas para los países miembros a nivel europeo.</p>
<p>La comunicación con familias, con el alumnado, con los agentes externos y con los docentes son una prioridad absoluta que marca un punto de inicio para establecer propuestas en un afán continuo de mejora hacia la excelencia educativa.&nbsp;</p>
<h2><strong>Director&nbsp;</strong></h2>
<p>Aniceto Eugenio Martín Herrero</p>
<p><strong>Horario de atención a familias</strong></p>
<p>Lunes, martes y jueves de 9:00 a 10:00.</p>
<p>&nbsp;</p>
<h2><strong>Jefa de estudios</strong></h2>
<p>María del Mar Sánchez García</p>
<p><strong>Horario de atención a familias</strong>:</p>
<p>Martes y miércoles de 13:15 a 14:00</p>
<p>Jueves de 9:00 a 10:00</p>
<p>&nbsp;</p>
<h2><strong>Secretario</strong></h2>
<p>Julián Giménez Parra</p>
<p><strong>Horario de atención a familias</strong>:</p>
<p>Lunes de 12:15 a 13:30</p>
<p>Miércoles y viernes de 9:00 a 13:30</p>

<p>&nbsp; &nbsp;El equipo directivo de Saint Sylvain d’Anjou trabaja desde hace años para coordinar una oferta educativa actual e innovadora que permita a sus hijos&hellip;</p>
