{"id":2338,"date":"2020-05-01T18:05:45","date_gmt":"2020-05-01T18:05:45","guid":{"rendered":"https:\/\/blogsaverroes.juntadeandalucia.es\/ceipsalvadorvinuesa\/?page_id=2338"},"modified":"2023-05-16T12:21:16","modified_gmt":"2023-05-16T11:21:16","slug":"plan-de-igualdad","status":"publish","type":"page","link":"https:\/\/blogsaverroes.juntadeandalucia.es\/ceipsalvadorvinuesa\/planes-y-proyectos\/plan-de-igualdad\/","title":{"rendered":"Plan de Igualdad"},"content":{"rendered":"<p><strong>ACTIVIDAD ANUAL: \u00abALEGRAR EL D\u00cdA A ALGUIEN ES MUY SENCILLO\u00bb<\/strong><\/p>\n<p>Como llevamos haciendo varios cursos, este a\u00f1o iniciamos las actividades relacionadas con nuestro Plan de Igualdad y dentro del Pacto de Estado contra la violencia de g\u00e9nero,&nbsp; con la propuesta de una tarea con car\u00e1cter anual, titulada: <strong>\u201cALEGRAR EL D\u00cdA A ALGUIEN, ES MUY SENCILLO\u201d.<\/strong><\/p>\n<p>Con la finalidad de apoyar el desarrollo de la inteligencia emocional de los ni\u00f1os y ni\u00f1as, as\u00ed como el progreso de sus habilidades sociales, y descubrir las actitudes y cualidades positivas propias y de las dem\u00e1s personas, utilizaremos esta actividad a nivel de tutor\u00eda.<\/p>\n<p>Se trata de colocar, dentro del aula, un recurso para \u201c<em>Alegrar el d\u00eda a alguien<\/em>\u201d. A trav\u00e9s de dicho recurso, tendremos la oportunidad de ofrecerle un cumplido a un compa\u00f1ero\/a en alg\u00fan momento de la semana acordado para ello, por ejemplo, durante la tutor\u00eda.&nbsp;<\/p>\n<p>Las propuestas para utilizar han sido las siguientes:<\/p>\n<p><a href=\"https:\/\/blogsaverroes.juntadeandalucia.es\/ceipsalvadorvinuesa\/files\/2023\/05\/alegrar_dia_para_regalar.png\"><img loading=\"lazy\" decoding=\"async\" class=\"size-medium wp-image-2821 aligncenter\" src=\"https:\/\/blogsaverroes.juntadeandalucia.es\/ceipsalvadorvinuesa\/files\/2023\/05\/alegrar_dia_para_regalar-291x300.png\" alt=\"\" width=\"291\" height=\"300\" srcset=\"https:\/\/blogsaverroes.juntadeandalucia.es\/ceipsalvadorvinuesa\/files\/2023\/05\/alegrar_dia_para_regalar-291x300.png 291w, https:\/\/blogsaverroes.juntadeandalucia.es\/ceipsalvadorvinuesa\/files\/2023\/05\/alegrar_dia_para_regalar.png 585w\" sizes=\"(max-width: 291px) 100vw, 291px\" \/><\/a> <a href=\"https:\/\/blogsaverroes.juntadeandalucia.es\/ceipsalvadorvinuesa\/files\/2023\/05\/alegrar_el_dia.png\"><img loading=\"lazy\" decoding=\"async\" class=\"size-medium wp-image-2822 aligncenter\" src=\"https:\/\/blogsaverroes.juntadeandalucia.es\/ceipsalvadorvinuesa\/files\/2023\/05\/alegrar_el_dia-300x226.png\" alt=\"\" width=\"300\" height=\"226\" srcset=\"https:\/\/blogsaverroes.juntadeandalucia.es\/ceipsalvadorvinuesa\/files\/2023\/05\/alegrar_el_dia-300x226.png 300w, https:\/\/blogsaverroes.juntadeandalucia.es\/ceipsalvadorvinuesa\/files\/2023\/05\/alegrar_el_dia.png 537w\" sizes=\"(max-width: 300px) 100vw, 300px\" \/><\/a><\/p>\n<p><a href=\"https:\/\/blogsaverroes.juntadeandalucia.es\/ceipsalvadorvinuesa\/files\/2023\/05\/ACTIVIDAD-ANUAL.docx\">ACTIVIDAD ANUAL<\/a> (.docx)<\/p>\n<p>Con esta iniciativa, esperamos continuar apoyando el desarrollo emocional de nuestro alumnado as\u00ed como el clima de convivencia positiva en nuestro centro.<\/p>\n<p>La Coordinadora del Plan de Igualdad.<\/p>\n<hr>\n<p><strong>PROGRAMA DE PREVENCI\u00d3N DE LA VIOLENCIA DE G\u00c9NERO<\/strong><\/p>\n<p>En este apartado se informar\u00e1 de todo lo relacionado con el Programa de Prevenci\u00f3n de la Violencia de G\u00e9nero.<\/p>\n<p><a href=\"https:\/\/blogsaverroes.juntadeandalucia.es\/ceipsalvadorvinuesa\/files\/2020\/04\/cartel_programa-prevenci\u00f3n-violencia-de-g\u00e9nero-1.pdf\">cartel_programa prevenci\u00f3n violencia de g\u00e9nero<\/a><\/p>\n<p>&nbsp;<\/p>\n<p>CAMPA\u00d1A DEL JUGUETE Y LIBRO NO SEXISTAS<\/p>\n<p>Ahora que se acercan las fechas navide\u00f1as y el momento para elegir los regalos para vuestras hijas e hijos, aprovechamos para haceros llegar unas recomendaciones de juguetes y libros que hemos seleccionado tomando como referente el dec\u00e1logo que tambi\u00e9n os adjuntamos. Esperamos que os sean de utilidad.<\/p>\n<p>Coordinaci\u00f3n del Plan de Igualdad y del Programa de Prevenci\u00f3n de la Violencia de G\u00e9nero.<\/p>\nngg_shortcode_0_placeholder\n","protected":false},"excerpt":{"rendered":"<p>ACTIVIDAD ANUAL: \u00abALEGRAR EL D\u00cdA A ALGUIEN ES MUY SENCILLO\u00bb Como llevamos haciendo varios cursos, este a\u00f1o iniciamos las actividades relacionadas con nuestro Plan de Igualdad y dentro del Pacto de Estado contra la violencia de g\u00e9nero,&nbsp; con la propuesta de una tarea con car\u00e1cter anual, titulada: \u201cALEGRAR EL D\u00cdA A ALGUIEN, ES MUY SENCILLO\u201d. &hellip; <\/p>\n<p><a class=\"more-link btn\" href=\"https:\/\/blogsaverroes.juntadeandalucia.es\/ceipsalvadorvinuesa\/planes-y-proyectos\/plan-de-igualdad\/\">Seguir leyendo<\/a><\/p>\n","protected":false},"author":9442,"featured_media":0,"parent":44,"menu_order":0,"comment_status":"closed","ping_status":"closed","template":"","meta":{"ngg_post_thumbnail":0,"footnotes":"","_mc_calendar":[]},"aioseo_notices":[],"_links":{"self":[{"href":"https:\/\/blogsaverroes.juntadeandalucia.es\/ceipsalvadorvinuesa\/wp-json\/wp\/v2\/pages\/2338"}],"collection":[{"href":"https:\/\/blogsaverroes.juntadeandalucia.es\/ceipsalvadorvinuesa\/wp-json\/wp\/v2\/pages"}],"about":[{"href":"https:\/\/blogsaverroes.juntadeandalucia.es\/ceipsalvadorvinuesa\/wp-json\/wp\/v2\/types\/page"}],"author":[{"embeddable":true,"href":"https:\/\/blogsaverroes.juntadeandalucia.es\/ceipsalvadorvinuesa\/wp-json\/wp\/v2\/users\/9442"}],"replies":[{"embeddable":true,"href":"https:\/\/blogsaverroes.juntadeandalucia.es\/ceipsalvadorvinuesa\/wp-json\/wp\/v2\/comments?post=2338"}],"version-history":[{"count":13,"href":"https:\/\/blogsaverroes.juntadeandalucia.es\/ceipsalvadorvinuesa\/wp-json\/wp\/v2\/pages\/2338\/revisions"}],"predecessor-version":[{"id":2823,"href":"https:\/\/blogsaverroes.juntadeandalucia.es\/ceipsalvadorvinuesa\/wp-json\/wp\/v2\/pages\/2338\/revisions\/2823"}],"up":[{"embeddable":true,"href":"https:\/\/blogsaverroes.juntadeandalucia.es\/ceipsalvadorvinuesa\/wp-json\/wp\/v2\/pages\/44"}],"wp:attachment":[{"href":"https:\/\/blogsaverroes.juntadeandalucia.es\/ceipsalvadorvinuesa\/wp-json\/wp\/v2\/media?parent=2338"}],"curies":[{"name":"wp","href":"https:\/\/api.w.org\/{rel}","templated":true}]}}