{"id":99,"date":"2015-03-16T07:22:54","date_gmt":"2015-03-16T07:22:54","guid":{"rendered":"http:\/\/blogsaverroes.juntadeandalucia.es\/pre\/ceip\/?page_id=99"},"modified":"2023-09-08T11:28:35","modified_gmt":"2023-09-08T10:28:35","slug":"comedor-escolar","status":"publish","type":"page","link":"https:\/\/blogsaverroes.juntadeandalucia.es\/ceipsalvadorvinuesa\/comedor-escolar\/","title":{"rendered":"Comedor escolar"},"content":{"rendered":"<p>El comedor escolar es un excelente complemento de nuestro centro educativo para promover la educaci\u00f3n sobre h\u00e1bitos de vida saludable a trav\u00e9s de un personal especializado y del programa de alimentaci\u00f3n contando con la experiencia y dedicaci\u00f3n de una empresa l\u00edder en el sector como Mediterr\u00e1nea de Catering.<br \/>\nLa elaboraci\u00f3n de los men\u00fas se realiza con la premisa de ser atrayentes para los escolares, adem\u00e1s de reunir las propiedades nutricionales y saludables que contribuyen a la correcta alimentaci\u00f3n. La orientaci\u00f3n hacia la DIETA MEDITERR\u00c1NEA hace que los men\u00fas sean sanos y saludables, evitando posibles tendencias a la obesidad y el sobrepeso.<\/p>\n","protected":false},"excerpt":{"rendered":"<p>El comedor escolar es un excelente complemento de nuestro centro educativo para promover la educaci\u00f3n sobre h\u00e1bitos de vida saludable a trav\u00e9s de un personal especializado y del programa de alimentaci\u00f3n contando con la experiencia y dedicaci\u00f3n de una empresa l\u00edder en el sector como Mediterr\u00e1nea de Catering. La elaboraci\u00f3n de los men\u00fas se realiza &hellip; <\/p>\n<p><a class=\"more-link btn\" href=\"https:\/\/blogsaverroes.juntadeandalucia.es\/ceipsalvadorvinuesa\/comedor-escolar\/\">Seguir leyendo<\/a><\/p>\n","protected":false},"author":1,"featured_media":0,"parent":0,"menu_order":0,"comment_status":"open","ping_status":"open","template":"","meta":{"ngg_post_thumbnail":0,"footnotes":"","_mc_calendar":[]},"aioseo_notices":[],"_links":{"self":[{"href":"https:\/\/blogsaverroes.juntadeandalucia.es\/ceipsalvadorvinuesa\/wp-json\/wp\/v2\/pages\/99"}],"collection":[{"href":"https:\/\/blogsaverroes.juntadeandalucia.es\/ceipsalvadorvinuesa\/wp-json\/wp\/v2\/pages"}],"about":[{"href":"https:\/\/blogsaverroes.juntadeandalucia.es\/ceipsalvadorvinuesa\/wp-json\/wp\/v2\/types\/page"}],"author":[{"embeddable":true,"href":"https:\/\/blogsaverroes.juntadeandalucia.es\/ceipsalvadorvinuesa\/wp-json\/wp\/v2\/users\/1"}],"replies":[{"embeddable":true,"href":"https:\/\/blogsaverroes.juntadeandalucia.es\/ceipsalvadorvinuesa\/wp-json\/wp\/v2\/comments?post=99"}],"version-history":[{"count":4,"href":"https:\/\/blogsaverroes.juntadeandalucia.es\/ceipsalvadorvinuesa\/wp-json\/wp\/v2\/pages\/99\/revisions"}],"predecessor-version":[{"id":2948,"href":"https:\/\/blogsaverroes.juntadeandalucia.es\/ceipsalvadorvinuesa\/wp-json\/wp\/v2\/pages\/99\/revisions\/2948"}],"wp:attachment":[{"href":"https:\/\/blogsaverroes.juntadeandalucia.es\/ceipsalvadorvinuesa\/wp-json\/wp\/v2\/media?parent=99"}],"curies":[{"name":"wp","href":"https:\/\/api.w.org\/{rel}","templated":true}]}}

<p>El comedor escolar es un excelente complemento de nuestro centro educativo para promover la educación sobre hábitos de vida saludable a través de un personal especializado y del programa de alimentación contando con la experiencia y dedicación de una empresa líder en el sector como Mediterránea de Catering.<br />
La elaboración de los menús se realiza con la premisa de ser atrayentes para los escolares, además de reunir las propiedades nutricionales y saludables que contribuyen a la correcta alimentación. La orientación hacia la DIETA MEDITERRÁNEA hace que los menús sean sanos y saludables, evitando posibles tendencias a la obesidad y el sobrepeso.</p>

<p>El comedor escolar es un excelente complemento de nuestro centro educativo para promover la educación sobre hábitos de vida saludable a través de un personal especializado y del programa de alimentación contando con la experiencia y dedicación de una empresa líder en el sector como Mediterránea de Catering. La elaboración de los menús se realiza &hellip; </p>
<p><a class="more-link btn" href="https://blogsaverroes.juntadeandalucia.es/ceipsalvadorvinuesa/comedor-escolar/">Seguir leyendo</a></p>
