{"id":1042,"date":"2025-02-19T10:33:23","date_gmt":"2025-02-19T09:33:23","guid":{"rendered":"https:\/\/blogsaverroes.juntadeandalucia.es\/ceipsanagustinecija\/?page_id=1042"},"modified":"2025-11-04T09:47:46","modified_gmt":"2025-11-04T08:47:46","slug":"administracion","status":"publish","type":"page","link":"https:\/\/blogsaverroes.juntadeandalucia.es\/ceipsanagustinecija\/administracion\/","title":{"rendered":"Administraci\u00f3n"},"content":{"rendered":"<p><strong>ADMINISTRACI\u00d3N DEL C.E.I.P. SAN AGUST\u00cdN<\/strong><\/p>\n<p><img loading=\"lazy\" decoding=\"async\" class=\" wp-image-1810 aligncenter\" src=\"https:\/\/blogsaverroes.juntadeandalucia.es\/ceipsanagustinecija\/files\/2025\/11\/20251014_101727-1024x577.jpg\" alt=\"\" width=\"632\" height=\"356\" srcset=\"https:\/\/blogsaverroes.juntadeandalucia.es\/ceipsanagustinecija\/files\/2025\/11\/20251014_101727-1024x577.jpg 1024w, https:\/\/blogsaverroes.juntadeandalucia.es\/ceipsanagustinecija\/files\/2025\/11\/20251014_101727-300x169.jpg 300w, https:\/\/blogsaverroes.juntadeandalucia.es\/ceipsanagustinecija\/files\/2025\/11\/20251014_101727-768x433.jpg 768w, https:\/\/blogsaverroes.juntadeandalucia.es\/ceipsanagustinecija\/files\/2025\/11\/20251014_101727-1536x865.jpg 1536w, https:\/\/blogsaverroes.juntadeandalucia.es\/ceipsanagustinecija\/files\/2025\/11\/20251014_101727-2048x1153.jpg 2048w\" sizes=\"(max-width: 632px) 85vw, 632px\" \/><\/p>\n<hr data-start=\"425\" data-end=\"428\">\n<p>Horario de atenci\u00f3n a la familia del alumnado &#8211; 09.00 hasta 13.30 horas.&nbsp;<\/p>\n<hr data-start=\"425\" data-end=\"428\">\n<p><strong>\u00a1Estaremos encantados de atenderte!<\/strong><\/p>\n","protected":false},"excerpt":{"rendered":"<p>ADMINISTRACI\u00d3N DEL C.E.I.P. SAN AGUST\u00cdN Horario de atenci\u00f3n a la familia del alumnado &#8211; 09.00 hasta 13.30 horas.&nbsp; \u00a1Estaremos encantados de atenderte!<\/p>\n","protected":false},"author":14152,"featured_media":1810,"parent":0,"menu_order":0,"comment_status":"closed","ping_status":"closed","template":"","meta":{"ngg_post_thumbnail":0,"footnotes":""},"aioseo_notices":[],"_links":{"self":[{"href":"https:\/\/blogsaverroes.juntadeandalucia.es\/ceipsanagustinecija\/wp-json\/wp\/v2\/pages\/1042"}],"collection":[{"href":"https:\/\/blogsaverroes.juntadeandalucia.es\/ceipsanagustinecija\/wp-json\/wp\/v2\/pages"}],"about":[{"href":"https:\/\/blogsaverroes.juntadeandalucia.es\/ceipsanagustinecija\/wp-json\/wp\/v2\/types\/page"}],"author":[{"embeddable":true,"href":"https:\/\/blogsaverroes.juntadeandalucia.es\/ceipsanagustinecija\/wp-json\/wp\/v2\/users\/14152"}],"replies":[{"embeddable":true,"href":"https:\/\/blogsaverroes.juntadeandalucia.es\/ceipsanagustinecija\/wp-json\/wp\/v2\/comments?post=1042"}],"version-history":[{"count":5,"href":"https:\/\/blogsaverroes.juntadeandalucia.es\/ceipsanagustinecija\/wp-json\/wp\/v2\/pages\/1042\/revisions"}],"predecessor-version":[{"id":1817,"href":"https:\/\/blogsaverroes.juntadeandalucia.es\/ceipsanagustinecija\/wp-json\/wp\/v2\/pages\/1042\/revisions\/1817"}],"wp:featuredmedia":[{"embeddable":true,"href":"https:\/\/blogsaverroes.juntadeandalucia.es\/ceipsanagustinecija\/wp-json\/wp\/v2\/media\/1810"}],"wp:attachment":[{"href":"https:\/\/blogsaverroes.juntadeandalucia.es\/ceipsanagustinecija\/wp-json\/wp\/v2\/media?parent=1042"}],"curies":[{"name":"wp","href":"https:\/\/api.w.org\/{rel}","templated":true}]}}