{"id":1100,"date":"2025-02-21T09:25:35","date_gmt":"2025-02-21T08:25:35","guid":{"rendered":"https:\/\/blogsaverroes.juntadeandalucia.es\/ceipsanagustinecija\/?page_id=1100"},"modified":"2025-12-04T09:55:52","modified_gmt":"2025-12-04T08:55:52","slug":"ampa-las-once-torres","status":"publish","type":"page","link":"https:\/\/blogsaverroes.juntadeandalucia.es\/ceipsanagustinecija\/ampa-las-once-torres\/","title":{"rendered":"AMPA LAS ONCE TORRES"},"content":{"rendered":"<h1 class=\"entry-title entry--item h2\"><span style=\"font-size: 12pt\">Mercadillo Navide\u00f1o AMPA \u2013 2025<\/span><\/h1>\n<div class=\"entry-meta entry--item text-uppercase text-xsmall link-meta\">\n<p>Un a\u00f1o m\u00e1s vuelve nuestro Mercadillo solidario donde a parte de encontrar muchas gangas y unas flores de pascua preciosas podr\u00e1s disfrutar de una tarde navide\u00f1a con m\u00fasica, merienda, chuches, sorteos y muchas sorpresas m\u00e1s.&nbsp;<\/p>\n<p>\u00bfTe lo vas a perder? \u00a1Que no te lo cuenten\u2026!<\/p>\n<p>\u00a1JUNTOS SUMAMOS!<\/p>\n<p><img loading=\"lazy\" decoding=\"async\" class=\" wp-image-2001 aligncenter\" src=\"https:\/\/blogsaverroes.juntadeandalucia.es\/ceipsanagustinecija\/files\/2025\/12\/FB_IMG_1764750301116-1-819x1024.jpg\" alt=\"\" width=\"582\" height=\"727\" srcset=\"https:\/\/blogsaverroes.juntadeandalucia.es\/ceipsanagustinecija\/files\/2025\/12\/FB_IMG_1764750301116-1-819x1024.jpg 819w, https:\/\/blogsaverroes.juntadeandalucia.es\/ceipsanagustinecija\/files\/2025\/12\/FB_IMG_1764750301116-1-240x300.jpg 240w, https:\/\/blogsaverroes.juntadeandalucia.es\/ceipsanagustinecija\/files\/2025\/12\/FB_IMG_1764750301116-1-768x960.jpg 768w, https:\/\/blogsaverroes.juntadeandalucia.es\/ceipsanagustinecija\/files\/2025\/12\/FB_IMG_1764750301116-1.jpg 1080w\" sizes=\"(max-width: 582px) 85vw, 582px\" \/><\/p>\n<\/div>\n<p>Preparad@s para una tarde terror\u00edfica??&nbsp;<\/p>\n<p>Que no te lo cuenten&#8230; Os esperamos!!&nbsp;<\/p>\n<p><img loading=\"lazy\" decoding=\"async\" class=\" wp-image-1741 aligncenter\" src=\"https:\/\/blogsaverroes.juntadeandalucia.es\/ceipsanagustinecija\/files\/2025\/10\/FB_IMG_1761821313173-683x1024.jpg\" alt=\"\" width=\"534\" height=\"800\"><\/p>\n<p>_________________________________________________________________________________________________________________________<\/p>\n<p>\u00bfTe gustar\u00eda colaborar?<\/p>\n<p>\u00bfDarle una segunda vida a objetos que ya no usas?&nbsp;<\/p>\n<p>Esta es la mejor oportunidad.&nbsp;<\/p>\n<p>Mercadillo solidario. Pr\u00f3ximamente os informaremos de las fechas.&nbsp;<\/p>\n<p>\u00a1JUNTOS SUMAMOS!<\/p>\n<p><img loading=\"lazy\" decoding=\"async\" class=\"size-large wp-image-1618 aligncenter\" src=\"https:\/\/blogsaverroes.juntadeandalucia.es\/ceipsanagustinecija\/files\/2025\/10\/IMG-20251014-WA0048-1-1024x1024.jpg\" alt=\"\" width=\"843\" height=\"843\" srcset=\"https:\/\/blogsaverroes.juntadeandalucia.es\/ceipsanagustinecija\/files\/2025\/10\/IMG-20251014-WA0048-1-1024x1024.jpg 1024w, https:\/\/blogsaverroes.juntadeandalucia.es\/ceipsanagustinecija\/files\/2025\/10\/IMG-20251014-WA0048-1-300x300.jpg 300w, https:\/\/blogsaverroes.juntadeandalucia.es\/ceipsanagustinecija\/files\/2025\/10\/IMG-20251014-WA0048-1-150x150.jpg 150w, https:\/\/blogsaverroes.juntadeandalucia.es\/ceipsanagustinecija\/files\/2025\/10\/IMG-20251014-WA0048-1-768x768.jpg 768w, https:\/\/blogsaverroes.juntadeandalucia.es\/ceipsanagustinecija\/files\/2025\/10\/IMG-20251014-WA0048-1.jpg 1296w\" sizes=\"(max-width: 709px) 85vw, (max-width: 909px) 67vw, (max-width: 1362px) 62vw, 840px\" \/><\/p>\n","protected":false},"excerpt":{"rendered":"<p>Mercadillo Navide\u00f1o AMPA \u2013 2025 Un a\u00f1o m\u00e1s vuelve nuestro Mercadillo solidario donde a parte de encontrar muchas gangas y unas flores de pascua preciosas podr\u00e1s disfrutar de una tarde navide\u00f1a con m\u00fasica, merienda, chuches, sorteos y muchas sorpresas m\u00e1s.&nbsp; \u00bfTe lo vas a perder? \u00a1Que no te lo cuenten\u2026! \u00a1JUNTOS SUMAMOS! Preparad@s para una &hellip; <a href=\"https:\/\/blogsaverroes.juntadeandalucia.es\/ceipsanagustinecija\/ampa-las-once-torres\/\" class=\"more-link\">Continuar leyendo<span class=\"screen-reader-text\"> &#8220;AMPA LAS ONCE TORRES&#8221;<\/span><\/a><\/p>\n","protected":false},"author":14152,"featured_media":0,"parent":0,"menu_order":0,"comment_status":"closed","ping_status":"closed","template":"","meta":{"ngg_post_thumbnail":0,"footnotes":""},"aioseo_notices":[],"_links":{"self":[{"href":"https:\/\/blogsaverroes.juntadeandalucia.es\/ceipsanagustinecija\/wp-json\/wp\/v2\/pages\/1100"}],"collection":[{"href":"https:\/\/blogsaverroes.juntadeandalucia.es\/ceipsanagustinecija\/wp-json\/wp\/v2\/pages"}],"about":[{"href":"https:\/\/blogsaverroes.juntadeandalucia.es\/ceipsanagustinecija\/wp-json\/wp\/v2\/types\/page"}],"author":[{"embeddable":true,"href":"https:\/\/blogsaverroes.juntadeandalucia.es\/ceipsanagustinecija\/wp-json\/wp\/v2\/users\/14152"}],"replies":[{"embeddable":true,"href":"https:\/\/blogsaverroes.juntadeandalucia.es\/ceipsanagustinecija\/wp-json\/wp\/v2\/comments?post=1100"}],"version-history":[{"count":7,"href":"https:\/\/blogsaverroes.juntadeandalucia.es\/ceipsanagustinecija\/wp-json\/wp\/v2\/pages\/1100\/revisions"}],"predecessor-version":[{"id":2002,"href":"https:\/\/blogsaverroes.juntadeandalucia.es\/ceipsanagustinecija\/wp-json\/wp\/v2\/pages\/1100\/revisions\/2002"}],"wp:attachment":[{"href":"https:\/\/blogsaverroes.juntadeandalucia.es\/ceipsanagustinecija\/wp-json\/wp\/v2\/media?parent=1100"}],"curies":[{"name":"wp","href":"https:\/\/api.w.org\/{rel}","templated":true}]}}