{"id":1378,"date":"2025-03-25T09:41:46","date_gmt":"2025-03-25T08:41:46","guid":{"rendered":"https:\/\/blogsaverroes.juntadeandalucia.es\/ceipsanagustinecija\/?page_id=1378"},"modified":"2025-11-04T10:07:59","modified_gmt":"2025-11-04T09:07:59","slug":"aula-matinal","status":"publish","type":"page","link":"https:\/\/blogsaverroes.juntadeandalucia.es\/ceipsanagustinecija\/aula-matinal\/","title":{"rendered":"Aula Matinal"},"content":{"rendered":"<p><strong>AULA MATINAL DEL C.E.I.P. SAN AGUST\u00cdN<\/strong><\/p>\n<hr data-start=\"425\" data-end=\"428\">\n<p>Horario: 7.30 a 9.00 horas<\/p>\n<hr data-start=\"425\" data-end=\"428\">\n<p>Para poder acceder a \u00e9l, p\u00e1sate por la &#8220;Administraci\u00f3n&#8221; del centro.&nbsp;<\/p>\n<p><strong>\u00a1Estaremos encantados de atenderte!<\/strong><\/p>\n","protected":false},"excerpt":{"rendered":"<p>AULA MATINAL DEL C.E.I.P. SAN AGUST\u00cdN Horario: 7.30 a 9.00 horas Para poder acceder a \u00e9l, p\u00e1sate por la &#8220;Administraci\u00f3n&#8221; del centro.&nbsp; \u00a1Estaremos encantados de atenderte!<\/p>\n","protected":false},"author":14152,"featured_media":0,"parent":0,"menu_order":0,"comment_status":"closed","ping_status":"closed","template":"","meta":{"ngg_post_thumbnail":0,"footnotes":""},"aioseo_notices":[],"_links":{"self":[{"href":"https:\/\/blogsaverroes.juntadeandalucia.es\/ceipsanagustinecija\/wp-json\/wp\/v2\/pages\/1378"}],"collection":[{"href":"https:\/\/blogsaverroes.juntadeandalucia.es\/ceipsanagustinecija\/wp-json\/wp\/v2\/pages"}],"about":[{"href":"https:\/\/blogsaverroes.juntadeandalucia.es\/ceipsanagustinecija\/wp-json\/wp\/v2\/types\/page"}],"author":[{"embeddable":true,"href":"https:\/\/blogsaverroes.juntadeandalucia.es\/ceipsanagustinecija\/wp-json\/wp\/v2\/users\/14152"}],"replies":[{"embeddable":true,"href":"https:\/\/blogsaverroes.juntadeandalucia.es\/ceipsanagustinecija\/wp-json\/wp\/v2\/comments?post=1378"}],"version-history":[{"count":3,"href":"https:\/\/blogsaverroes.juntadeandalucia.es\/ceipsanagustinecija\/wp-json\/wp\/v2\/pages\/1378\/revisions"}],"predecessor-version":[{"id":1828,"href":"https:\/\/blogsaverroes.juntadeandalucia.es\/ceipsanagustinecija\/wp-json\/wp\/v2\/pages\/1378\/revisions\/1828"}],"wp:attachment":[{"href":"https:\/\/blogsaverroes.juntadeandalucia.es\/ceipsanagustinecija\/wp-json\/wp\/v2\/media?parent=1378"}],"curies":[{"name":"wp","href":"https:\/\/api.w.org\/{rel}","templated":true}]}}