{"id":1379,"date":"2025-03-25T09:41:46","date_gmt":"2025-03-25T08:41:46","guid":{"rendered":"https:\/\/blogsaverroes.juntadeandalucia.es\/ceipsanagustinecija\/?page_id=1379"},"modified":"2025-11-04T10:16:51","modified_gmt":"2025-11-04T09:16:51","slug":"actividades-extraescolares","status":"publish","type":"page","link":"https:\/\/blogsaverroes.juntadeandalucia.es\/ceipsanagustinecija\/actividades-extraescolares\/","title":{"rendered":"Actividades Extraescolares"},"content":{"rendered":"<p><strong>\u00a1CAMBIO EN EL HORARIO M\u00c1S DEPORTE!<\/strong><\/p>\n<p><img loading=\"lazy\" decoding=\"async\" class=\" wp-image-1830 aligncenter\" src=\"https:\/\/blogsaverroes.juntadeandalucia.es\/ceipsanagustinecija\/files\/2025\/11\/Banner-entrada-e1762247785610-1024x550.png\" alt=\"\" width=\"694\" height=\"373\" srcset=\"https:\/\/blogsaverroes.juntadeandalucia.es\/ceipsanagustinecija\/files\/2025\/11\/Banner-entrada-e1762247785610-1024x550.png 1024w, https:\/\/blogsaverroes.juntadeandalucia.es\/ceipsanagustinecija\/files\/2025\/11\/Banner-entrada-e1762247785610-300x161.png 300w, https:\/\/blogsaverroes.juntadeandalucia.es\/ceipsanagustinecija\/files\/2025\/11\/Banner-entrada-e1762247785610-768x412.png 768w, https:\/\/blogsaverroes.juntadeandalucia.es\/ceipsanagustinecija\/files\/2025\/11\/Banner-entrada-e1762247785610-1536x824.png 1536w, https:\/\/blogsaverroes.juntadeandalucia.es\/ceipsanagustinecija\/files\/2025\/11\/Banner-entrada-e1762247785610-2048x1099.png 2048w\" sizes=\"(max-width: 694px) 85vw, 694px\" \/><\/p>\n<p><strong>Actividades extraescolares &#8211; Plan familiar<\/strong><\/p>\n<p><img loading=\"lazy\" decoding=\"async\" class=\"wp-image-1621 alignleft\" src=\"https:\/\/blogsaverroes.juntadeandalucia.es\/ceipsanagustinecija\/files\/2025\/10\/PLAN-DE-FAMILIA-ACTIVIDADES-EXTRAESCOLARES-3-724x1024.png\" alt=\"\" width=\"328\" height=\"464\" srcset=\"https:\/\/blogsaverroes.juntadeandalucia.es\/ceipsanagustinecija\/files\/2025\/10\/PLAN-DE-FAMILIA-ACTIVIDADES-EXTRAESCOLARES-3-724x1024.png 724w, https:\/\/blogsaverroes.juntadeandalucia.es\/ceipsanagustinecija\/files\/2025\/10\/PLAN-DE-FAMILIA-ACTIVIDADES-EXTRAESCOLARES-3-212x300.png 212w, https:\/\/blogsaverroes.juntadeandalucia.es\/ceipsanagustinecija\/files\/2025\/10\/PLAN-DE-FAMILIA-ACTIVIDADES-EXTRAESCOLARES-3-768x1086.png 768w, https:\/\/blogsaverroes.juntadeandalucia.es\/ceipsanagustinecija\/files\/2025\/10\/PLAN-DE-FAMILIA-ACTIVIDADES-EXTRAESCOLARES-3-1086x1536.png 1086w, https:\/\/blogsaverroes.juntadeandalucia.es\/ceipsanagustinecija\/files\/2025\/10\/PLAN-DE-FAMILIA-ACTIVIDADES-EXTRAESCOLARES-3.png 1414w\" sizes=\"(max-width: 328px) 85vw, 328px\" \/><strong>Programa &#8220;M\u00e1s deporte&#8221;<\/strong><\/p>\n<p>El lunes, d\u00eda 20 de octubre dar\u00e1 lugar el comienzo del nuevo programa &#8220;M\u00e1s deporte&#8221;, el cual constar\u00e1 de actividades como baloncesto, f\u00fatbol sala y multideporte, en los siguientes horarios:&nbsp;<\/p>\n<p><img loading=\"lazy\" decoding=\"async\" class=\"wp-image-1611 alignleft\" src=\"https:\/\/blogsaverroes.juntadeandalucia.es\/ceipsanagustinecija\/files\/2025\/10\/MAS-DEPORTE-1-724x1024.png\" alt=\"\" width=\"349\" height=\"494\" srcset=\"https:\/\/blogsaverroes.juntadeandalucia.es\/ceipsanagustinecija\/files\/2025\/10\/MAS-DEPORTE-1-724x1024.png 724w, https:\/\/blogsaverroes.juntadeandalucia.es\/ceipsanagustinecija\/files\/2025\/10\/MAS-DEPORTE-1-212x300.png 212w, https:\/\/blogsaverroes.juntadeandalucia.es\/ceipsanagustinecija\/files\/2025\/10\/MAS-DEPORTE-1-768x1086.png 768w, https:\/\/blogsaverroes.juntadeandalucia.es\/ceipsanagustinecija\/files\/2025\/10\/MAS-DEPORTE-1-1086x1536.png 1086w, https:\/\/blogsaverroes.juntadeandalucia.es\/ceipsanagustinecija\/files\/2025\/10\/MAS-DEPORTE-1.png 1414w\" sizes=\"(max-width: 349px) 85vw, 349px\" \/><\/p>\n<p>&nbsp;<\/p>\n<p>&nbsp;<\/p>\n<p>&nbsp;<\/p>\n<p>&nbsp;<\/p>\n<p>&nbsp;<\/p>\n<p>&nbsp;<\/p>\n<p>&nbsp;<\/p>\n<p>&nbsp;<\/p>\n<p>&nbsp;<\/p>\n<p>&nbsp;<\/p>\n<p>&nbsp;<\/p>\n<p>&nbsp;<\/p>\n<p>&nbsp;<\/p>\n<p><strong>Actividades de Expresi\u00f3n Art\u00edstica Febrero 2025<\/strong><\/p>\n<div style=\"width: 840px;\" class=\"wp-video\"><!--[if lt IE 9]><script>document.createElement('video');<\/script><![endif]-->\n<video class=\"wp-video-shortcode\" id=\"video-1379-1\" width=\"840\" height=\"473\" preload=\"metadata\" controls=\"controls\"><source type=\"video\/mp4\" src=\"https:\/\/blogsaverroes.juntadeandalucia.es\/ceipsanagustinecija\/files\/2025\/03\/Diseno-sin-titulo-4.mp4?_=1\" \/><a href=\"https:\/\/blogsaverroes.juntadeandalucia.es\/ceipsanagustinecija\/files\/2025\/03\/Diseno-sin-titulo-4.mp4\">https:\/\/blogsaverroes.juntadeandalucia.es\/ceipsanagustinecija\/files\/2025\/03\/Diseno-sin-titulo-4.mp4<\/a><\/video><\/div>\n<hr>\n<p><strong>Actividades de Expresi\u00f3n Art\u00edstica DICIEMBRE 2024<\/strong><\/p>\n<p>&nbsp;<\/p>\n<hr>\n<p>&nbsp;<\/p>\n","protected":false},"excerpt":{"rendered":"<p>\u00a1CAMBIO EN EL HORARIO M\u00c1S DEPORTE! Actividades extraescolares &#8211; Plan familiar Programa &#8220;M\u00e1s deporte&#8221; El lunes, d\u00eda 20 de octubre dar\u00e1 lugar el comienzo del nuevo programa &#8220;M\u00e1s deporte&#8221;, el cual constar\u00e1 de actividades como baloncesto, f\u00fatbol sala y multideporte, en los siguientes horarios:&nbsp; &nbsp; &nbsp; &nbsp; &nbsp; &nbsp; &nbsp; &nbsp; &nbsp; &nbsp; &nbsp; &nbsp; &hellip; <a href=\"https:\/\/blogsaverroes.juntadeandalucia.es\/ceipsanagustinecija\/actividades-extraescolares\/\" class=\"more-link\">Continuar leyendo<span class=\"screen-reader-text\"> &#8220;Actividades Extraescolares&#8221;<\/span><\/a><\/p>\n","protected":false},"author":14152,"featured_media":0,"parent":0,"menu_order":0,"comment_status":"closed","ping_status":"closed","template":"","meta":{"ngg_post_thumbnail":0,"footnotes":""},"aioseo_notices":[],"_links":{"self":[{"href":"https:\/\/blogsaverroes.juntadeandalucia.es\/ceipsanagustinecija\/wp-json\/wp\/v2\/pages\/1379"}],"collection":[{"href":"https:\/\/blogsaverroes.juntadeandalucia.es\/ceipsanagustinecija\/wp-json\/wp\/v2\/pages"}],"about":[{"href":"https:\/\/blogsaverroes.juntadeandalucia.es\/ceipsanagustinecija\/wp-json\/wp\/v2\/types\/page"}],"author":[{"embeddable":true,"href":"https:\/\/blogsaverroes.juntadeandalucia.es\/ceipsanagustinecija\/wp-json\/wp\/v2\/users\/14152"}],"replies":[{"embeddable":true,"href":"https:\/\/blogsaverroes.juntadeandalucia.es\/ceipsanagustinecija\/wp-json\/wp\/v2\/comments?post=1379"}],"version-history":[{"count":10,"href":"https:\/\/blogsaverroes.juntadeandalucia.es\/ceipsanagustinecija\/wp-json\/wp\/v2\/pages\/1379\/revisions"}],"predecessor-version":[{"id":1831,"href":"https:\/\/blogsaverroes.juntadeandalucia.es\/ceipsanagustinecija\/wp-json\/wp\/v2\/pages\/1379\/revisions\/1831"}],"wp:attachment":[{"href":"https:\/\/blogsaverroes.juntadeandalucia.es\/ceipsanagustinecija\/wp-json\/wp\/v2\/media?parent=1379"}],"curies":[{"name":"wp","href":"https:\/\/api.w.org\/{rel}","templated":true}]}}