{"id":825,"date":"2020-12-18T08:32:50","date_gmt":"2020-12-18T07:32:50","guid":{"rendered":"https:\/\/blogsaverroes.juntadeandalucia.es\/pre\/plantilla-pencil\/?page_id=824"},"modified":"2024-06-10T12:54:46","modified_gmt":"2024-06-10T11:54:46","slug":"2o-ciclo-de-educacion-infantil","status":"publish","type":"page","link":"https:\/\/blogsaverroes.juntadeandalucia.es\/ceipsanantoniodepadua\/2o-ciclo-de-educacion-infantil\/","title":{"rendered":"2\u00ba Ciclo de Educaci\u00f3n Infantil"},"content":{"rendered":"<p>[et_pb_section][et_pb_row][et_pb_column type=&#8221;4_4&#8243;][et_pb_text]<\/p>\n<p><span style=\"font-size: 14pt;font-family: 'comic sans ms', sans-serif;color: #000000\">Tenemos 3 clases de Educaci\u00f3n Infantil, nuestros peques disfrutan aprendiendo en 3, 4 y 5 a\u00f1os. El desarrollo de las capacidades f\u00edsicas, afectivas, sociales e intelectuales es el objetivo fundamental de la etapa.<\/span><\/p>\n<p>[\/et_pb_text][\/et_pb_column][\/et_pb_row][\/et_pb_section]<\/p>\n","protected":false},"excerpt":{"rendered":"<p><div class=\"et_pb_section et_pb_section_0 et_section_regular\" >\n\t\t\t\t\n\t\t\t\t\n\t\t\t\t\n\t\t\t\t\n\t\t\t\t\n\t\t\t\t\n\t\t\t\t\n\t\t\t\t\n\t\t\t\t\n\t\t\t<\/div><div class=\"et_pb_row et_pb_row_0 et_pb_row_empty\">\n\t\t\t\t\n\t\t\t\t\n\t\t\t\t\n\t\t\t\t\n\t\t\t\t\n\t\t\t<\/div><div class=\"et_pb_module et_pb_text et_pb_text_0  et_pb_text_align_left et_pb_bg_layout_light\">\n\t\t\t\t\n\t\t\t\t\n\t\t\t\t\n\t\t\t\t\n\t\t\t\t\n\t\t\t<\/div> Tenemos 3 clases de Educaci\u00f3n Infantil, nuestros peques disfrutan aprendiendo en 3, 4 y 5 a\u00f1os. El desarrollo de las capacidades f\u00edsicas, afectivas, sociales e intelectuales es el objetivo fundamental de la etapa.<\/p>\n","protected":false},"author":13519,"featured_media":0,"parent":0,"menu_order":0,"comment_status":"closed","ping_status":"closed","template":"","meta":{"_et_pb_use_builder":"on","_et_pb_old_content":"<p><span style=\"font-size: 14pt; font-family: 'comic sans ms', sans-serif; color: #000000;\">Tenemos 3 clases de Educaci\u00f3n Infantil, nuestros peques disfrutan aprendiendo en 3, 4 y 5 a\u00f1os. El desarrollo de las capacidades f\u00edsicas, afectivas, sociales e intelectuales es el objetivo fundamental de la etapa.<\/span><\/p>","_et_gb_content_width":"","ngg_post_thumbnail":0,"footnotes":""},"aioseo_notices":[],"_links":{"self":[{"href":"https:\/\/blogsaverroes.juntadeandalucia.es\/ceipsanantoniodepadua\/wp-json\/wp\/v2\/pages\/825"}],"collection":[{"href":"https:\/\/blogsaverroes.juntadeandalucia.es\/ceipsanantoniodepadua\/wp-json\/wp\/v2\/pages"}],"about":[{"href":"https:\/\/blogsaverroes.juntadeandalucia.es\/ceipsanantoniodepadua\/wp-json\/wp\/v2\/types\/page"}],"author":[{"embeddable":true,"href":"https:\/\/blogsaverroes.juntadeandalucia.es\/ceipsanantoniodepadua\/wp-json\/wp\/v2\/users\/13519"}],"replies":[{"embeddable":true,"href":"https:\/\/blogsaverroes.juntadeandalucia.es\/ceipsanantoniodepadua\/wp-json\/wp\/v2\/comments?post=825"}],"version-history":[{"count":8,"href":"https:\/\/blogsaverroes.juntadeandalucia.es\/ceipsanantoniodepadua\/wp-json\/wp\/v2\/pages\/825\/revisions"}],"predecessor-version":[{"id":1708,"href":"https:\/\/blogsaverroes.juntadeandalucia.es\/ceipsanantoniodepadua\/wp-json\/wp\/v2\/pages\/825\/revisions\/1708"}],"wp:attachment":[{"href":"https:\/\/blogsaverroes.juntadeandalucia.es\/ceipsanantoniodepadua\/wp-json\/wp\/v2\/media?parent=825"}],"curies":[{"name":"wp","href":"https:\/\/api.w.org\/{rel}","templated":true}]}}