{"id":44,"date":"2015-03-13T08:42:15","date_gmt":"2015-03-13T08:42:15","guid":{"rendered":"http:\/\/blogsaverroes.juntadeandalucia.es\/pre\/ceip\/?page_id=44"},"modified":"2024-02-20T21:26:28","modified_gmt":"2024-02-20T21:26:28","slug":"planes-y-proyectos","status":"publish","type":"page","link":"https:\/\/blogsaverroes.juntadeandalucia.es\/ceipsanbernardo\/planes-y-proyectos\/","title":{"rendered":"Planes y Programas"},"content":{"rendered":"<p><img loading=\"lazy\" decoding=\"async\" class=\"alignnone size-medium wp-image-1667\" src=\"http:\/\/blogsaverroes.juntadeandalucia.es\/ceipsanbernardo\/files\/2015\/03\/planes-300x150.png\" alt=\"planes\" width=\"300\" height=\"150\" srcset=\"https:\/\/blogsaverroes.juntadeandalucia.es\/ceipsanbernardo\/files\/2015\/03\/planes-300x150.png 300w, https:\/\/blogsaverroes.juntadeandalucia.es\/ceipsanbernardo\/files\/2015\/03\/planes-332x166.png 332w, https:\/\/blogsaverroes.juntadeandalucia.es\/ceipsanbernardo\/files\/2015\/03\/planes.png 640w\" sizes=\"(max-width: 300px) 100vw, 300px\" \/><\/p>\n<p>&nbsp; Los Planes y Programas que se est\u00e1n desarrollando en el centro son de inter\u00e9s para el funcionamiento del mismo y la mejora de la calidad de la educaci\u00f3n.<\/p>\n<p>Cada uno de ellos se regir\u00e1 por su normativa o instrucciones espec\u00edficas de funcionamiento.<\/p>\n<p>La direcci\u00f3n nombrar\u00e1, a principio de curso, a la persona responsable de la coordinaci\u00f3n, qui\u00e9n presentar\u00e1 un plan anual de trabajo antes de la finalizaci\u00f3n del mes de octubre. En dicho plan de trabajo se recoger\u00e1n los objetivos a alcanzar en el curso, as\u00ed como las actuaciones previstas y la temporalizaci\u00f3n de las mismas.<\/p>\n<p>Del mismo modo, al finalizar el curso, quienes hayan ejercido la coordinaci\u00f3n de estos programas, presentar\u00e1n un informe que incluir\u00e1 los logros, dificultades y propuestas de mejora.<\/p>\n<p>En aquellos en los que su normativa o instrucciones de funcionamiento recojan liberaci\u00f3n horaria para la persona que ejerza la coordinaci\u00f3n, se estar\u00e1 a lo que disponga la misma.<\/p>\n<p>Este curso escolar se llevan a cabo los siguientes Planes y Programas.<\/p>\n<ul>\n<li><strong>PLAN DE APERTURA DE CENTROS DOCENTES<\/strong><a href=\"https:\/\/drive.google.com\/file\/d\/1sUW5EhIHJFnanw1W2CSLVWHFr5mTrq-f\/view?usp=drive_link\"> https:\/\/drive.google.com\/file\/d\/1sUW5EhIHJFnanw1W2CSLVWHFr5mTrq-f\/view?usp=drive_link<\/a><\/li>\n<li><strong>PLAN DE IGUALDAD <\/strong><a href=\"https:\/\/drive.google.com\/file\/d\/1Nf6RJ_u3jKSkYH707dkRP3ElO_XNd8RH\/view?usp=drive_link\">https:\/\/drive.google.com\/file\/d\/1Nf6RJ_u3jKSkYH707dkRP3ElO_XNd8RH\/view?usp=drive_link<\/a><\/li>\n<li><strong>PROGRAMA DE CENTROS BILING\u00dcES \u2013 INGL\u00c9S <\/strong><a href=\"https:\/\/drive.google.com\/file\/d\/159y6kSxK1Y5AcB-9jSVSRWV5dTqiAN5X\/view?usp=drive_link\">https:\/\/drive.google.com\/file\/d\/159y6kSxK1Y5AcB-9jSVSRWV5dTqiAN5X\/view?usp=drive_link<\/a><\/li>\n<li><strong>PR\u00c1CTICUM GRADO MAESTRO <\/strong><a href=\"https:\/\/drive.google.com\/file\/d\/1niO_y9QNjm0MyOfycxYQYbhWoQzoriOI\/view?usp=drive_link\">https:\/\/drive.google.com\/file\/d\/1niO_y9QNjm0MyOfycxYQYbhWoQzoriOI\/view?usp=drive_link<\/a><\/li>\n<li><strong>TRANSFORMACI\u00d3N DIGITAL EDUCATIVA <\/strong><a href=\"https:\/\/drive.google.com\/file\/d\/1OIDzUpUvxjroJyMtLTGSkXADKALVDkOz\/view?usp=drive_link\">https:\/\/drive.google.com\/file\/d\/1OIDzUpUvxjroJyMtLTGSkXADKALVDkOz\/view?usp=drive_link<\/a><\/li>\n<li><strong>PROGRAMA DE COOPERACI\u00d3N TERRITORIAL #CompDigEdu. <\/strong><a href=\"https:\/\/drive.google.com\/file\/d\/109wklYmPuEmhXGOFdeKr6OVSbFFN5gX0\/view?usp=drive_link\">https:\/\/drive.google.com\/file\/d\/109wklYmPuEmhXGOFdeKr6OVSbFFN5gX0\/view?usp=drive_link<\/a><\/li>\n<li><strong>PLAN DE ACTUACI\u00d3N DE LA BIBLIOTECA ESCOLAR <\/strong><a href=\"https:\/\/drive.google.com\/file\/d\/1zRKzU1FzcTg4w1uprQDKTrFJszxI1rdk\/view?usp=drive_link\">https:\/\/drive.google.com\/file\/d\/1zRKzU1FzcTg4w1uprQDKTrFJszxI1rdk\/view?usp=drive_link<\/a><\/li>\n<li><strong>PLAN DE SALUD LABORAL Y PLAN DE RIESGOS LABORALES<\/strong> <a href=\"https:\/\/drive.google.com\/file\/d\/15HKyxUQrrdZDvrA4dlG48dWSXPTYwNoc\/view?usp=drive_link\">https:\/\/drive.google.com\/file\/d\/15HKyxUQrrdZDvrA4dlG48dWSXPTYwNoc\/view?usp=drive_link<\/a><\/li>\n<\/ul>\n<p>&nbsp;<\/p>\n<p>&nbsp;<\/p>\n","protected":false},"excerpt":{"rendered":"<p>&nbsp; Los Planes y Programas que se est\u00e1n desarrollando en el centro son de inter\u00e9s para el funcionamiento del mismo y la mejora de la calidad de la educaci\u00f3n. Cada uno de ellos se&#46;&#46;&#46;<\/p>\n","protected":false},"author":1,"featured_media":0,"parent":0,"menu_order":0,"comment_status":"closed","ping_status":"closed","template":"","meta":{"ngg_post_thumbnail":0,"footnotes":"","_mc_calendar":[]},"aioseo_notices":[],"_links":{"self":[{"href":"https:\/\/blogsaverroes.juntadeandalucia.es\/ceipsanbernardo\/wp-json\/wp\/v2\/pages\/44"}],"collection":[{"href":"https:\/\/blogsaverroes.juntadeandalucia.es\/ceipsanbernardo\/wp-json\/wp\/v2\/pages"}],"about":[{"href":"https:\/\/blogsaverroes.juntadeandalucia.es\/ceipsanbernardo\/wp-json\/wp\/v2\/types\/page"}],"author":[{"embeddable":true,"href":"https:\/\/blogsaverroes.juntadeandalucia.es\/ceipsanbernardo\/wp-json\/wp\/v2\/users\/1"}],"replies":[{"embeddable":true,"href":"https:\/\/blogsaverroes.juntadeandalucia.es\/ceipsanbernardo\/wp-json\/wp\/v2\/comments?post=44"}],"version-history":[{"count":5,"href":"https:\/\/blogsaverroes.juntadeandalucia.es\/ceipsanbernardo\/wp-json\/wp\/v2\/pages\/44\/revisions"}],"predecessor-version":[{"id":2718,"href":"https:\/\/blogsaverroes.juntadeandalucia.es\/ceipsanbernardo\/wp-json\/wp\/v2\/pages\/44\/revisions\/2718"}],"wp:attachment":[{"href":"https:\/\/blogsaverroes.juntadeandalucia.es\/ceipsanbernardo\/wp-json\/wp\/v2\/media?parent=44"}],"curies":[{"name":"wp","href":"https:\/\/api.w.org\/{rel}","templated":true}]}}

<p><img loading="lazy" decoding="async" class="alignnone size-medium wp-image-1667" src="http://blogsaverroes.juntadeandalucia.es/ceipsanbernardo/files/2015/03/planes-300x150.png" alt="planes" width="300" height="150" srcset="https://blogsaverroes.juntadeandalucia.es/ceipsanbernardo/files/2015/03/planes-300x150.png 300w, https://blogsaverroes.juntadeandalucia.es/ceipsanbernardo/files/2015/03/planes-332x166.png 332w, https://blogsaverroes.juntadeandalucia.es/ceipsanbernardo/files/2015/03/planes.png 640w" sizes="(max-width: 300px) 100vw, 300px" /></p>
<p>&nbsp; Los Planes y Programas que se están desarrollando en el centro son de interés para el funcionamiento del mismo y la mejora de la calidad de la educación.</p>
<p>Cada uno de ellos se regirá por su normativa o instrucciones específicas de funcionamiento.</p>
<p>La dirección nombrará, a principio de curso, a la persona responsable de la coordinación, quién presentará un plan anual de trabajo antes de la finalización del mes de octubre. En dicho plan de trabajo se recogerán los objetivos a alcanzar en el curso, así como las actuaciones previstas y la temporalización de las mismas.</p>
<p>Del mismo modo, al finalizar el curso, quienes hayan ejercido la coordinación de estos programas, presentarán un informe que incluirá los logros, dificultades y propuestas de mejora.</p>
<p>En aquellos en los que su normativa o instrucciones de funcionamiento recojan liberación horaria para la persona que ejerza la coordinación, se estará a lo que disponga la misma.</p>
<p>Este curso escolar se llevan a cabo los siguientes Planes y Programas.</p>
<ul>
<li><strong>PLAN DE APERTURA DE CENTROS DOCENTES</strong><a href="https://drive.google.com/file/d/1sUW5EhIHJFnanw1W2CSLVWHFr5mTrq-f/view?usp=drive_link"> https://drive.google.com/file/d/1sUW5EhIHJFnanw1W2CSLVWHFr5mTrq-f/view?usp=drive_link</a></li>
<li><strong>PLAN DE IGUALDAD </strong><a href="https://drive.google.com/file/d/1Nf6RJ_u3jKSkYH707dkRP3ElO_XNd8RH/view?usp=drive_link">https://drive.google.com/file/d/1Nf6RJ_u3jKSkYH707dkRP3ElO_XNd8RH/view?usp=drive_link</a></li>
<li><strong>PROGRAMA DE CENTROS BILINGÜES – INGLÉS </strong><a href="https://drive.google.com/file/d/159y6kSxK1Y5AcB-9jSVSRWV5dTqiAN5X/view?usp=drive_link">https://drive.google.com/file/d/159y6kSxK1Y5AcB-9jSVSRWV5dTqiAN5X/view?usp=drive_link</a></li>
<li><strong>PRÁCTICUM GRADO MAESTRO </strong><a href="https://drive.google.com/file/d/1niO_y9QNjm0MyOfycxYQYbhWoQzoriOI/view?usp=drive_link">https://drive.google.com/file/d/1niO_y9QNjm0MyOfycxYQYbhWoQzoriOI/view?usp=drive_link</a></li>
<li><strong>TRANSFORMACIÓN DIGITAL EDUCATIVA </strong><a href="https://drive.google.com/file/d/1OIDzUpUvxjroJyMtLTGSkXADKALVDkOz/view?usp=drive_link">https://drive.google.com/file/d/1OIDzUpUvxjroJyMtLTGSkXADKALVDkOz/view?usp=drive_link</a></li>
<li><strong>PROGRAMA DE COOPERACIÓN TERRITORIAL #CompDigEdu. </strong><a href="https://drive.google.com/file/d/109wklYmPuEmhXGOFdeKr6OVSbFFN5gX0/view?usp=drive_link">https://drive.google.com/file/d/109wklYmPuEmhXGOFdeKr6OVSbFFN5gX0/view?usp=drive_link</a></li>
<li><strong>PLAN DE ACTUACIÓN DE LA BIBLIOTECA ESCOLAR </strong><a href="https://drive.google.com/file/d/1zRKzU1FzcTg4w1uprQDKTrFJszxI1rdk/view?usp=drive_link">https://drive.google.com/file/d/1zRKzU1FzcTg4w1uprQDKTrFJszxI1rdk/view?usp=drive_link</a></li>
<li><strong>PLAN DE SALUD LABORAL Y PLAN DE RIESGOS LABORALES</strong> <a href="https://drive.google.com/file/d/15HKyxUQrrdZDvrA4dlG48dWSXPTYwNoc/view?usp=drive_link">https://drive.google.com/file/d/15HKyxUQrrdZDvrA4dlG48dWSXPTYwNoc/view?usp=drive_link</a></li>
</ul>
<p>&nbsp;</p>
<p>&nbsp;</p>

<p>&nbsp; Los Planes y Programas que se están desarrollando en el centro son de interés para el funcionamiento del mismo y la mejora de la calidad de la educación. Cada uno de ellos se&#46;&#46;&#46;</p>
