{"id":49,"date":"2015-03-13T08:47:05","date_gmt":"2015-03-13T08:47:05","guid":{"rendered":"http:\/\/blogsaverroes.juntadeandalucia.es\/pre\/ceip\/?page_id=49"},"modified":"2024-02-20T21:27:27","modified_gmt":"2024-02-20T21:27:27","slug":"proyecto-educativo","status":"publish","type":"page","link":"https:\/\/blogsaverroes.juntadeandalucia.es\/ceipsanbernardo\/proyecto-educativo\/","title":{"rendered":"Proyecto Educativo"},"content":{"rendered":"<p><a href=\"https:\/\/blogsaverroes.juntadeandalucia.es\/ceipsanbernardo\/files\/2023\/02\/1.-PROYECTO-EDUCATIVO-22-23.pdf\"><img loading=\"lazy\" decoding=\"async\" class=\"alignnone size-medium wp-image-1662\" src=\"http:\/\/blogsaverroes.juntadeandalucia.es\/ceipsanbernardo\/files\/2015\/03\/proyecto-300x266.png\" alt=\"proyecto\" width=\"300\" height=\"266\" srcset=\"https:\/\/blogsaverroes.juntadeandalucia.es\/ceipsanbernardo\/files\/2015\/03\/proyecto-300x266.png 300w, https:\/\/blogsaverroes.juntadeandalucia.es\/ceipsanbernardo\/files\/2015\/03\/proyecto-332x295.png 332w, https:\/\/blogsaverroes.juntadeandalucia.es\/ceipsanbernardo\/files\/2015\/03\/proyecto.png 640w\" sizes=\"(max-width: 300px) 100vw, 300px\" \/><\/a><\/p>\n<p><a href=\"https:\/\/blogsaverroes.juntadeandalucia.es\/ceipsanbernardo\/files\/2023\/12\/1.-PROYECTO-EDUCATIVO-23.pdf\">1.- PROYECTO EDUCATIVO 23-24<\/a><\/p>\n<p><a href=\"https:\/\/blogsaverroes.juntadeandalucia.es\/ceipsanbernardo\/files\/2023\/12\/1.1-CONCRECI\u00d3N-CURRICULAR-DE-INFANTIL-23.pdf\">1.1.- CONCRECI\u00d3N CURRICULAR DE INFANTIL 23-24<\/a><\/p>\n<p><a href=\"https:\/\/blogsaverroes.juntadeandalucia.es\/ceipsanbernardo\/files\/2023\/12\/CONCRECI\u00d3N-CURRICULAR-DE-PRIMARIA-23.pdf\">1.2.- CONCRECI\u00d3N CURRICULAR DE PRIMARIA 23-24<\/a><\/p>\n<p><a href=\"https:\/\/blogsaverroes.juntadeandalucia.es\/ceipsanbernardo\/files\/2023\/12\/1.3.-Plan-de-Atenci\u00f3n-a-la-Diversidad-23-1.pdf\">1.3.- PLAN DE ATENCI\u00d3N A LA DIVERSIDAD 23-24<\/a><\/p>\n<p><a href=\"https:\/\/blogsaverroes.juntadeandalucia.es\/ceipsanbernardo\/files\/2023\/12\/1.4-POAT-23-1.pdf\">1.4.- POAT 23-24<\/a><\/p>\n<p><a href=\"https:\/\/blogsaverroes.juntadeandalucia.es\/ceipsanbernardo\/files\/2023\/12\/1.5.-Plan-de-Convivencia-23.pdf\">1.5.- PLAN DE CONVIVENCIA 23-24<\/a><\/p>\n<p><a href=\"https:\/\/blogsaverroes.juntadeandalucia.es\/ceipsanbernardo\/files\/2023\/12\/2.-ROF-23.pdf\">2.- ROF 23-24<\/a><\/p>\n<p><a href=\"https:\/\/blogsaverroes.juntadeandalucia.es\/ceipsanbernardo\/files\/2023\/12\/3.-PROYECTO-DE-GESTION-DEL-CENTRO-23.pdf\">3.- PROYECTO DE GESTION DEL CENTRO 23-24<\/a><\/p>\n<p>&nbsp;<\/p>\n<p><a href=\"https:\/\/blogsaverroes.juntadeandalucia.es\/ceipsanbernardo\/files\/2023\/12\/RELACI\u00d3N-DE-DOCUMENTOS-HOMOLOGADOS-23-24.pdf\">RELACI\u00d3N DE DOCUMENTOS HOMOLOGADOS 23-24<\/a><\/p>\n","protected":false},"excerpt":{"rendered":"<p>1.- PROYECTO EDUCATIVO 23-24 1.1.- CONCRECI\u00d3N CURRICULAR DE INFANTIL 23-24 1.2.- CONCRECI\u00d3N CURRICULAR DE PRIMARIA 23-24 1.3.- PLAN DE ATENCI\u00d3N A LA DIVERSIDAD 23-24 1.4.- POAT 23-24 1.5.- PLAN DE CONVIVENCIA 23-24 2.- ROF&#46;&#46;&#46;<\/p>\n","protected":false},"author":1,"featured_media":0,"parent":0,"menu_order":0,"comment_status":"closed","ping_status":"open","template":"","meta":{"ngg_post_thumbnail":0,"footnotes":"","_mc_calendar":[]},"aioseo_notices":[],"_links":{"self":[{"href":"https:\/\/blogsaverroes.juntadeandalucia.es\/ceipsanbernardo\/wp-json\/wp\/v2\/pages\/49"}],"collection":[{"href":"https:\/\/blogsaverroes.juntadeandalucia.es\/ceipsanbernardo\/wp-json\/wp\/v2\/pages"}],"about":[{"href":"https:\/\/blogsaverroes.juntadeandalucia.es\/ceipsanbernardo\/wp-json\/wp\/v2\/types\/page"}],"author":[{"embeddable":true,"href":"https:\/\/blogsaverroes.juntadeandalucia.es\/ceipsanbernardo\/wp-json\/wp\/v2\/users\/1"}],"replies":[{"embeddable":true,"href":"https:\/\/blogsaverroes.juntadeandalucia.es\/ceipsanbernardo\/wp-json\/wp\/v2\/comments?post=49"}],"version-history":[{"count":15,"href":"https:\/\/blogsaverroes.juntadeandalucia.es\/ceipsanbernardo\/wp-json\/wp\/v2\/pages\/49\/revisions"}],"predecessor-version":[{"id":2719,"href":"https:\/\/blogsaverroes.juntadeandalucia.es\/ceipsanbernardo\/wp-json\/wp\/v2\/pages\/49\/revisions\/2719"}],"wp:attachment":[{"href":"https:\/\/blogsaverroes.juntadeandalucia.es\/ceipsanbernardo\/wp-json\/wp\/v2\/media?parent=49"}],"curies":[{"name":"wp","href":"https:\/\/api.w.org\/{rel}","templated":true}]}}