{"id":3494,"date":"2021-10-13T09:48:44","date_gmt":"2021-10-13T09:48:44","guid":{"rendered":"https:\/\/blogsaverroes.juntadeandalucia.es\/ceipsanblas\/?page_id=3494"},"modified":"2022-04-01T08:27:12","modified_gmt":"2022-04-01T08:27:12","slug":"comedor","status":"publish","type":"page","link":"https:\/\/blogsaverroes.juntadeandalucia.es\/ceipsanblas\/comedor\/","title":{"rendered":"COMEDOR"},"content":{"rendered":"<p><img decoding=\"async\" class=\"aligncenter\" src=\"https:\/\/blogsaverroes.juntadeandalucia.es\/ceipvirgendeloreto\/files\/2020\/08\/comedor-escolar.png\" alt=\"Comedor escolar | CEIP Virgen de Loreto\"><\/p>\n<ul style=\"list-style-type: circle\">\n<li><a href=\"https:\/\/drive.google.com\/file\/d\/1GAKGunh_2ZMuvEYtKOUI16qosPWt7AD5\/view?usp=sharing\">MEN\u00da DE OCTUBRE<\/a><\/li>\n<li><a href=\"https:\/\/drive.google.com\/file\/d\/1I043vgozwtOVwnHbphdhuoVCLSZAzMps\/view?usp=sharing\">Recomendaciones para cenas del mes de Octubre.<\/a><\/li>\n<li><a href=\"https:\/\/drive.google.com\/file\/d\/1RYbp8EN1xMvWLZ9f1-uw1ws3X2pZZUUz\/view?usp=sharing\">MEN\u00da DE NOVIMEBRE<\/a><\/li>\n<li><a href=\"https:\/\/drive.google.com\/file\/d\/1zrQtT0QHwpwAOUl481PmOhXxhdZPp7fA\/view?usp=sharing\">Recomendaciones para cenas de mes de Noviembre.<\/a><\/li>\n<li><a href=\"https:\/\/drive.google.com\/file\/d\/1FJwAUDMJxUby1FVUF5u-R0QBZTaHnRu-\/view?usp=sharing\">MEN\u00da DE DICIEMBRE<\/a><\/li>\n<li><a href=\"https:\/\/drive.google.com\/file\/d\/1srDMqWu3ByNXBdt8y4i3qg-kdfLrR6ga\/view?usp=sharing\">Recomendaciones para cenas del mes de Diciembre.<\/a><\/li>\n<li><a href=\"https:\/\/drive.google.com\/file\/d\/1FJwAUDMJxUby1FVUF5u-R0QBZTaHnRu-\/view?usp=sharing\">MEN\u00da DE ENERO<\/a><\/li>\n<li><a href=\"https:\/\/drive.google.com\/file\/d\/1FJwAUDMJxUby1FVUF5u-R0QBZTaHnRu-\/view?usp=sharing\">Recomendaciones para cenas del mes de Enero.<\/a><\/li>\n<li><a href=\"https:\/\/drive.google.com\/file\/d\/1JREdvTzGJ8xB4w8_0krF_osQAJR6Eh-X\/view?usp=sharing\">MEN\u00da DE FEBRERO<\/a><\/li>\n<li><a href=\"https:\/\/drive.google.com\/file\/d\/1b6oErHMXf3jkBNbd0CPXIncpyaLU58U9\/view?usp=sharing\">Recomendaciones para cenas del mes de Febrero<\/a><\/li>\n<li><a href=\"https:\/\/drive.google.com\/file\/d\/1L0rgbEO2bymfVpvFheFuZ6UIH3P7Bzeh\/view?usp=sharing\">MEN\u00da DE MARZO<\/a><\/li>\n<li>Recomendaciones para cenas del mes de Marzo<\/li>\n<li><a href=\"https:\/\/drive.google.com\/file\/d\/1rwLAYCHfrh1zNqumBPLBZ1eKR-3h6wKK\/view?usp=sharing\">MEN\u00da DE ABRIL<\/a><\/li>\n<li><a href=\"https:\/\/drive.google.com\/file\/d\/1rwLAYCHfrh1zNqumBPLBZ1eKR-3h6wKK\/view?usp=sharing\">Recomendaciones para cenas del mes de Abril<\/a><\/li>\n<\/ul>\n","protected":false},"excerpt":{"rendered":"<p>MEN\u00da DE OCTUBRE Recomendaciones para cenas del mes de Octubre. MEN\u00da DE NOVIMEBRE Recomendaciones para cenas de mes de Noviembre. MEN\u00da DE DICIEMBRE Recomendaciones para cenas del mes de Diciembre. MEN\u00da DE ENERO Recomendaciones&#46;&#46;&#46;<\/p>\n","protected":false},"author":5613,"featured_media":0,"parent":0,"menu_order":0,"comment_status":"closed","ping_status":"closed","template":"","meta":{"ngg_post_thumbnail":0,"footnotes":"","_mc_calendar":[]},"aioseo_notices":[],"_links":{"self":[{"href":"https:\/\/blogsaverroes.juntadeandalucia.es\/ceipsanblas\/wp-json\/wp\/v2\/pages\/3494"}],"collection":[{"href":"https:\/\/blogsaverroes.juntadeandalucia.es\/ceipsanblas\/wp-json\/wp\/v2\/pages"}],"about":[{"href":"https:\/\/blogsaverroes.juntadeandalucia.es\/ceipsanblas\/wp-json\/wp\/v2\/types\/page"}],"author":[{"embeddable":true,"href":"https:\/\/blogsaverroes.juntadeandalucia.es\/ceipsanblas\/wp-json\/wp\/v2\/users\/5613"}],"replies":[{"embeddable":true,"href":"https:\/\/blogsaverroes.juntadeandalucia.es\/ceipsanblas\/wp-json\/wp\/v2\/comments?post=3494"}],"version-history":[{"count":9,"href":"https:\/\/blogsaverroes.juntadeandalucia.es\/ceipsanblas\/wp-json\/wp\/v2\/pages\/3494\/revisions"}],"predecessor-version":[{"id":3684,"href":"https:\/\/blogsaverroes.juntadeandalucia.es\/ceipsanblas\/wp-json\/wp\/v2\/pages\/3494\/revisions\/3684"}],"wp:attachment":[{"href":"https:\/\/blogsaverroes.juntadeandalucia.es\/ceipsanblas\/wp-json\/wp\/v2\/media?parent=3494"}],"curies":[{"name":"wp","href":"https:\/\/api.w.org\/{rel}","templated":true}]}}