{"id":3617,"date":"2021-11-19T12:04:30","date_gmt":"2021-11-19T12:04:30","guid":{"rendered":"https:\/\/blogsaverroes.juntadeandalucia.es\/ceipsanblas\/?page_id=3617"},"modified":"2022-04-04T10:49:31","modified_gmt":"2022-04-04T10:49:31","slug":"curso-2021-2022","status":"publish","type":"page","link":"https:\/\/blogsaverroes.juntadeandalucia.es\/ceipsanblas\/curso-2021-2022\/","title":{"rendered":"CURSO 2021\/2022"},"content":{"rendered":"<ul>\n<li><a href=\"https:\/\/photos.app.goo.gl\/ZeCinSZC6ie7TyD26\">VISITA REYES MAGOS TODOS<\/a><\/li>\n<li><a href=\"https:\/\/drive.google.com\/drive\/folders\/117MfljgrYles_zrPl70jP2V8T5I8PA91?usp=sharing\">VISITA REYES MAGOS 1\u00ba Y 2\u00ba<\/a><\/li>\n<li><a href=\"https:\/\/photos.app.goo.gl\/RgNuTj2Y19q3S9aC8\">VISITA REALES ALC\u00c1ZARES DE SEVILLA 5\u00ba Y 6\u00ba<\/a><\/li>\n<li><a href=\"https:\/\/youtu.be\/yirrsZJRFIA\">V\u00cdDEO FESTIVAL DE VILLANCICOS I-3<\/a><\/li>\n<li><a href=\"https:\/\/youtu.be\/u31G3cIB9VE\">V\u00cdDEO FESTIVAL DE VILLANCICOS I-4<\/a><\/li>\n<li><a href=\"https:\/\/youtu.be\/Vw53RqS7uhY\">V\u00cdDEO FESTIVAL DE VILLANCICOS I-5<\/a><\/li>\n<li><a href=\"https:\/\/youtu.be\/efQGUDBhviE\">V\u00cdDEO FESTIVAL DE VILLANCICOS 1\u00ba&nbsp;<\/a><\/li>\n<li><a href=\"https:\/\/youtu.be\/cmq29OYFfkg\">V\u00cdDEO FESTIVAL DE VILLANCICOS 2\u00ba<\/a><\/li>\n<li><a href=\"https:\/\/youtu.be\/do1gO64ndbg\">V\u00cdDEO FESTIVAL DE VILLANCICOS 3\u00ba&nbsp;<\/a><\/li>\n<li><a href=\"https:\/\/youtu.be\/1Nt35XgiYVE\">V\u00cdDEO FESTIVAL DE VILLANCICOS 4\u00ba&nbsp;<\/a><\/li>\n<li><a href=\"https:\/\/youtu.be\/hZUuPXvnSDI\">V\u00cdDEO FESTIVAL DE VILLANCICOS 6\u00ba<\/a><\/li>\n<li><a href=\"https:\/\/drive.google.com\/drive\/folders\/1uuUnAK95itnDI11vllgCZs-TzGRbpStW?usp=sharing\">FOTOS FESTIVAL DE VILLANCICOS<\/a><\/li>\n<li><a href=\"https:\/\/photos.app.goo.gl\/328bWTN9j9qWUnyq7\">VISITA AL ACUARIO DE SEVILLA 1\u00ba Y 2\u00ba<\/a><\/li>\n<li><a href=\"https:\/\/photos.app.goo.gl\/7QMULzTbGNCZuKTe9\">FOTOS ENTREGA DE PREMIOS VIII CARRERA DE ANDALUC\u00cdA<\/a><\/li>\n<li><a href=\"https:\/\/photos.app.goo.gl\/NfGBPsQBkq5SogMX9\">CARNAVAL<\/a><\/li>\n<li><a href=\"https:\/\/photos.app.goo.gl\/mMZd6b1Y5Krs3UUV6\">GINCANA D\u00cdA DE ANDALUC\u00cdA<\/a><\/li>\n<li><a href=\"https:\/\/photos.app.goo.gl\/FPKZFP97cYLUWJg5A\">HALLOWEEN FOTOS<\/a><\/li>\n<li><a href=\"https:\/\/drive.google.com\/drive\/folders\/1ymXRWQQysix-1HR9dL9pRnQBALxmwc5-?usp=sharing\">HALLOWEEN V\u00cdDEOS<\/a><\/li>\n<li>EXCURSI\u00d3N CIRKLAS (1\u00ba Y 2\u00ba)<\/li>\n<\/ul>\n","protected":false},"excerpt":{"rendered":"<p>VISITA REYES MAGOS TODOS VISITA REYES MAGOS 1\u00ba Y 2\u00ba VISITA REALES ALC\u00c1ZARES DE SEVILLA 5\u00ba Y 6\u00ba V\u00cdDEO FESTIVAL DE VILLANCICOS I-3 V\u00cdDEO FESTIVAL DE VILLANCICOS I-4 V\u00cdDEO FESTIVAL DE VILLANCICOS I-5 V\u00cdDEO&#46;&#46;&#46;<\/p>\n","protected":false},"author":5613,"featured_media":0,"parent":0,"menu_order":0,"comment_status":"closed","ping_status":"closed","template":"","meta":{"ngg_post_thumbnail":0,"footnotes":"","_mc_calendar":[]},"aioseo_notices":[],"_links":{"self":[{"href":"https:\/\/blogsaverroes.juntadeandalucia.es\/ceipsanblas\/wp-json\/wp\/v2\/pages\/3617"}],"collection":[{"href":"https:\/\/blogsaverroes.juntadeandalucia.es\/ceipsanblas\/wp-json\/wp\/v2\/pages"}],"about":[{"href":"https:\/\/blogsaverroes.juntadeandalucia.es\/ceipsanblas\/wp-json\/wp\/v2\/types\/page"}],"author":[{"embeddable":true,"href":"https:\/\/blogsaverroes.juntadeandalucia.es\/ceipsanblas\/wp-json\/wp\/v2\/users\/5613"}],"replies":[{"embeddable":true,"href":"https:\/\/blogsaverroes.juntadeandalucia.es\/ceipsanblas\/wp-json\/wp\/v2\/comments?post=3617"}],"version-history":[{"count":9,"href":"https:\/\/blogsaverroes.juntadeandalucia.es\/ceipsanblas\/wp-json\/wp\/v2\/pages\/3617\/revisions"}],"predecessor-version":[{"id":3690,"href":"https:\/\/blogsaverroes.juntadeandalucia.es\/ceipsanblas\/wp-json\/wp\/v2\/pages\/3617\/revisions\/3690"}],"wp:attachment":[{"href":"https:\/\/blogsaverroes.juntadeandalucia.es\/ceipsanblas\/wp-json\/wp\/v2\/media?parent=3617"}],"curies":[{"name":"wp","href":"https:\/\/api.w.org\/{rel}","templated":true}]}}