{"id":2385,"date":"2020-12-11T19:10:07","date_gmt":"2020-12-11T18:10:07","guid":{"rendered":"https:\/\/blogsaverroes.juntadeandalucia.es\/ceipsanctipetri\/?page_id=2385"},"modified":"2021-02-23T18:29:03","modified_gmt":"2021-02-23T17:29:03","slug":"anexos-escolarizacion","status":"publish","type":"page","link":"https:\/\/blogsaverroes.juntadeandalucia.es\/ceipsanctipetri\/anexos-escolarizacion\/","title":{"rendered":"Anexos escolarizaci\u00f3n"},"content":{"rendered":"<ul>\n<li>\n<h4>Solicitud de admisi\u00f3n en segundo ciclo de Educaci\u00f3n Infantil, Educaci\u00f3n Primaria, Educaci\u00f3n Especial, E.S.O. y Bachillerato (v\u00e1lido del 1 al 31 de Marzo).(<strong>Est\u00e1 siendo modificado, cuando est\u00e9 disponible el nuevo, lo enlazaremos<\/strong>)<\/h4>\n<\/li>\n<li>\n<h4><a title=\"Pulse para visualizar el documento:&nbsp;ANEXO IX\" href=\"https:\/\/www.juntadeandalucia.es\/educacion\/portals\/delegate\/content\/dcec9582-b20c-494b-bfbd-2886c7b8be94\/ANEXO%20IX\" target=\"_blank\" rel=\"noopener noreferrer\">Solicitud Procedimiento Extraordinario de Admisi\u00f3n<\/a><\/h4>\n<\/li>\n<li>\n<h4><a title=\"Pulse para visualizar el documento:&nbsp;ANEXO IV\" href=\"https:\/\/www.juntadeandalucia.es\/educacion\/portals\/delegate\/content\/d26442b2-4b4a-433a-9c1e-e1790a29f781\/ANEXO%20IV\" target=\"_blank\" rel=\"noopener noreferrer\">Matr\u00edcula en segundo ciclo de Educaci\u00f3n Infantil<\/a><\/h4>\n<\/li>\n<li>\n<h4><a title=\"Pulse para visualizar el documento:&nbsp;ANEXO V\" href=\"https:\/\/www.juntadeandalucia.es\/educacion\/portals\/delegate\/content\/55fad88e-7bb3-40e3-bbe4-198107487345\/ANEXO%20V\" target=\"_blank\" rel=\"noopener noreferrer\">Matr\u00edcula en Educaci\u00f3n Primaria<\/a><\/h4>\n<\/li>\n<li>\n<h4><a title=\"Pulse para visualizar el documento:&nbsp;ANEXO - RELIGI\u00d3N\" href=\"https:\/\/www.juntadeandalucia.es\/educacion\/portals\/delegate\/content\/12c1f402-4ea8-4a01-a921-5baa061cc442\/ANEXO%20-%20RELIGI%C3%93N\" target=\"_blank\" rel=\"noopener noreferrer\">Solicitud para cursar la ense\u00f1anza de religi\u00f3n en Primaria, ESO o Bachillerato<\/a><\/h4>\n<\/li>\n<\/ul>\n","protected":false},"excerpt":{"rendered":"<p>Solicitud de admisi\u00f3n en segundo ciclo de Educaci\u00f3n Infantil, Educaci\u00f3n Primaria, Educaci\u00f3n Especial, E.S.O. y Bachillerato (v\u00e1lido del 1 al 31 de Marzo).(Est\u00e1 siendo modificado, cuando est\u00e9 disponible el nuevo, lo enlazaremos) Solicitud Procedimiento&#46;&#46;&#46;<\/p>\n","protected":false},"author":10333,"featured_media":0,"parent":0,"menu_order":0,"comment_status":"closed","ping_status":"closed","template":"","meta":{"ngg_post_thumbnail":0,"footnotes":"","_mc_calendar":[]},"aioseo_notices":[],"_links":{"self":[{"href":"https:\/\/blogsaverroes.juntadeandalucia.es\/ceipsanctipetri\/wp-json\/wp\/v2\/pages\/2385"}],"collection":[{"href":"https:\/\/blogsaverroes.juntadeandalucia.es\/ceipsanctipetri\/wp-json\/wp\/v2\/pages"}],"about":[{"href":"https:\/\/blogsaverroes.juntadeandalucia.es\/ceipsanctipetri\/wp-json\/wp\/v2\/types\/page"}],"author":[{"embeddable":true,"href":"https:\/\/blogsaverroes.juntadeandalucia.es\/ceipsanctipetri\/wp-json\/wp\/v2\/users\/10333"}],"replies":[{"embeddable":true,"href":"https:\/\/blogsaverroes.juntadeandalucia.es\/ceipsanctipetri\/wp-json\/wp\/v2\/comments?post=2385"}],"version-history":[{"count":7,"href":"https:\/\/blogsaverroes.juntadeandalucia.es\/ceipsanctipetri\/wp-json\/wp\/v2\/pages\/2385\/revisions"}],"predecessor-version":[{"id":2618,"href":"https:\/\/blogsaverroes.juntadeandalucia.es\/ceipsanctipetri\/wp-json\/wp\/v2\/pages\/2385\/revisions\/2618"}],"wp:attachment":[{"href":"https:\/\/blogsaverroes.juntadeandalucia.es\/ceipsanctipetri\/wp-json\/wp\/v2\/media?parent=2385"}],"curies":[{"name":"wp","href":"https:\/\/api.w.org\/{rel}","templated":true}]}}

Anexos escolarización

<ul>
<li>
<h4>Solicitud de admisión en segundo ciclo de Educación Infantil, Educación Primaria, Educación Especial, E.S.O. y Bachillerato (válido del 1 al 31 de Marzo).(<strong>Está siendo modificado, cuando esté disponible el nuevo, lo enlazaremos</strong>)</h4>
</li>
<li>
<h4><a title="Pulse para visualizar el documento:&nbsp;ANEXO IX" href="https://www.juntadeandalucia.es/educacion/portals/delegate/content/dcec9582-b20c-494b-bfbd-2886c7b8be94/ANEXO%20IX" target="_blank" rel="noopener noreferrer">Solicitud Procedimiento Extraordinario de Admisión</a></h4>
</li>
<li>
<h4><a title="Pulse para visualizar el documento:&nbsp;ANEXO IV" href="https://www.juntadeandalucia.es/educacion/portals/delegate/content/d26442b2-4b4a-433a-9c1e-e1790a29f781/ANEXO%20IV" target="_blank" rel="noopener noreferrer">Matrícula en segundo ciclo de Educación Infantil</a></h4>
</li>
<li>
<h4><a title="Pulse para visualizar el documento:&nbsp;ANEXO V" href="https://www.juntadeandalucia.es/educacion/portals/delegate/content/55fad88e-7bb3-40e3-bbe4-198107487345/ANEXO%20V" target="_blank" rel="noopener noreferrer">Matrícula en Educación Primaria</a></h4>
</li>
<li>
<h4><a title="Pulse para visualizar el documento:&nbsp;ANEXO - RELIGIÓN" href="https://www.juntadeandalucia.es/educacion/portals/delegate/content/12c1f402-4ea8-4a01-a921-5baa061cc442/ANEXO%20-%20RELIGI%C3%93N" target="_blank" rel="noopener noreferrer">Solicitud para cursar la enseñanza de religión en Primaria, ESO o Bachillerato</a></h4>
</li>
</ul>

<p>Solicitud de admisión en segundo ciclo de Educación Infantil, Educación Primaria, Educación Especial, E.S.O. y Bachillerato (válido del 1 al 31 de Marzo).(Está siendo modificado, cuando esté disponible el nuevo, lo enlazaremos) Solicitud Procedimiento&#46;&#46;&#46;</p>
