{"id":101,"date":"2021-06-09T16:55:01","date_gmt":"2021-06-09T16:55:01","guid":{"rendered":"https:\/\/ceip-saneustaquio-sanlucarlamayor.es\/?page_id=101"},"modified":"2026-02-01T13:44:00","modified_gmt":"2026-02-01T12:44:00","slug":"proyecto-educativo","status":"publish","type":"page","link":"https:\/\/blogsaverroes.juntadeandalucia.es\/ceipsaneustaquiosanlucarlamayor\/proyecto-educativo\/","title":{"rendered":"Proyecto Educativo"},"content":{"rendered":"\r\n<p class=\"has-drop-cap\">El proyecto educativo de centro es un documento pedag\u00f3gico elaborado por y para la comunidad educativa. El PEC es el marco de referencia ya que recoge de forma detallada la identidad, objetivos y organizaci\u00f3n de un centro educativo con el objetivo de dar respuesta eficaz a las necesidades y demandas que se puedan presentar a lo largo del curso escolar. Se trata de un documento institucional de planificaci\u00f3n educativa que establece los valores, los objetivos y las prioridades de actuaci\u00f3n del centro .Tambi\u00e9n debe incorporar la concreci\u00f3n de los curr\u00edculos aprobados por la administraci\u00f3n educativa, as\u00ed como el tratamiento transversal de la educaci\u00f3n en valores.<\/p>\r\n\r\n\r\n\r\n<p>Debe indicar la misi\u00f3n, la visi\u00f3n y los valores del centro educativo. Tambi\u00e9n incluir\u00e1 los criterios, prioridades y planteamientos metodol\u00f3gicos y educativos. En otras palabras: adem\u00e1s de recoger la organizaci\u00f3n administrativa, expondr\u00e1 de forma detallada qu\u00e9 se ense\u00f1ar\u00e1 al alumnado, las metodolog\u00edas que se aplicar\u00e1n para conseguirlo y las v\u00edas de evaluaci\u00f3n del progreso logrado.<\/p>\r\n\r\n\r\n\r\n<p>As\u00ed, de acuerdo con la normativa educativa en vigor, tenemos aprobado nuestro proyecto educativo (El cual se puede consultar en los siguientes enlaces)<\/p>\r\n\r\n\r\n\r\n<p><a href=\"https:\/\/drive.google.com\/file\/d\/1AWOXAqNj8yJBOEWcbrszkOdW-lVBmcu0\/view?usp=sharing\">A) PROYECTO EDUCATIVO<\/a><\/p>\r\n\r\n\r\n\r\n<p><strong>Programaciones de ciclo<\/strong><\/p>\r\n\r\n\r\n\r\n<p><strong>Educaci\u00f3n infantil:<\/strong><\/p>\r\n<p><a href=\"https:\/\/drive.google.com\/file\/d\/1XXRIjwCebf_hbOQ2yIXOgMC7p6Oy_oje\/view?usp=sharing\">Propuestas pedag\u00f3gicas<\/a><\/p>\r\n\r\n\r\n\r\n<p><strong>Educaci\u00f3n primaria:<\/strong><\/p>\r\n\r\n\r\n\r\n<p><a href=\"https:\/\/drive.google.com\/file\/d\/1rP7uurfyrOkToW1WLI5Exn5IaIHU7FBS\/view?usp=sharing\">1\u00ba ciclo<\/a><\/p>\r\n\r\n\r\n\r\n<p><a href=\"https:\/\/drive.google.com\/file\/d\/1S8tulczZquE2MOV-kZxnxvI8ileOeim_\/view?usp=sharing\">2\u00ba ciclo<\/a><\/p>\r\n\r\n\r\n\r\n<p><a href=\"https:\/\/drive.google.com\/file\/d\/1YAjgNGSiR5WRhzeOZ6icqb9ElXmfTG7-\/view?usp=sharing\">3\u00ba ciclo<\/a><\/p>\r\n\r\n\r\n\r\n<p><a href=\"https:\/\/drive.google.com\/file\/d\/1Md-mOMQk7-xTjf1iZChblcLqktI9y4Mt\/view?usp=sharing\">Plan de Evaluaci\u00f3n Inicial<\/a><\/p>\r\n\r\n\r\n\r\n<p><a href=\"https:\/\/drive.google.com\/file\/d\/1PoiwwUbpKSs8I2K8zMzxtaSOaK3y4RFU\/view?usp=sharing\">Plan de atenci\u00f3n a la diversidad.<\/a><\/p>\r\n\r\n\r\n\r\n<p><a href=\"https:\/\/drive.google.com\/file\/d\/1IQP85F2wlfu0eLVZjc4onossq1pj5GDn\/view?usp=sharing\">Plan de orientaci\u00f3n y acci\u00f3n tutorial<\/a><\/p>\r\n\r\n\r\n\r\n<p><a href=\"https:\/\/drive.google.com\/file\/d\/1z6nwv3kLqk1zP7Z_OaltgBdAgOXeZ52N\/view?usp=sharing\">Plan de convivencia.<\/a><\/p>\r\n\r\n\r\n\r\n\r\n\r\n<p><strong>Planes estrat\u00e9gicos que se desarrollan en el centro.&nbsp;<\/strong><\/p>\r\n\r\n\r\n\r\n<p><a href=\"https:\/\/drive.google.com\/file\/d\/1OBQwUHEbnHt1GR9dHyoE5ce8L_ZDjNRk\/view?usp=sharing\">PLAN DE IGUALDAD DE G\u00c9NERO&nbsp;<\/a><\/p>\r\n\r\n\r\n\r\n<p><a href=\"https:\/\/drive.google.com\/file\/d\/1cGsvu5TTwyEmZPYT4i75PfhPiPAdOnA7\/view?usp=sharing\">PLAN DE ACTUACI\u00d3N DIGITAL<\/a><\/p>\r\n\r\n\r\n\r\n<p><a href=\"https:\/\/drive.google.com\/file\/d\/1B5teCiGTvCrSPtZGGrWlxZgmvz3RP8iH\/view?usp=sharing\">PLAN DE LECTURA Y BIBLIOTECA<\/a><\/p>\r\n\r\n\r\n\r\n<p><a href=\"https:\/\/drive.google.com\/file\/d\/1BgbGNv0sTvoVuDJBVJ8cKuJuThxAo6Ty\/view?usp=sharing\">PROYECTO BILING\u00dcE<\/a><\/p>\r\n\r\n\r\n\r\n<p><a href=\"https:\/\/drive.google.com\/file\/d\/1BRYNCDpdyK8j2K5qdUuu17uNkRPhiidF\/view?usp=sharing\">H\u00c1BITOS DE VIDA SALUDABLE<\/a><\/p>\r\n<p><a href=\"https:\/\/drive.google.com\/file\/d\/1mQ2m_PKxcuJITiB19luaBdluiRNhXvD0\/view?usp=sharing\">ALDEA<\/a><\/p>\r\n<p><a href=\"https:\/\/drive.google.com\/file\/d\/1TqXZ6YxBE9Cptx4IUHmdzJnflVKtDirM\/view?usp=sharing\">PLAN DE FORMACI\u00d3N DEL PROFESORADO<\/a><\/p>\r\n<p>&nbsp;<\/p>\r\n\r\n\r\n\r\n<p>&nbsp;<\/p>\r\n\r\n\r\n\r\n<p>&nbsp;<\/p>\r\n","protected":false},"excerpt":{"rendered":"<p>El proyecto educativo de centro es un documento pedag\u00f3gico elaborado por y para la comunidad educativa. El PEC es el marco de referencia ya que recoge de forma detallada la identidad, objetivos y organizaci\u00f3n de un centro educativo con el objetivo de dar respuesta eficaz a las necesidades y demandas que se puedan presentar a &hellip; <\/p>\n<p><a class=\"more-link btn\" href=\"https:\/\/blogsaverroes.juntadeandalucia.es\/ceipsaneustaquiosanlucarlamayor\/proyecto-educativo\/\">Seguir leyendo<\/a><\/p>\n","protected":false},"author":8241,"featured_media":0,"parent":0,"menu_order":0,"comment_status":"closed","ping_status":"closed","template":"","meta":{"ngg_post_thumbnail":0,"footnotes":"","_mc_calendar":[]},"aioseo_notices":[],"_links":{"self":[{"href":"https:\/\/blogsaverroes.juntadeandalucia.es\/ceipsaneustaquiosanlucarlamayor\/wp-json\/wp\/v2\/pages\/101"}],"collection":[{"href":"https:\/\/blogsaverroes.juntadeandalucia.es\/ceipsaneustaquiosanlucarlamayor\/wp-json\/wp\/v2\/pages"}],"about":[{"href":"https:\/\/blogsaverroes.juntadeandalucia.es\/ceipsaneustaquiosanlucarlamayor\/wp-json\/wp\/v2\/types\/page"}],"author":[{"embeddable":true,"href":"https:\/\/blogsaverroes.juntadeandalucia.es\/ceipsaneustaquiosanlucarlamayor\/wp-json\/wp\/v2\/users\/8241"}],"replies":[{"embeddable":true,"href":"https:\/\/blogsaverroes.juntadeandalucia.es\/ceipsaneustaquiosanlucarlamayor\/wp-json\/wp\/v2\/comments?post=101"}],"version-history":[{"count":7,"href":"https:\/\/blogsaverroes.juntadeandalucia.es\/ceipsaneustaquiosanlucarlamayor\/wp-json\/wp\/v2\/pages\/101\/revisions"}],"predecessor-version":[{"id":2672,"href":"https:\/\/blogsaverroes.juntadeandalucia.es\/ceipsaneustaquiosanlucarlamayor\/wp-json\/wp\/v2\/pages\/101\/revisions\/2672"}],"wp:attachment":[{"href":"https:\/\/blogsaverroes.juntadeandalucia.es\/ceipsaneustaquiosanlucarlamayor\/wp-json\/wp\/v2\/media?parent=101"}],"curies":[{"name":"wp","href":"https:\/\/api.w.org\/{rel}","templated":true}]}}

<p class="has-drop-cap">El proyecto educativo de centro es un documento pedagógico elaborado por y para la comunidad educativa. El PEC es el marco de referencia ya que recoge de forma detallada la identidad, objetivos y organización de un centro educativo con el objetivo de dar respuesta eficaz a las necesidades y demandas que se puedan presentar a lo largo del curso escolar. Se trata de un documento institucional de planificación educativa que establece los valores, los objetivos y las prioridades de actuación del centro .También debe incorporar la concreción de los currículos aprobados por la administración educativa, así como el tratamiento transversal de la educación en valores.</p>



<p>Debe indicar la misión, la visión y los valores del centro educativo. También incluirá los criterios, prioridades y planteamientos metodológicos y educativos. En otras palabras: además de recoger la organización administrativa, expondrá de forma detallada qué se enseñará al alumnado, las metodologías que se aplicarán para conseguirlo y las vías de evaluación del progreso logrado.</p>



<p>Así, de acuerdo con la normativa educativa en vigor, tenemos aprobado nuestro proyecto educativo (El cual se puede consultar en los siguientes enlaces)</p>



<p><a href="https://drive.google.com/file/d/1AWOXAqNj8yJBOEWcbrszkOdW-lVBmcu0/view?usp=sharing">A) PROYECTO EDUCATIVO</a></p>



<p><strong>Programaciones de ciclo</strong></p>



<p><strong>Educación infantil:</strong></p>
<p><a href="https://drive.google.com/file/d/1XXRIjwCebf_hbOQ2yIXOgMC7p6Oy_oje/view?usp=sharing">Propuestas pedagógicas</a></p>



<p><strong>Educación primaria:</strong></p>



<p><a href="https://drive.google.com/file/d/1rP7uurfyrOkToW1WLI5Exn5IaIHU7FBS/view?usp=sharing">1º ciclo</a></p>



<p><a href="https://drive.google.com/file/d/1S8tulczZquE2MOV-kZxnxvI8ileOeim_/view?usp=sharing">2º ciclo</a></p>



<p><a href="https://drive.google.com/file/d/1YAjgNGSiR5WRhzeOZ6icqb9ElXmfTG7-/view?usp=sharing">3º ciclo</a></p>



<p><a href="https://drive.google.com/file/d/1Md-mOMQk7-xTjf1iZChblcLqktI9y4Mt/view?usp=sharing">Plan de Evaluación Inicial</a></p>



<p><a href="https://drive.google.com/file/d/1PoiwwUbpKSs8I2K8zMzxtaSOaK3y4RFU/view?usp=sharing">Plan de atención a la diversidad.</a></p>



<p><a href="https://drive.google.com/file/d/1IQP85F2wlfu0eLVZjc4onossq1pj5GDn/view?usp=sharing">Plan de orientación y acción tutorial</a></p>



<p><a href="https://drive.google.com/file/d/1z6nwv3kLqk1zP7Z_OaltgBdAgOXeZ52N/view?usp=sharing">Plan de convivencia.</a></p>





<p><strong>Planes estratégicos que se desarrollan en el centro.&nbsp;</strong></p>



<p><a href="https://drive.google.com/file/d/1OBQwUHEbnHt1GR9dHyoE5ce8L_ZDjNRk/view?usp=sharing">PLAN DE IGUALDAD DE GÉNERO&nbsp;</a></p>



<p><a href="https://drive.google.com/file/d/1cGsvu5TTwyEmZPYT4i75PfhPiPAdOnA7/view?usp=sharing">PLAN DE ACTUACIÓN DIGITAL</a></p>



<p><a href="https://drive.google.com/file/d/1B5teCiGTvCrSPtZGGrWlxZgmvz3RP8iH/view?usp=sharing">PLAN DE LECTURA Y BIBLIOTECA</a></p>



<p><a href="https://drive.google.com/file/d/1BgbGNv0sTvoVuDJBVJ8cKuJuThxAo6Ty/view?usp=sharing">PROYECTO BILINGÜE</a></p>



<p><a href="https://drive.google.com/file/d/1BRYNCDpdyK8j2K5qdUuu17uNkRPhiidF/view?usp=sharing">HÁBITOS DE VIDA SALUDABLE</a></p>
<p><a href="https://drive.google.com/file/d/1mQ2m_PKxcuJITiB19luaBdluiRNhXvD0/view?usp=sharing">ALDEA</a></p>
<p><a href="https://drive.google.com/file/d/1TqXZ6YxBE9Cptx4IUHmdzJnflVKtDirM/view?usp=sharing">PLAN DE FORMACIÓN DEL PROFESORADO</a></p>
<p>&nbsp;</p>



<p>&nbsp;</p>



<p>&nbsp;</p>

<p>El proyecto educativo de centro es un documento pedagógico elaborado por y para la comunidad educativa. El PEC es el marco de referencia ya que recoge de forma detallada la identidad, objetivos y organización de un centro educativo con el objetivo de dar respuesta eficaz a las necesidades y demandas que se puedan presentar a &hellip; </p>
<p><a class="more-link btn" href="https://blogsaverroes.juntadeandalucia.es/ceipsaneustaquiosanlucarlamayor/proyecto-educativo/">Seguir leyendo</a></p>
