{"id":16,"date":"2021-05-14T12:14:34","date_gmt":"2021-05-14T12:14:34","guid":{"rendered":"https:\/\/ceip-saneustaquio-sanlucarlamayor.es\/?page_id=16"},"modified":"2021-05-14T12:14:34","modified_gmt":"2021-05-14T12:14:34","slug":"localizacion","status":"publish","type":"page","link":"https:\/\/blogsaverroes.juntadeandalucia.es\/ceipsaneustaquiosanlucarlamayor\/localizacion\/","title":{"rendered":"Localizaci\u00f3n"},"content":{"rendered":"\n<p class=\"has-drop-cap\">Dividido en dos edificios muy separados, distantes m\u00e1s de 900 metros en l\u00ednea recta, los respectivos recintos escolares se sit\u00faan de la siguiente forma:<\/p>\n\n\n\n<p><\/p>\n\n\n\n<p><\/p>\n\n\n\n<ul><li>El edificio de \u00abLa Corredera\u00bb es un edificio antiguo y emblem\u00e1tico para la localidad, situado en la Avenida de Espa\u00f1a, al oeste del centro de la poblaci\u00f3n; colindante con la zona habilitada para servir como recinto ferial. En \u00e9l se encuentra actualmente la etapa de Infantil y el Aula de Educaci\u00f3n Especial, as\u00ed como el comedor escolar.<\/li><\/ul>\n\n\n\n<div class=\"wp-block-image\"><figure class=\"aligncenter size-large\"><img loading=\"lazy\" decoding=\"async\" width=\"1600\" height=\"900\" src=\"https:\/\/blogsaverroes.juntadeandalucia.es\/ceipsaneustaquiosanlucarlamayor\/files\/2022\/03\/IMG-20220217-WA0012-edited.jpg\" alt=\"\" class=\"wp-image-823\" srcset=\"https:\/\/blogsaverroes.juntadeandalucia.es\/ceipsaneustaquiosanlucarlamayor\/files\/2022\/03\/IMG-20220217-WA0012-edited.jpg 1600w, https:\/\/blogsaverroes.juntadeandalucia.es\/ceipsaneustaquiosanlucarlamayor\/files\/2022\/03\/IMG-20220217-WA0012-edited-300x169.jpg 300w, https:\/\/blogsaverroes.juntadeandalucia.es\/ceipsaneustaquiosanlucarlamayor\/files\/2022\/03\/IMG-20220217-WA0012-edited-1024x576.jpg 1024w, https:\/\/blogsaverroes.juntadeandalucia.es\/ceipsaneustaquiosanlucarlamayor\/files\/2022\/03\/IMG-20220217-WA0012-edited-768x432.jpg 768w, https:\/\/blogsaverroes.juntadeandalucia.es\/ceipsaneustaquiosanlucarlamayor\/files\/2022\/03\/IMG-20220217-WA0012-edited-1536x864.jpg 1536w\" sizes=\"(max-width: 1600px) 100vw, 1600px\" \/><figcaption>Edificio \u00abLa Corredera\u00bb<\/figcaption><\/figure><\/div>\n\n\n\n<iframe loading=\"lazy\" src=\"https:\/\/www.google.com\/maps\/embed?pb=!1m18!1m12!1m3!1d3170.0844318298214!2d-6.205759882556185!3d37.387835499999994!2m3!1f0!2f0!3f0!3m2!1i1024!2i768!4f13.1!3m3!1m2!1s0xd1210d2f078a825%3A0x22f78167465c76b4!2sColegio%20P%C3%B9blico%20San%20Eustaquio!5e0!3m2!1ses!2ses!4v1647603118810!5m2!1ses!2ses\" width=\"600\" height=\"450\"><\/iframe>\n\n\n\n<ul><li>El edificio m\u00e1s actual (a\u00f1o 1985) se encuentra en la calle Castilla n\u00famero 10, situada al norte de Sanl\u00facar la Mayor. En este edificio se encuentra la etapa de Primaria completa, as\u00ed como la Administraci\u00f3n y Direcci\u00f3n del centro educativo.<\/li><\/ul>\n\n\n\n<div class=\"wp-block-image\"><figure class=\"aligncenter size-large\"><img decoding=\"async\" src=\"https:\/\/ceip-saneustaquio-sanlucarlamayor.es\/wp-content\/uploads\/2022\/03\/20220217_104930-1024x473.jpg\" alt=\"\" class=\"wp-image-813\" \/><figcaption>Calle Castilla, N\u00ba 10<\/figcaption><\/figure><\/div>\n\n\n\n<iframe loading=\"lazy\" src=\"https:\/\/www.google.com\/maps\/embed?pb=!1m18!1m12!1m3!1d3169.994551314894!2d-6.203955684723181!3d37.389961129831526!2m3!1f0!2f0!3f0!3m2!1i1024!2i768!4f13.1!3m3!1m2!1s0xd12172b5bf07267%3A0xe19ea8c269b9808b!2sColegio%20P%C3%BAblico%20San%20Eustaquio!5e0!3m2!1ses!2ses!4v1647603018930!5m2!1ses!2ses\" width=\"600\" height=\"450\"><\/iframe>\n","protected":false},"excerpt":{"rendered":"<p>Dividido en dos edificios muy separados, distantes m\u00e1s de 900 metros en l\u00ednea recta, los respectivos recintos escolares se sit\u00faan de la siguiente forma: El edificio de \u00abLa Corredera\u00bb es un edificio antiguo y emblem\u00e1tico para la localidad, situado en la Avenida de Espa\u00f1a, al oeste del centro de la poblaci\u00f3n; colindante con la zona &hellip; <\/p>\n<p><a class=\"more-link btn\" href=\"https:\/\/blogsaverroes.juntadeandalucia.es\/ceipsaneustaquiosanlucarlamayor\/localizacion\/\">Seguir leyendo<\/a><\/p>\n","protected":false},"author":8241,"featured_media":0,"parent":0,"menu_order":0,"comment_status":"closed","ping_status":"closed","template":"","meta":{"ngg_post_thumbnail":0,"footnotes":"","_mc_calendar":[]},"aioseo_notices":[],"_links":{"self":[{"href":"https:\/\/blogsaverroes.juntadeandalucia.es\/ceipsaneustaquiosanlucarlamayor\/wp-json\/wp\/v2\/pages\/16"}],"collection":[{"href":"https:\/\/blogsaverroes.juntadeandalucia.es\/ceipsaneustaquiosanlucarlamayor\/wp-json\/wp\/v2\/pages"}],"about":[{"href":"https:\/\/blogsaverroes.juntadeandalucia.es\/ceipsaneustaquiosanlucarlamayor\/wp-json\/wp\/v2\/types\/page"}],"author":[{"embeddable":true,"href":"https:\/\/blogsaverroes.juntadeandalucia.es\/ceipsaneustaquiosanlucarlamayor\/wp-json\/wp\/v2\/users\/8241"}],"replies":[{"embeddable":true,"href":"https:\/\/blogsaverroes.juntadeandalucia.es\/ceipsaneustaquiosanlucarlamayor\/wp-json\/wp\/v2\/comments?post=16"}],"version-history":[{"count":0,"href":"https:\/\/blogsaverroes.juntadeandalucia.es\/ceipsaneustaquiosanlucarlamayor\/wp-json\/wp\/v2\/pages\/16\/revisions"}],"wp:attachment":[{"href":"https:\/\/blogsaverroes.juntadeandalucia.es\/ceipsaneustaquiosanlucarlamayor\/wp-json\/wp\/v2\/media?parent=16"}],"curies":[{"name":"wp","href":"https:\/\/api.w.org\/{rel}","templated":true}]}}

Localización

<p class="has-drop-cap">Dividido en dos edificios muy separados, distantes más de 900 metros en línea recta, los respectivos recintos escolares se sitúan de la siguiente forma:</p>



<p></p>



<p></p>



<ul><li>El edificio de «La Corredera» es un edificio antiguo y emblemático para la localidad, situado en la Avenida de España, al oeste del centro de la población; colindante con la zona habilitada para servir como recinto ferial. En él se encuentra actualmente la etapa de Infantil y el Aula de Educación Especial, así como el comedor escolar.</li></ul>



<div class="wp-block-image"><figure class="aligncenter size-large"><img loading="lazy" decoding="async" width="1600" height="900" src="https://blogsaverroes.juntadeandalucia.es/ceipsaneustaquiosanlucarlamayor/files/2022/03/IMG-20220217-WA0012-edited.jpg" alt="" class="wp-image-823" srcset="https://blogsaverroes.juntadeandalucia.es/ceipsaneustaquiosanlucarlamayor/files/2022/03/IMG-20220217-WA0012-edited.jpg 1600w, https://blogsaverroes.juntadeandalucia.es/ceipsaneustaquiosanlucarlamayor/files/2022/03/IMG-20220217-WA0012-edited-300x169.jpg 300w, https://blogsaverroes.juntadeandalucia.es/ceipsaneustaquiosanlucarlamayor/files/2022/03/IMG-20220217-WA0012-edited-1024x576.jpg 1024w, https://blogsaverroes.juntadeandalucia.es/ceipsaneustaquiosanlucarlamayor/files/2022/03/IMG-20220217-WA0012-edited-768x432.jpg 768w, https://blogsaverroes.juntadeandalucia.es/ceipsaneustaquiosanlucarlamayor/files/2022/03/IMG-20220217-WA0012-edited-1536x864.jpg 1536w" sizes="(max-width: 1600px) 100vw, 1600px" /><figcaption>Edificio «La Corredera»</figcaption></figure></div>



<iframe loading="lazy" src="https://www.google.com/maps/embed?pb=!1m18!1m12!1m3!1d3170.0844318298214!2d-6.205759882556185!3d37.387835499999994!2m3!1f0!2f0!3f0!3m2!1i1024!2i768!4f13.1!3m3!1m2!1s0xd1210d2f078a825%3A0x22f78167465c76b4!2sColegio%20P%C3%B9blico%20San%20Eustaquio!5e0!3m2!1ses!2ses!4v1647603118810!5m2!1ses!2ses" width="600" height="450"></iframe>



<ul><li>El edificio más actual (año 1985) se encuentra en la calle Castilla número 10, situada al norte de Sanlúcar la Mayor. En este edificio se encuentra la etapa de Primaria completa, así como la Administración y Dirección del centro educativo.</li></ul>



<div class="wp-block-image"><figure class="aligncenter size-large"><img decoding="async" src="https://ceip-saneustaquio-sanlucarlamayor.es/wp-content/uploads/2022/03/20220217_104930-1024x473.jpg" alt="" class="wp-image-813" /><figcaption>Calle Castilla, Nº 10</figcaption></figure></div>



<iframe loading="lazy" src="https://www.google.com/maps/embed?pb=!1m18!1m12!1m3!1d3169.994551314894!2d-6.203955684723181!3d37.389961129831526!2m3!1f0!2f0!3f0!3m2!1i1024!2i768!4f13.1!3m3!1m2!1s0xd12172b5bf07267%3A0xe19ea8c269b9808b!2sColegio%20P%C3%BAblico%20San%20Eustaquio!5e0!3m2!1ses!2ses!4v1647603018930!5m2!1ses!2ses" width="600" height="450"></iframe>

<p>Dividido en dos edificios muy separados, distantes más de 900 metros en línea recta, los respectivos recintos escolares se sitúan de la siguiente forma: El edificio de «La Corredera» es un edificio antiguo y emblemático para la localidad, situado en la Avenida de España, al oeste del centro de la población; colindante con la zona &hellip; </p>
<p><a class="more-link btn" href="https://blogsaverroes.juntadeandalucia.es/ceipsaneustaquiosanlucarlamayor/localizacion/">Seguir leyendo</a></p>
