{"id":406,"date":"2021-09-19T17:08:49","date_gmt":"2021-09-19T17:08:49","guid":{"rendered":"https:\/\/ceip-saneustaquio-sanlucarlamayor.es\/?page_id=406"},"modified":"2021-09-19T17:08:49","modified_gmt":"2021-09-19T17:08:49","slug":"comedor-escolar","status":"publish","type":"page","link":"https:\/\/blogsaverroes.juntadeandalucia.es\/ceipsaneustaquiosanlucarlamayor\/comedor-escolar\/","title":{"rendered":"Comedor Escolar"},"content":{"rendered":"\n<figure class=\"wp-block-image\"><img decoding=\"async\" src=\"http:\/\/ceiphernancortes.es\/sites\/default\/files\/pictures\/comedor.jpg\" alt=\"\" \/><\/figure>\n\n\n\n<p class=\"has-drop-cap\">El Servicio dispone de\u00a060 plazas y se realizar\u00e1\u00a0<strong>de lunes a viernes en horario de 14.00 a 16.00 horas y en el que se pretende que sea continuaci\u00f3n de la tarea educativa<\/strong>. Terminado este Servicio los alumnos, bien son recogidos por sus padres o se reincorporan a las Actividades Extraescolares.\u00a0Este Servicio\u00a0<strong>est\u00e1 atendido por monitores y\/o profesores del Centro<\/strong>. El\u00a0<strong>men\u00fa<\/strong>\u00a0mensual ser\u00e1n entregados a los usuarios, no obstante, podr\u00e1n descargarlo de<a href=\"https:\/\/www.elgustodecrecer.es\">\u00a0<strong>nuestra web<\/strong>.\u00a0<\/a><\/p>\n\n\n\n<p>&nbsp;<strong>Normas de funcionamiento&nbsp;<\/strong><\/p>\n\n\n\n<p>1. El horario del servicio ser\u00e1 de 14.00 a 16.00 h. de lunes a viernes. <\/p>\n\n\n\n<p>2. El\u00a0<em><strong>precio del Servicio establecido por la Consejer\u00eda\u00a0<\/strong><\/em>de Educaci\u00f3n es de 4,38 euros (<strong>precio por d\u00eda de comida)<\/strong>:<br><br><br>Nota: A estos precios habr\u00eda que aplicarles la bonificaci\u00f3n correspondiente, si a ello tiene derecho (se solicita \u00fanicamente en la primera semana de septiembre, o 3 d\u00edas despu\u00e9s de la solicitud de asistir al comedor, que puede realizarse en cualquier momento del a\u00f1o, estando sujeta a disponibilidad). El abono de este servicio se realizar\u00e1 directamente a la empresa por entidad bancaria<\/p>\n\n\n\n<p>3. Mientras no se publiquen las bonificaciones no se podr\u00e1 realizar los cobros. Dependiendo de la fecha de publicaci\u00f3n de las bonificaciones se facturar\u00e1 dos\u00a0meses juntos.<\/p>\n\n\n\n<p>5. Cualquier cambio de datos ser\u00e1 comunicado por escrito.<\/p>\n\n\n\n<p>6.\u00a0<strong>La petici\u00f3n de alta, baja o cualquier modificaci\u00f3n\u00a0<\/strong>del servicio\u00a0<strong>se comunicar\u00e1\u00a0<\/strong>con una\u00a0antelaci\u00f3n de, al menos, una semana del inicio del mes (m\u00e1ximo el 25 de cada mes) en que se pretenda hacer efectivo los\u00a0cambios del servicio. No se abonar\u00e1 ninguna ausencia, excepto las comunicadas\u00a0<strong>dentro de este\u00a0plazo.<\/strong><\/p>\n\n\n\n<p>7.&nbsp;<strong>El alta, baja o cualquier cambio&nbsp;<\/strong>de un usuario se comunicar\u00e1 al centro educativo y adem\u00e1s a la empresa&nbsp;<strong>siempre por escrito.<\/strong><\/p>\n\n\n\n<p>8. La utilizaci\u00f3n de este servicio podr\u00e1 solicitarse por meses completos o por d\u00edas concretos de la semana.<\/p>\n\n\n\n<p>9. Causar\u00e1 baja en el servicio cuando se produzca el impago de dos recibos consecutivos.<\/p>\n\n\n\n<p>10. Causar\u00e1 baja cuando no se utilice el servicio durante 5 d\u00edas consecutivos sin causa justificada, teniendo que abonar el mes completo.<\/p>\n\n\n\n<p>11. No podr\u00e1 hacer uso del servicio de comedor usuarios con recibos pendientes del curso anterior.<\/p>\n\n\n\n<p>12. No se puede hacer uso del servicio del comedor si no se ha asistido a la jornada lectiva.<\/p>\n\n\n\n<p>13. La inscripci\u00f3n de un alumno\/a en el servicio de comedor supone la aceptaci\u00f3n de las normas que lo rigen.<\/p>\n\n\n\n<p>14. Para cualquier duda se deben poner en contacto con el coordinador del comedor.<\/p>\n\n\n\n<p><\/p>\n","protected":false},"excerpt":{"rendered":"<p>El Servicio dispone de\u00a060 plazas y se realizar\u00e1\u00a0de lunes a viernes en horario de 14.00 a 16.00 horas y en el que se pretende que sea continuaci\u00f3n de la tarea educativa. Terminado este Servicio los alumnos, bien son recogidos por sus padres o se reincorporan a las Actividades Extraescolares.\u00a0Este Servicio\u00a0est\u00e1 atendido por monitores y\/o profesores &hellip; <\/p>\n<p><a class=\"more-link btn\" href=\"https:\/\/blogsaverroes.juntadeandalucia.es\/ceipsaneustaquiosanlucarlamayor\/comedor-escolar\/\">Seguir leyendo<\/a><\/p>\n","protected":false},"author":8241,"featured_media":0,"parent":0,"menu_order":0,"comment_status":"closed","ping_status":"closed","template":"","meta":{"ngg_post_thumbnail":0,"footnotes":"","_mc_calendar":[]},"aioseo_notices":[],"_links":{"self":[{"href":"https:\/\/blogsaverroes.juntadeandalucia.es\/ceipsaneustaquiosanlucarlamayor\/wp-json\/wp\/v2\/pages\/406"}],"collection":[{"href":"https:\/\/blogsaverroes.juntadeandalucia.es\/ceipsaneustaquiosanlucarlamayor\/wp-json\/wp\/v2\/pages"}],"about":[{"href":"https:\/\/blogsaverroes.juntadeandalucia.es\/ceipsaneustaquiosanlucarlamayor\/wp-json\/wp\/v2\/types\/page"}],"author":[{"embeddable":true,"href":"https:\/\/blogsaverroes.juntadeandalucia.es\/ceipsaneustaquiosanlucarlamayor\/wp-json\/wp\/v2\/users\/8241"}],"replies":[{"embeddable":true,"href":"https:\/\/blogsaverroes.juntadeandalucia.es\/ceipsaneustaquiosanlucarlamayor\/wp-json\/wp\/v2\/comments?post=406"}],"version-history":[{"count":0,"href":"https:\/\/blogsaverroes.juntadeandalucia.es\/ceipsaneustaquiosanlucarlamayor\/wp-json\/wp\/v2\/pages\/406\/revisions"}],"wp:attachment":[{"href":"https:\/\/blogsaverroes.juntadeandalucia.es\/ceipsaneustaquiosanlucarlamayor\/wp-json\/wp\/v2\/media?parent=406"}],"curies":[{"name":"wp","href":"https:\/\/api.w.org\/{rel}","templated":true}]}}