{"id":44,"date":"2021-05-17T19:42:53","date_gmt":"2021-05-17T19:42:53","guid":{"rendered":"https:\/\/ceip-saneustaquio-sanlucarlamayor.es\/?page_id=44"},"modified":"2026-02-01T12:19:13","modified_gmt":"2026-02-01T11:19:13","slug":"biblioteca","status":"publish","type":"page","link":"https:\/\/blogsaverroes.juntadeandalucia.es\/ceipsaneustaquiosanlucarlamayor\/biblioteca\/","title":{"rendered":"Biblioteca"},"content":{"rendered":"\r\n<p class=\"has-drop-cap\">La lectura ha de constituir una actividad fundamental en la vida del ni\u00f1o\/a en sus<\/p>\r\n\r\n\r\n\r\n<p>a\u00f1os escolares debido a su valor como herramienta de aprendizaje y de dominio de<\/p>\r\n\r\n\r\n\r\n<p>nuevos conocimientos. El alumnado de primaria ha de leer, saber leer y comprender lo<\/p>\r\n\r\n\r\n\r\n<p>que lee y as\u00ed obtendr\u00e1 informaci\u00f3n, aprender\u00e1, sabr\u00e1 comunicarse con un mayor dominio<\/p>\r\n\r\n\r\n\r\n<p>y disfrutar\u00e1 de nuevas experiencias. En la escuela se deben dar todas las posibilidades<\/p>\r\n\r\n\r\n\r\n<p>para que la lectura forme parte de la vida de nuestros alumnos\/as y la familia contribuir<\/p>\r\n\r\n\r\n\r\n<p>con la escuela para que en casa se potencie, apoye y refuerce esta actitud.<\/p>\r\n\r\n\r\n\r\n<p>La biblioteca escolar de nuestro centro ser\u00e1 el lugar id\u00f3neo para acometer el<\/p>\r\n\r\n\r\n\r\n<p>proyecto lector y el recurso indispensable para que, adem\u00e1s el alumnado alcance las<\/p>\r\n\r\n\r\n\r\n<p>competencias b\u00e1sicas referidas en el art. 38 de la Ley 17\/2007, de 10 de diciembre, de<\/p>\r\n\r\n\r\n\r\n<p>Educaci\u00f3n en Andaluc\u00eda.<\/p>\r\n\r\n\r\n\r\n<p>&nbsp;<\/p>\r\n\r\n\r\n\r\n<p>La biblioteca escolar constituye un importante espacio para desarrollar el<\/p>\r\n\r\n\r\n\r\n<p>aprendizaje y se convierta en un eslab\u00f3n m\u00e1s en el proceso de ense\u00f1anza \/ aprendizaje.<\/p>\r\n\r\n\r\n\r\n<p>Por todo ello, el uso de la biblioteca escolar ha de contribuir y fomentar en el<\/p>\r\n\r\n\r\n\r\n<p>alumnado el h\u00e1bito lector libre y aut\u00f3nomo, como diversi\u00f3n y disfrute, as\u00ed como fuente de<\/p>\r\n\r\n\r\n\r\n<p>satisfacci\u00f3n personal.<\/p>\r\n\r\n\r\n\r\n<div class=\"wp-block-file\"><a href=\"https:\/\/blogsaverroes.juntadeandalucia.es\/ceipsaneustaquiosanlucarlamayor\/files\/2021\/08\/Copia-de-14.2plan-biblioteca.pdf\">Plan de biblioteca<\/a><a class=\"wp-block-file__button\" href=\"https:\/\/drive.google.com\/file\/d\/1B5teCiGTvCrSPtZGGrWlxZgmvz3RP8iH\/view?usp=drive_link\">Descarga<\/a><\/div>\r\n","protected":false},"excerpt":{"rendered":"<p>La lectura ha de constituir una actividad fundamental en la vida del ni\u00f1o\/a en sus a\u00f1os escolares debido a su valor como herramienta de aprendizaje y de dominio de nuevos conocimientos. El alumnado de primaria ha de leer, saber leer y comprender lo que lee y as\u00ed obtendr\u00e1 informaci\u00f3n, aprender\u00e1, sabr\u00e1 comunicarse con un mayor &hellip; <\/p>\n<p><a class=\"more-link btn\" href=\"https:\/\/blogsaverroes.juntadeandalucia.es\/ceipsaneustaquiosanlucarlamayor\/biblioteca\/\">Seguir leyendo<\/a><\/p>\n","protected":false},"author":8241,"featured_media":0,"parent":0,"menu_order":0,"comment_status":"closed","ping_status":"closed","template":"","meta":{"ngg_post_thumbnail":0,"footnotes":"","_mc_calendar":[]},"aioseo_notices":[],"_links":{"self":[{"href":"https:\/\/blogsaverroes.juntadeandalucia.es\/ceipsaneustaquiosanlucarlamayor\/wp-json\/wp\/v2\/pages\/44"}],"collection":[{"href":"https:\/\/blogsaverroes.juntadeandalucia.es\/ceipsaneustaquiosanlucarlamayor\/wp-json\/wp\/v2\/pages"}],"about":[{"href":"https:\/\/blogsaverroes.juntadeandalucia.es\/ceipsaneustaquiosanlucarlamayor\/wp-json\/wp\/v2\/types\/page"}],"author":[{"embeddable":true,"href":"https:\/\/blogsaverroes.juntadeandalucia.es\/ceipsaneustaquiosanlucarlamayor\/wp-json\/wp\/v2\/users\/8241"}],"replies":[{"embeddable":true,"href":"https:\/\/blogsaverroes.juntadeandalucia.es\/ceipsaneustaquiosanlucarlamayor\/wp-json\/wp\/v2\/comments?post=44"}],"version-history":[{"count":1,"href":"https:\/\/blogsaverroes.juntadeandalucia.es\/ceipsaneustaquiosanlucarlamayor\/wp-json\/wp\/v2\/pages\/44\/revisions"}],"predecessor-version":[{"id":2665,"href":"https:\/\/blogsaverroes.juntadeandalucia.es\/ceipsaneustaquiosanlucarlamayor\/wp-json\/wp\/v2\/pages\/44\/revisions\/2665"}],"wp:attachment":[{"href":"https:\/\/blogsaverroes.juntadeandalucia.es\/ceipsaneustaquiosanlucarlamayor\/wp-json\/wp\/v2\/media?parent=44"}],"curies":[{"name":"wp","href":"https:\/\/api.w.org\/{rel}","templated":true}]}}

<p class="has-drop-cap">La lectura ha de constituir una actividad fundamental en la vida del niño/a en sus</p>



<p>años escolares debido a su valor como herramienta de aprendizaje y de dominio de</p>



<p>nuevos conocimientos. El alumnado de primaria ha de leer, saber leer y comprender lo</p>



<p>que lee y así obtendrá información, aprenderá, sabrá comunicarse con un mayor dominio</p>



<p>y disfrutará de nuevas experiencias. En la escuela se deben dar todas las posibilidades</p>



<p>para que la lectura forme parte de la vida de nuestros alumnos/as y la familia contribuir</p>



<p>con la escuela para que en casa se potencie, apoye y refuerce esta actitud.</p>



<p>La biblioteca escolar de nuestro centro será el lugar idóneo para acometer el</p>



<p>proyecto lector y el recurso indispensable para que, además el alumnado alcance las</p>



<p>competencias básicas referidas en el art. 38 de la Ley 17/2007, de 10 de diciembre, de</p>



<p>Educación en Andalucía.</p>



<p>&nbsp;</p>



<p>La biblioteca escolar constituye un importante espacio para desarrollar el</p>



<p>aprendizaje y se convierta en un eslabón más en el proceso de enseñanza / aprendizaje.</p>



<p>Por todo ello, el uso de la biblioteca escolar ha de contribuir y fomentar en el</p>



<p>alumnado el hábito lector libre y autónomo, como diversión y disfrute, así como fuente de</p>



<p>satisfacción personal.</p>



<div class="wp-block-file"><a href="https://blogsaverroes.juntadeandalucia.es/ceipsaneustaquiosanlucarlamayor/files/2021/08/Copia-de-14.2plan-biblioteca.pdf">Plan de biblioteca</a><a class="wp-block-file__button" href="https://drive.google.com/file/d/1B5teCiGTvCrSPtZGGrWlxZgmvz3RP8iH/view?usp=drive_link">Descarga</a></div>

<p>La lectura ha de constituir una actividad fundamental en la vida del niño/a en sus años escolares debido a su valor como herramienta de aprendizaje y de dominio de nuevos conocimientos. El alumnado de primaria ha de leer, saber leer y comprender lo que lee y así obtendrá información, aprenderá, sabrá comunicarse con un mayor &hellip; </p>
<p><a class="more-link btn" href="https://blogsaverroes.juntadeandalucia.es/ceipsaneustaquiosanlucarlamayor/biblioteca/">Seguir leyendo</a></p>
