{"id":72,"date":"2021-05-17T20:04:01","date_gmt":"2021-05-17T20:04:01","guid":{"rendered":"https:\/\/ceip-saneustaquio-sanlucarlamayor.es\/?page_id=72"},"modified":"2021-05-17T20:04:01","modified_gmt":"2021-05-17T20:04:01","slug":"ampa","status":"publish","type":"page","link":"https:\/\/blogsaverroes.juntadeandalucia.es\/ceipsaneustaquiosanlucarlamayor\/ampa\/","title":{"rendered":"AMPA"},"content":{"rendered":"\n<p class=\"has-large-font-size\"><strong><strong>\u00bfQu\u00e9 es un AMPA?<\/strong><\/strong><\/p>\n\n\n\n<p class=\"has-drop-cap\">Las asociaciones de madres y padres del alumnado son un cauce fundamental para posibilitar la participaci\u00f3n de las familias o tutores del alumnado, en su caso, en las actividades de los centros docentes. Para ello tendr\u00e1n aquellas finalidades que se fijen en sus estatutos, dentro de las siguientes:<\/p>\n\n\n\n<p><\/p>\n\n\n\n<ul><li>Asistir a los padres, madres o tutores legales en todo aquello que concierne a la educaci\u00f3n de sus hijos e hijas o pupilos.<\/li><li>Colaborar en las actividades educativas de los centros, y en las actividades complementarias y extraescolares de los mismos.<\/li><li>Organizar actividades culturales y deportivas.<\/li><li>Promover la participaci\u00f3n de los padres, madres o tutores del alumnado en la gesti\u00f3n del Centro.<\/li><li>Asistir a los padres, madres o tutores legales del alumnado en el ejercicio de su derecho a intervenir en el control y gesti\u00f3n de los centros sostenidos con fondos p\u00fablicos.<\/li><li>Facilitar la representaci\u00f3n y participaci\u00f3n de los padres, madres o tutores legales del alumnado en los Consejos Escolares de los centros sostenidos con fondos p\u00fablicos, para lo cual podr\u00e1n presentar candidaturas en los correspondientes procesos electorales.<\/li><li>Promover el desarrollo de programas de Educaci\u00f3n Familiar.<\/li><li>Representar a los padres, madres o tutores asociados a las mismas ante las instancias educativas y otros organismos.<br><\/li><\/ul>\n\n\n\n<div class=\"wp-block-image\"><figure class=\"aligncenter is-resized\"><img loading=\"lazy\" decoding=\"async\" src=\"https:\/\/lh5.googleusercontent.com\/lGiDtNn0n9Dp7ds-ibUeQnsGsFCM3-r1b9sGqQBYE3qUvaN8qjbhtQ7BIaTUkOr3Y5alDTYOyFm-a4dhmJcZDjIwy_XHOL85r6FKe_xungxg6KO0b_EQRPuJRbwF7VEVdVyFbFu-\" alt=\"\" width=\"438\" height=\"273\" \/><\/figure><\/div>\n\n\n\n<ul><li><a href=\"https:\/\/www.juntadeandalucia.es\/educacion\/webportal\/ishare-servlet\/content\/c3aee2b5-4065-45b9-861d-125a201c42d8\" target=\"_blank\" rel=\"noreferrer noopener\"><strong>Las Asociaciones de Madres y Padres. Orientaciones para la participaci\u00f3n<br><\/strong>La Federaci\u00f3n de Asociaciones de Padres y Madres del alumnado de Centros de Educaci\u00f3n Publica de Almer\u00eda, FAPACE, edita esta gu\u00eda como un recurso pr\u00e1ctico y sencillo para que puedas utilizarlo y compartirlo con tu asociaci\u00f3n. Nace de la necesidad de las AMPAS que, reiteradamente, han pedido una gu\u00eda donde resolver las dudas principales y m\u00e1s frecuentes que se presentan d\u00eda a d\u00eda. Adem\u00e1s puede servir como documento base para las familias que se incorporan. Varios autores.<\/a><\/li><\/ul>\n\n\n\n<p><a href=\"https:\/\/es-es.facebook.com\/pg\/AMPA-Lucus-Solis-104693546367352\/photos\/?ref=page_internal\" target=\"_blank\" rel=\"noreferrer noopener\">https:\/\/es-es.facebook.com\/pg\/AMPA-Lucus-Solis-104693546367352\/photos\/?ref=page_internal<\/a><\/p>\n","protected":false},"excerpt":{"rendered":"<p>\u00bfQu\u00e9 es un AMPA? Las asociaciones de madres y padres del alumnado son un cauce fundamental para posibilitar la participaci\u00f3n de las familias o tutores del alumnado, en su caso, en las actividades de los centros docentes. Para ello tendr\u00e1n aquellas finalidades que se fijen en sus estatutos, dentro de las siguientes: Asistir a los &hellip; <\/p>\n<p><a class=\"more-link btn\" href=\"https:\/\/blogsaverroes.juntadeandalucia.es\/ceipsaneustaquiosanlucarlamayor\/ampa\/\">Seguir leyendo<\/a><\/p>\n","protected":false},"author":8241,"featured_media":0,"parent":0,"menu_order":0,"comment_status":"closed","ping_status":"closed","template":"","meta":{"ngg_post_thumbnail":0,"footnotes":"","_mc_calendar":[]},"aioseo_notices":[],"_links":{"self":[{"href":"https:\/\/blogsaverroes.juntadeandalucia.es\/ceipsaneustaquiosanlucarlamayor\/wp-json\/wp\/v2\/pages\/72"}],"collection":[{"href":"https:\/\/blogsaverroes.juntadeandalucia.es\/ceipsaneustaquiosanlucarlamayor\/wp-json\/wp\/v2\/pages"}],"about":[{"href":"https:\/\/blogsaverroes.juntadeandalucia.es\/ceipsaneustaquiosanlucarlamayor\/wp-json\/wp\/v2\/types\/page"}],"author":[{"embeddable":true,"href":"https:\/\/blogsaverroes.juntadeandalucia.es\/ceipsaneustaquiosanlucarlamayor\/wp-json\/wp\/v2\/users\/8241"}],"replies":[{"embeddable":true,"href":"https:\/\/blogsaverroes.juntadeandalucia.es\/ceipsaneustaquiosanlucarlamayor\/wp-json\/wp\/v2\/comments?post=72"}],"version-history":[{"count":0,"href":"https:\/\/blogsaverroes.juntadeandalucia.es\/ceipsaneustaquiosanlucarlamayor\/wp-json\/wp\/v2\/pages\/72\/revisions"}],"wp:attachment":[{"href":"https:\/\/blogsaverroes.juntadeandalucia.es\/ceipsaneustaquiosanlucarlamayor\/wp-json\/wp\/v2\/media?parent=72"}],"curies":[{"name":"wp","href":"https:\/\/api.w.org\/{rel}","templated":true}]}}

<p class="has-large-font-size"><strong><strong>¿Qué es un AMPA?</strong></strong></p>



<p class="has-drop-cap">Las asociaciones de madres y padres del alumnado son un cauce fundamental para posibilitar la participación de las familias o tutores del alumnado, en su caso, en las actividades de los centros docentes. Para ello tendrán aquellas finalidades que se fijen en sus estatutos, dentro de las siguientes:</p>



<p></p>



<ul><li>Asistir a los padres, madres o tutores legales en todo aquello que concierne a la educación de sus hijos e hijas o pupilos.</li><li>Colaborar en las actividades educativas de los centros, y en las actividades complementarias y extraescolares de los mismos.</li><li>Organizar actividades culturales y deportivas.</li><li>Promover la participación de los padres, madres o tutores del alumnado en la gestión del Centro.</li><li>Asistir a los padres, madres o tutores legales del alumnado en el ejercicio de su derecho a intervenir en el control y gestión de los centros sostenidos con fondos públicos.</li><li>Facilitar la representación y participación de los padres, madres o tutores legales del alumnado en los Consejos Escolares de los centros sostenidos con fondos públicos, para lo cual podrán presentar candidaturas en los correspondientes procesos electorales.</li><li>Promover el desarrollo de programas de Educación Familiar.</li><li>Representar a los padres, madres o tutores asociados a las mismas ante las instancias educativas y otros organismos.<br></li></ul>



<div class="wp-block-image"><figure class="aligncenter is-resized"><img loading="lazy" decoding="async" src="https://lh5.googleusercontent.com/lGiDtNn0n9Dp7ds-ibUeQnsGsFCM3-r1b9sGqQBYE3qUvaN8qjbhtQ7BIaTUkOr3Y5alDTYOyFm-a4dhmJcZDjIwy_XHOL85r6FKe_xungxg6KO0b_EQRPuJRbwF7VEVdVyFbFu-" alt="" width="438" height="273" /></figure></div>



<ul><li><a href="https://www.juntadeandalucia.es/educacion/webportal/ishare-servlet/content/c3aee2b5-4065-45b9-861d-125a201c42d8" target="_blank" rel="noreferrer noopener"><strong>Las Asociaciones de Madres y Padres. Orientaciones para la participación<br></strong>La Federación de Asociaciones de Padres y Madres del alumnado de Centros de Educación Publica de Almería, FAPACE, edita esta guía como un recurso práctico y sencillo para que puedas utilizarlo y compartirlo con tu asociación. Nace de la necesidad de las AMPAS que, reiteradamente, han pedido una guía donde resolver las dudas principales y más frecuentes que se presentan día a día. Además puede servir como documento base para las familias que se incorporan. Varios autores.</a></li></ul>



<p><a href="https://es-es.facebook.com/pg/AMPA-Lucus-Solis-104693546367352/photos/?ref=page_internal" target="_blank" rel="noreferrer noopener">https://es-es.facebook.com/pg/AMPA-Lucus-Solis-104693546367352/photos/?ref=page_internal</a></p>

<p>¿Qué es un AMPA? Las asociaciones de madres y padres del alumnado son un cauce fundamental para posibilitar la participación de las familias o tutores del alumnado, en su caso, en las actividades de los centros docentes. Para ello tendrán aquellas finalidades que se fijen en sus estatutos, dentro de las siguientes: Asistir a los &hellip; </p>
<p><a class="more-link btn" href="https://blogsaverroes.juntadeandalucia.es/ceipsaneustaquiosanlucarlamayor/ampa/">Seguir leyendo</a></p>
