{"id":2509,"date":"2016-05-19T11:00:08","date_gmt":"2016-05-19T09:00:08","guid":{"rendered":"http:\/\/blogsaverroes.juntadeandalucia.es\/ceipsanfernando\/?page_id=2509"},"modified":"2018-03-02T13:39:32","modified_gmt":"2018-03-02T12:39:32","slug":"presentacion","status":"publish","type":"page","link":"https:\/\/blogsaverroes.juntadeandalucia.es\/ceipsanfernando\/presentacion\/","title":{"rendered":"Presentaci\u00f3n"},"content":{"rendered":"<p align=\"justify\">Desde este rinc\u00f3n de nuestra p\u00e1gina web queremos ofrecer un mejor conocimiento de la Biblioteca Escolar del centro, de su funcionamiento y sus servicios, present\u00e1ndola como un foco cultural y un espacio abierto a toda la comunidad educativa.<\/p>\n<p align=\"justify\">El equipo que gestiona la Biblioteca est\u00e1 formado por tres maestros voluntarios: Yolanda Ortega Reina y Jorge P\u00e9rez Romero, como Equipo de Apoyo, y Carolina Garc\u00eda Salvador, como Coordinadora.<\/p>\n<p align=\"justify\">Los objetivos principales que perseguimos desde nuestro plan de trabajo se resumen en los siguientes:<\/p>\n<p align=\"justify\"><span><b> <\/b><span>a) Desarrollar la competencia lectora del alumnado <\/span><span>desde todas las \u00e1reas <\/span><span>para q<\/span><span>ue <\/span><span>puedan <\/span><span>convertirse en lectores capaces de comprender, interpretar y manejar distintos soportes y textos.<\/span><\/span><\/p>\n<p align=\"justify\"><span> b) Fomentar el h\u00e1bito y el placer por la lectura y, como consecuencia, por la escritura.<\/span><\/p>\n<p align=\"justify\"><span> c) Ofrecer acceso a libros tanto de ficci\u00f3n como de informaci\u00f3n y divulgaci\u00f3n a toda la comunidad educativa.<\/span><\/p>\n<p align=\"justify\"><span> d) Y, por \u00faltimo, proporcionar materiales bibliogr\u00e1ficos de apoyo a las \u00e1reas y proyectos que se desarrollen en el centro. <\/span><\/p>\n<p align=\"justify\"><span> Los que trabajamos en este proyecto sabemos que queda mucho camino por recorrer, pues estamos dando los primeros pasos, pero no nos faltan ideas ni ilusi\u00f3n, especialmente cuando vemos que cada vez m\u00e1s alumnos acuden a la biblioteca en su tiempo de descanso.<\/span><\/p>\n<p align=\"justify\"><span> Si todav\u00eda no nos has visitado te esperamos en la planta baja del edificio principal, junto a las escaleras que suben a las aulas de 1\u00ba y 2\u00ba.<\/span><\/p>\n","protected":false},"excerpt":{"rendered":"<p>Desde este rinc\u00f3n de nuestra p\u00e1gina web queremos ofrecer un mejor conocimiento de la Biblioteca Escolar del centro, de su funcionamiento y sus servicios, present\u00e1ndola como un foco cultural y un espacio abierto a&#46;&#46;&#46;<\/p>\n","protected":false},"author":3030,"featured_media":0,"parent":0,"menu_order":0,"comment_status":"open","ping_status":"open","template":"","meta":{"ngg_post_thumbnail":0,"footnotes":"","_mc_calendar":[]},"aioseo_notices":[],"_links":{"self":[{"href":"https:\/\/blogsaverroes.juntadeandalucia.es\/ceipsanfernando\/wp-json\/wp\/v2\/pages\/2509"}],"collection":[{"href":"https:\/\/blogsaverroes.juntadeandalucia.es\/ceipsanfernando\/wp-json\/wp\/v2\/pages"}],"about":[{"href":"https:\/\/blogsaverroes.juntadeandalucia.es\/ceipsanfernando\/wp-json\/wp\/v2\/types\/page"}],"author":[{"embeddable":true,"href":"https:\/\/blogsaverroes.juntadeandalucia.es\/ceipsanfernando\/wp-json\/wp\/v2\/users\/3030"}],"replies":[{"embeddable":true,"href":"https:\/\/blogsaverroes.juntadeandalucia.es\/ceipsanfernando\/wp-json\/wp\/v2\/comments?post=2509"}],"version-history":[{"count":4,"href":"https:\/\/blogsaverroes.juntadeandalucia.es\/ceipsanfernando\/wp-json\/wp\/v2\/pages\/2509\/revisions"}],"predecessor-version":[{"id":3004,"href":"https:\/\/blogsaverroes.juntadeandalucia.es\/ceipsanfernando\/wp-json\/wp\/v2\/pages\/2509\/revisions\/3004"}],"wp:attachment":[{"href":"https:\/\/blogsaverroes.juntadeandalucia.es\/ceipsanfernando\/wp-json\/wp\/v2\/media?parent=2509"}],"curies":[{"name":"wp","href":"https:\/\/api.w.org\/{rel}","templated":true}]}}