{"id":82,"date":"2019-09-09T06:59:55","date_gmt":"2019-09-09T06:59:55","guid":{"rendered":"http:\/\/blogsaverroes.juntadeandalucia.es\/pre\/ceip\/?page_id=82"},"modified":"2019-09-09T22:10:29","modified_gmt":"2019-09-09T22:10:29","slug":"horarios","status":"publish","type":"page","link":"https:\/\/blogsaverroes.juntadeandalucia.es\/ceipsanfernandocordoba\/horarios\/","title":{"rendered":"Horarios"},"content":{"rendered":"<p><a href=\"https:\/\/edhu.es\/plandecentro\/admin\/horario.php\" target=\"_blank\" rel=\"noopener noreferrer\"><img loading=\"lazy\" decoding=\"async\" class=\"aligncenter wp-image-1675 size-medium\" src=\"https:\/\/blogsaverroes.juntadeandalucia.es\/ceipsanfernandocordoba\/files\/2015\/03\/horario2-300x212.jpg\" alt=\"\" width=\"300\" height=\"212\" srcset=\"https:\/\/blogsaverroes.juntadeandalucia.es\/ceipsanfernandocordoba\/files\/2015\/03\/horario2-300x212.jpg 300w, https:\/\/blogsaverroes.juntadeandalucia.es\/ceipsanfernandocordoba\/files\/2015\/03\/horario2-332x234.jpg 332w, https:\/\/blogsaverroes.juntadeandalucia.es\/ceipsanfernandocordoba\/files\/2015\/03\/horario2.jpg 640w\" sizes=\"(max-width: 300px) 100vw, 300px\" \/><\/a><\/p>\n<p><a href=\"https:\/\/edhu.es\/plandecentro\/admin\/horario.php\" target=\"_blank\" rel=\"noopener noreferrer\">HORARIO DEL ALUMNADO<\/a><\/p>\n<ul style=\"list-style-type: circle\">\n<li><a href=\"https:\/\/edhu.es\/plandecentro\/admin\/horario.php?&amp;hur=3an\" target=\"_blank\" rel=\"noopener noreferrer\">Infantil de 3 a\u00f1os<\/a><\/li>\n<li><a href=\"https:\/\/edhu.es\/plandecentro\/admin\/horario.php?&amp;hur=4an\" target=\"_blank\" rel=\"noopener noreferrer\">Infantil de 4 a\u00f1os<\/a><\/li>\n<li><a href=\"https:\/\/edhu.es\/plandecentro\/admin\/horario.php?&amp;hur=5an\" target=\"_blank\" rel=\"noopener noreferrer\">Infantil de 5 a\u00f1os<\/a><\/li>\n<li><a href=\"https:\/\/edhu.es\/plandecentro\/admin\/horario.php?&amp;hur=Primero\" target=\"_blank\" rel=\"noopener noreferrer\">Primero<\/a><\/li>\n<li><a href=\"https:\/\/edhu.es\/plandecentro\/admin\/horario.php?&amp;hur=Segundo\" target=\"_blank\" rel=\"noopener noreferrer\">Segundo<\/a><\/li>\n<li><a href=\"https:\/\/edhu.es\/plandecentro\/admin\/horario.php?&amp;hur=Tercero\" target=\"_blank\" rel=\"noopener noreferrer\">Tercero<\/a><\/li>\n<li><a href=\"https:\/\/edhu.es\/plandecentro\/admin\/horario.php?&amp;hur=Cuarto\" target=\"_blank\" rel=\"noopener noreferrer\">Cuarto<\/a><\/li>\n<li><a href=\"https:\/\/edhu.es\/plandecentro\/admin\/horario.php?&amp;hur=Quinto\" target=\"_blank\" rel=\"noopener noreferrer\">Quinto<\/a><\/li>\n<li><a href=\"https:\/\/edhu.es\/plandecentro\/admin\/horario.php?&amp;hur=Sexto\" target=\"_blank\" rel=\"noopener noreferrer\">Sexto<\/a><\/li>\n<\/ul>\n","protected":false},"excerpt":{"rendered":"<p>HORARIO DEL ALUMNADO Infantil de 3 a\u00f1os Infantil de 4 a\u00f1os Infantil de 5 a\u00f1os Primero Segundo Tercero Cuarto Quinto Sexto<\/p>\n","protected":false},"author":1,"featured_media":0,"parent":0,"menu_order":0,"comment_status":"closed","ping_status":"open","template":"","meta":{"ngg_post_thumbnail":0,"footnotes":"","_mc_calendar":[]},"aioseo_notices":[],"_links":{"self":[{"href":"https:\/\/blogsaverroes.juntadeandalucia.es\/ceipsanfernandocordoba\/wp-json\/wp\/v2\/pages\/82"}],"collection":[{"href":"https:\/\/blogsaverroes.juntadeandalucia.es\/ceipsanfernandocordoba\/wp-json\/wp\/v2\/pages"}],"about":[{"href":"https:\/\/blogsaverroes.juntadeandalucia.es\/ceipsanfernandocordoba\/wp-json\/wp\/v2\/types\/page"}],"author":[{"embeddable":true,"href":"https:\/\/blogsaverroes.juntadeandalucia.es\/ceipsanfernandocordoba\/wp-json\/wp\/v2\/users\/1"}],"replies":[{"embeddable":true,"href":"https:\/\/blogsaverroes.juntadeandalucia.es\/ceipsanfernandocordoba\/wp-json\/wp\/v2\/comments?post=82"}],"version-history":[{"count":8,"href":"https:\/\/blogsaverroes.juntadeandalucia.es\/ceipsanfernandocordoba\/wp-json\/wp\/v2\/pages\/82\/revisions"}],"predecessor-version":[{"id":2755,"href":"https:\/\/blogsaverroes.juntadeandalucia.es\/ceipsanfernandocordoba\/wp-json\/wp\/v2\/pages\/82\/revisions\/2755"}],"wp:attachment":[{"href":"https:\/\/blogsaverroes.juntadeandalucia.es\/ceipsanfernandocordoba\/wp-json\/wp\/v2\/media?parent=82"}],"curies":[{"name":"wp","href":"https:\/\/api.w.org\/{rel}","templated":true}]}}

<p><a href="https://edhu.es/plandecentro/admin/horario.php" target="_blank" rel="noopener noreferrer"><img loading="lazy" decoding="async" class="aligncenter wp-image-1675 size-medium" src="https://blogsaverroes.juntadeandalucia.es/ceipsanfernandocordoba/files/2015/03/horario2-300x212.jpg" alt="" width="300" height="212" srcset="https://blogsaverroes.juntadeandalucia.es/ceipsanfernandocordoba/files/2015/03/horario2-300x212.jpg 300w, https://blogsaverroes.juntadeandalucia.es/ceipsanfernandocordoba/files/2015/03/horario2-332x234.jpg 332w, https://blogsaverroes.juntadeandalucia.es/ceipsanfernandocordoba/files/2015/03/horario2.jpg 640w" sizes="(max-width: 300px) 100vw, 300px" /></a></p>
<p><a href="https://edhu.es/plandecentro/admin/horario.php" target="_blank" rel="noopener noreferrer">HORARIO DEL ALUMNADO</a></p>
<ul style="list-style-type: circle">
<li><a href="https://edhu.es/plandecentro/admin/horario.php?&amp;hur=3an" target="_blank" rel="noopener noreferrer">Infantil de 3 años</a></li>
<li><a href="https://edhu.es/plandecentro/admin/horario.php?&amp;hur=4an" target="_blank" rel="noopener noreferrer">Infantil de 4 años</a></li>
<li><a href="https://edhu.es/plandecentro/admin/horario.php?&amp;hur=5an" target="_blank" rel="noopener noreferrer">Infantil de 5 años</a></li>
<li><a href="https://edhu.es/plandecentro/admin/horario.php?&amp;hur=Primero" target="_blank" rel="noopener noreferrer">Primero</a></li>
<li><a href="https://edhu.es/plandecentro/admin/horario.php?&amp;hur=Segundo" target="_blank" rel="noopener noreferrer">Segundo</a></li>
<li><a href="https://edhu.es/plandecentro/admin/horario.php?&amp;hur=Tercero" target="_blank" rel="noopener noreferrer">Tercero</a></li>
<li><a href="https://edhu.es/plandecentro/admin/horario.php?&amp;hur=Cuarto" target="_blank" rel="noopener noreferrer">Cuarto</a></li>
<li><a href="https://edhu.es/plandecentro/admin/horario.php?&amp;hur=Quinto" target="_blank" rel="noopener noreferrer">Quinto</a></li>
<li><a href="https://edhu.es/plandecentro/admin/horario.php?&amp;hur=Sexto" target="_blank" rel="noopener noreferrer">Sexto</a></li>
</ul>

<p>HORARIO DEL ALUMNADO Infantil de 3 años Infantil de 4 años Infantil de 5 años Primero Segundo Tercero Cuarto Quinto Sexto</p>
