{"id":2297,"date":"2018-09-26T10:20:53","date_gmt":"2018-09-26T10:20:53","guid":{"rendered":"https:\/\/blogsaverroes.juntadeandalucia.es\/ceipsanfrancisco\/?page_id=2297"},"modified":"2023-09-25T20:35:32","modified_gmt":"2023-09-25T20:35:32","slug":"consejo-escolar","status":"publish","type":"page","link":"https:\/\/blogsaverroes.juntadeandalucia.es\/ceipsanfrancisco\/consejo-escolar\/","title":{"rendered":"CONSEJO ESCOLAR"},"content":{"rendered":"<p>En la actualidad el CONSEJO ESCOLAR DEL CENTRO est\u00e1 formado por los siguientes miembros:<\/p>\n<p>En la actualidad el CONSEJO ESCOLAR DEL CENTRO est\u00e1 formado por los siguientes miembros:<\/p>\n<p>&nbsp;<\/p>\n<table style=\"border-collapse: collapse;width: 100%;height: 320px\">\n<tbody>\n<tr style=\"height: 48px\">\n<td style=\"width: 34.242%;height: 48px\">Presidente:<\/td>\n<td style=\"width: 50%;height: 48px\">&nbsp;Mar\u00eda del Carmen Gallego Berm\u00fadez<\/td>\n<\/tr>\n<tr style=\"height: 24px\">\n<td style=\"width: 34.242%;height: 24px\">Secretario:<\/td>\n<td style=\"width: 50%;height: 24px\">&nbsp;Juan Antonio G\u00f3mez Ortega<\/td>\n<\/tr>\n<tr style=\"height: 96px\">\n<td style=\"width: 34.242%;height: 96px\">Profesorado:<\/td>\n<td style=\"width: 50%;height: 96px\">M\u00aa \u00c1ngeles Morales Camacho<br \/>\nJuana Quesada B\u00e9jar<br \/>\nRoc\u00edo S\u00e1nchez L\u00f3pez<\/td>\n<\/tr>\n<tr style=\"height: 104px\">\n<td style=\"width: 34.242%;height: 104px\">Madres\/padres:<\/td>\n<td style=\"width: 50%;height: 104px\">Vanesa Ballesta Bueno<br \/>\nEva Calvache Arjona<br \/>\nJos\u00e9 Manuel Jim\u00e9nez Alcal\u00e1<\/td>\n<\/tr>\n<tr style=\"height: 24px\">\n<td style=\"width: 34.242%;height: 24px\">Representante de la AMPA:<\/td>\n<td style=\"width: 50%;height: 24px\">Catalina Gay Guti\u00e9rrez<\/td>\n<\/tr>\n<tr style=\"height: 24px\">\n<td style=\"width: 34.242%;height: 24px\">Representante del Ayuntamiento:<\/td>\n<td style=\"width: 50%;height: 24px\">Mar\u00eda Araceli Gay Le\u00f3n<\/td>\n<\/tr>\n<\/tbody>\n<\/table>\n<p>&nbsp;<\/p>\n","protected":false},"excerpt":{"rendered":"<p>En la actualidad el CONSEJO ESCOLAR DEL CENTRO est\u00e1 formado por los siguientes miembros: En la actualidad el CONSEJO ESCOLAR DEL CENTRO est\u00e1 formado por los siguientes miembros: &nbsp; Presidente: &nbsp;Mar\u00eda del Carmen Gallego&#46;&#46;&#46;<\/p>\n","protected":false},"author":1497,"featured_media":0,"parent":0,"menu_order":0,"comment_status":"closed","ping_status":"closed","template":"","meta":{"ngg_post_thumbnail":0,"footnotes":"","_mc_calendar":[]},"aioseo_notices":[],"_links":{"self":[{"href":"https:\/\/blogsaverroes.juntadeandalucia.es\/ceipsanfrancisco\/wp-json\/wp\/v2\/pages\/2297"}],"collection":[{"href":"https:\/\/blogsaverroes.juntadeandalucia.es\/ceipsanfrancisco\/wp-json\/wp\/v2\/pages"}],"about":[{"href":"https:\/\/blogsaverroes.juntadeandalucia.es\/ceipsanfrancisco\/wp-json\/wp\/v2\/types\/page"}],"author":[{"embeddable":true,"href":"https:\/\/blogsaverroes.juntadeandalucia.es\/ceipsanfrancisco\/wp-json\/wp\/v2\/users\/1497"}],"replies":[{"embeddable":true,"href":"https:\/\/blogsaverroes.juntadeandalucia.es\/ceipsanfrancisco\/wp-json\/wp\/v2\/comments?post=2297"}],"version-history":[{"count":9,"href":"https:\/\/blogsaverroes.juntadeandalucia.es\/ceipsanfrancisco\/wp-json\/wp\/v2\/pages\/2297\/revisions"}],"predecessor-version":[{"id":2642,"href":"https:\/\/blogsaverroes.juntadeandalucia.es\/ceipsanfrancisco\/wp-json\/wp\/v2\/pages\/2297\/revisions\/2642"}],"wp:attachment":[{"href":"https:\/\/blogsaverroes.juntadeandalucia.es\/ceipsanfrancisco\/wp-json\/wp\/v2\/media?parent=2297"}],"curies":[{"name":"wp","href":"https:\/\/api.w.org\/{rel}","templated":true}]}}