{"id":2339,"date":"2020-09-07T11:05:18","date_gmt":"2020-09-07T09:05:18","guid":{"rendered":"https:\/\/blogsaverroes.juntadeandalucia.es\/ceipsangregoriooria\/?page_id=2339"},"modified":"2022-02-17T18:43:46","modified_gmt":"2022-02-17T17:43:46","slug":"transformacion-digital-educativa","status":"publish","type":"page","link":"https:\/\/blogsaverroes.juntadeandalucia.es\/ceipsangregoriooria\/transformacion-digital-educativa\/","title":{"rendered":"#Transformaci\u00f3n Digital Educativa."},"content":{"rendered":"<p>La transformaci\u00f3n digital educativa es una de las principales respuestas a los retos planteados actualmente, con repercusiones inmediatas en el \u00e1mbito escolar pero que lo trasciende, para facilitar la adquisici\u00f3n y desarrollo de competencias y habilidades a quienes formar\u00e1n la ciudadan\u00eda en un futuro inmediato.<\/p>\n<p><img fetchpriority=\"high\" decoding=\"async\" class=\"alignleft\" src=\"https:\/\/www.juntadeandalucia.es\/educacion\/portals\/delegate\/thumbnail\/png_abaco_album\/41d925c6-903d-468f-90aa-bfcd15ac4879\" width=\"224\" height=\"228\">Este punto de partida implica adoptar nuevos planteamientos que mejoren los logros alcanzados con el Plan Escuela TIC 2.0 o el Programa para la digitalizaci\u00f3n de centros, #PRODIG,&nbsp; para avanzar hacia modelos m\u00e1s hol\u00edsticos y pr\u00f3ximos al entorno comunitario, tomando como referentes los Marcos Europeos para la Competencia Digital de centros educativos (DigCompOrg), del profesorado (DigCompEdu) y del alumnado y resto de sectores de la comunidad educativa (DigComp).<\/p>\n<p>As\u00ed pues, mediante la&nbsp; #TDE se ponen las bases para el paso a una educaci\u00f3n m\u00e1s inclusiva y digital, acorde con las necesidades actuales y futuras, en la que son imprescindibles las voces de todas las personas que forman parte de la comunidad educativa y, de forma se\u00f1alada la del alumnado, protagonista de su propio aprendizaje.<\/p>\n<p>Para ello se han puesto en marcha medidas que afectan a todos los centros que imparten ense\u00f1anzas no universitarias y de car\u00e1cter obligatorio, tales como el desarrollo de herramientas en S\u00e9neca para la autoevaluaci\u00f3n de los centros como organizaciones digitalmente competentes mediante la<strong>&nbsp;R\u00fabrica TDE<\/strong>&nbsp;(basada en el Marco DigCompOrg) y el formulario para obtener el&nbsp;<strong>Plan de Actuaci\u00f3n Digital (PAD)<\/strong>, del que a su vez se derivan el Plan de Formaci\u00f3n del Profesorado y el Plan de Contingencia. Asimismo est\u00e1 disponible el&nbsp;<strong>Test de Competencia Digital Docente<\/strong>, basado en el Marco DigCompEdu, que proporciona un Informe Individual y un Informe de Centro.<\/p>\n<p>En nuestro centro, todo el profesorado est\u00e1 comprometido con&nbsp; esta transformaci\u00f3n digital partiendo que partir\u00e1 de nuestra situaci\u00f3n real. Para ello, se ha creado un equipo de coordinaci\u00f3n que debatir\u00e1 e implementar\u00e1 todas las medidas necesarias: como es el caso de la contrataci\u00f3n y puesta en marcha del paquete de herramientas <strong>Gsuite Education<\/strong> (en el que se encuentra el Aula Virtual <strong>Classroom<\/strong> y una serie de aplicaciones &#8211; <strong>Google Meet, Documentos, Presentaciones, Drive<\/strong>, etc.- que nos ayudar\u00e1n a la creaci\u00f3n de contenidos y nos facilitar\u00e1n una ense\u00f1anza telem\u00e1tica), el servicio <strong>BlogAverroes<\/strong> (en el que hemos creado esta web y en el crearemos, adem\u00e1s, diferentes blogs docentes). Este a\u00f1o, adem\u00e1s, hemos iniciado el <strong>Proyecto STEAM<\/strong> (programa para formar al profesorado y fomentar en el alumnado las vocaciones STEAM -pensamiento computacional, programaci\u00f3n, rob\u00f3tica dise\u00f1o e impresi\u00f3n 3D-) con el fin de promover proyectos centrados en la innovaci\u00f3n, la creatividad, el dise\u00f1o y la resoluci\u00f3n de problemas con la rob\u00f3tica como herramienta.<\/p>\n<p><a href=\"https:\/\/blogsaverroes.juntadeandalucia.es\/ceipsangregoriooria\/files\/2020\/09\/Google_GSuite.jpg\"><img decoding=\"async\" class=\"alignleft wp-image-2360\" src=\"https:\/\/blogsaverroes.juntadeandalucia.es\/ceipsangregoriooria\/files\/2020\/09\/Google_GSuite.jpg\" alt=\"\" width=\"303\" height=\"182\" srcset=\"https:\/\/blogsaverroes.juntadeandalucia.es\/ceipsangregoriooria\/files\/2020\/09\/Google_GSuite.jpg 1000w, https:\/\/blogsaverroes.juntadeandalucia.es\/ceipsangregoriooria\/files\/2020\/09\/Google_GSuite-300x180.jpg 300w, https:\/\/blogsaverroes.juntadeandalucia.es\/ceipsangregoriooria\/files\/2020\/09\/Google_GSuite-768x461.jpg 768w, https:\/\/blogsaverroes.juntadeandalucia.es\/ceipsangregoriooria\/files\/2020\/09\/Google_GSuite-24x14.jpg 24w, https:\/\/blogsaverroes.juntadeandalucia.es\/ceipsangregoriooria\/files\/2020\/09\/Google_GSuite-36x22.jpg 36w, https:\/\/blogsaverroes.juntadeandalucia.es\/ceipsangregoriooria\/files\/2020\/09\/Google_GSuite-48x29.jpg 48w\" sizes=\"(max-width: 303px) 100vw, 303px\" \/><\/a> <a href=\"https:\/\/blogsaverroes.juntadeandalucia.es\/ceipsangregoriooria\/files\/2017\/09\/bannerPortalAverroes.png\"><img decoding=\"async\" class=\"alignleft wp-image-2107\" src=\"https:\/\/blogsaverroes.juntadeandalucia.es\/ceipsangregoriooria\/files\/2017\/09\/bannerPortalAverroes.png\" alt=\"\" width=\"261\" height=\"143\" srcset=\"https:\/\/blogsaverroes.juntadeandalucia.es\/ceipsangregoriooria\/files\/2017\/09\/bannerPortalAverroes.png 192w, https:\/\/blogsaverroes.juntadeandalucia.es\/ceipsangregoriooria\/files\/2017\/09\/bannerPortalAverroes-24x13.png 24w, https:\/\/blogsaverroes.juntadeandalucia.es\/ceipsangregoriooria\/files\/2017\/09\/bannerPortalAverroes-36x20.png 36w, https:\/\/blogsaverroes.juntadeandalucia.es\/ceipsangregoriooria\/files\/2017\/09\/bannerPortalAverroes-48x26.png 48w\" sizes=\"(max-width: 261px) 100vw, 261px\" \/><\/a> <a href=\"https:\/\/blogsaverroes.juntadeandalucia.es\/ceipsangregoriooria\/files\/2020\/09\/Azul-Gris-Foto-Compromiso-Esencial-Blog-Banner-2.png\"><img loading=\"lazy\" decoding=\"async\" class=\"alignleft wp-image-2324\" src=\"https:\/\/blogsaverroes.juntadeandalucia.es\/ceipsangregoriooria\/files\/2020\/09\/Azul-Gris-Foto-Compromiso-Esencial-Blog-Banner-2.png\" alt=\"\" width=\"324\" height=\"182\" srcset=\"https:\/\/blogsaverroes.juntadeandalucia.es\/ceipsangregoriooria\/files\/2020\/09\/Azul-Gris-Foto-Compromiso-Esencial-Blog-Banner-2.png 1600w, https:\/\/blogsaverroes.juntadeandalucia.es\/ceipsangregoriooria\/files\/2020\/09\/Azul-Gris-Foto-Compromiso-Esencial-Blog-Banner-2-300x169.png 300w, https:\/\/blogsaverroes.juntadeandalucia.es\/ceipsangregoriooria\/files\/2020\/09\/Azul-Gris-Foto-Compromiso-Esencial-Blog-Banner-2-1024x576.png 1024w, https:\/\/blogsaverroes.juntadeandalucia.es\/ceipsangregoriooria\/files\/2020\/09\/Azul-Gris-Foto-Compromiso-Esencial-Blog-Banner-2-768x432.png 768w, https:\/\/blogsaverroes.juntadeandalucia.es\/ceipsangregoriooria\/files\/2020\/09\/Azul-Gris-Foto-Compromiso-Esencial-Blog-Banner-2-1536x864.png 1536w, https:\/\/blogsaverroes.juntadeandalucia.es\/ceipsangregoriooria\/files\/2020\/09\/Azul-Gris-Foto-Compromiso-Esencial-Blog-Banner-2-2048x1152.png 2048w, https:\/\/blogsaverroes.juntadeandalucia.es\/ceipsangregoriooria\/files\/2020\/09\/Azul-Gris-Foto-Compromiso-Esencial-Blog-Banner-2-24x14.png 24w, https:\/\/blogsaverroes.juntadeandalucia.es\/ceipsangregoriooria\/files\/2020\/09\/Azul-Gris-Foto-Compromiso-Esencial-Blog-Banner-2-36x20.png 36w, https:\/\/blogsaverroes.juntadeandalucia.es\/ceipsangregoriooria\/files\/2020\/09\/Azul-Gris-Foto-Compromiso-Esencial-Blog-Banner-2-48x27.png 48w\" sizes=\"(max-width: 324px) 100vw, 324px\" \/><\/a><\/p>\n<p>&nbsp;<\/p>\n<p>&nbsp;<\/p>\n<p>&nbsp;<\/p>\n<p>&nbsp;<\/p>\n<p>&nbsp;<\/p>\n<p><a href=\"https:\/\/blogsaverroes.juntadeandalucia.es\/ceipsangregoriooria\/files\/2022\/01\/Captura-de-pantalla-2021-10-29-a-las-16.06.59.png\"><img loading=\"lazy\" decoding=\"async\" class=\"alignleft wp-image-3604\" src=\"https:\/\/blogsaverroes.juntadeandalucia.es\/ceipsangregoriooria\/files\/2022\/01\/Captura-de-pantalla-2021-10-29-a-las-16.06.59.png\" alt=\"\" width=\"346\" height=\"218\" srcset=\"https:\/\/blogsaverroes.juntadeandalucia.es\/ceipsangregoriooria\/files\/2022\/01\/Captura-de-pantalla-2021-10-29-a-las-16.06.59.png 791w, https:\/\/blogsaverroes.juntadeandalucia.es\/ceipsangregoriooria\/files\/2022\/01\/Captura-de-pantalla-2021-10-29-a-las-16.06.59-300x189.png 300w, https:\/\/blogsaverroes.juntadeandalucia.es\/ceipsangregoriooria\/files\/2022\/01\/Captura-de-pantalla-2021-10-29-a-las-16.06.59-768x484.png 768w\" sizes=\"(max-width: 346px) 100vw, 346px\" \/><\/a> <a href=\"https:\/\/blogsaverroes.juntadeandalucia.es\/ceipsangregoriooria\/files\/2022\/01\/educacion_STEAM.jpg\"><img loading=\"lazy\" decoding=\"async\" class=\"alignleft size-full wp-image-3605\" src=\"https:\/\/blogsaverroes.juntadeandalucia.es\/ceipsangregoriooria\/files\/2022\/01\/educacion_STEAM.jpg\" alt=\"\" width=\"400\" height=\"160\" srcset=\"https:\/\/blogsaverroes.juntadeandalucia.es\/ceipsangregoriooria\/files\/2022\/01\/educacion_STEAM.jpg 400w, https:\/\/blogsaverroes.juntadeandalucia.es\/ceipsangregoriooria\/files\/2022\/01\/educacion_STEAM-300x120.jpg 300w\" sizes=\"(max-width: 400px) 100vw, 400px\" \/><\/a><\/p>\n<p>&nbsp;<\/p>\n<p>&nbsp;<\/p>\n<p>&nbsp;<\/p>\n<p>&nbsp;<\/p>\n<p>&nbsp;<\/p>\n<p>&nbsp;<\/p>\n<p>Por \u00faltimo, la <strong>formaci\u00f3n del profesorado<\/strong> es un aspecto primordial en el proceso de transformaci\u00f3n digital educativa, que incluir\u00e1 a partir del curso 2020\/21 itinerarios formativos seg\u00fan el Marco DigCompEdu, haciendo hincapi\u00e9 en la modalidad de Formaci\u00f3n en Centro con caracter\u00edsticas h\u00edbridas (presencial y online) para facilitar su trasposici\u00f3n a este tipo de docencia, cada vez m\u00e1s importante, a la par que se incide en la importancia del Dise\u00f1o Universal para el Aprendizaje (DUA) y en el conocimiento y difusi\u00f3n de los Objetivos de Desarrollo Sostenible (ODS) desde una perspectiva de trabajo cooperativo en el que adquiera especial relevancia la competencia de <em>Aprender a aprender<\/em>.<\/p>\n<p>En el presente curso (2021\/22), la gran mayor\u00eda de nuestro profesorado est\u00e1 realizado una F<strong>ormaci\u00f3n en centros<\/strong> en <span style=\"color: #333333\">ABP <\/span>(Aprendizaje basado en Proyectos), ya que creemos que la implementaci\u00f3n de dicha metodolog\u00eda en nuestras aulas resultar\u00e1 fundamental para el \u00e9xito de nuestros proyectos: Comunidades de Aprendizaje, Proyecto Erasmus+, Proyecto Aldea, Proyecto Inicia, Proyecto STEAM, etc.<\/p>\n<p style=\"text-align: center\"><a href=\"https:\/\/www.juntadeandalucia.es\/educacion\/portals\/web\/transformacion-digital-educativa\/inicio\">Enlace al Portal #TDE<\/a><\/p>\n","protected":false},"excerpt":{"rendered":"<p>La transformaci\u00f3n digital educativa es una de las principales respuestas a los retos planteados actualmente, con repercusiones inmediatas en el \u00e1mbito escolar pero que lo trasciende, para facilitar la adquisici\u00f3n y desarrollo de competencias y&#46;&#46;&#46;<\/p>\n","protected":false},"author":8040,"featured_media":0,"parent":0,"menu_order":0,"comment_status":"closed","ping_status":"closed","template":"","meta":{"ngg_post_thumbnail":0,"footnotes":"","_mc_calendar":[]},"aioseo_notices":[],"_links":{"self":[{"href":"https:\/\/blogsaverroes.juntadeandalucia.es\/ceipsangregoriooria\/wp-json\/wp\/v2\/pages\/2339"}],"collection":[{"href":"https:\/\/blogsaverroes.juntadeandalucia.es\/ceipsangregoriooria\/wp-json\/wp\/v2\/pages"}],"about":[{"href":"https:\/\/blogsaverroes.juntadeandalucia.es\/ceipsangregoriooria\/wp-json\/wp\/v2\/types\/page"}],"author":[{"embeddable":true,"href":"https:\/\/blogsaverroes.juntadeandalucia.es\/ceipsangregoriooria\/wp-json\/wp\/v2\/users\/8040"}],"replies":[{"embeddable":true,"href":"https:\/\/blogsaverroes.juntadeandalucia.es\/ceipsangregoriooria\/wp-json\/wp\/v2\/comments?post=2339"}],"version-history":[{"count":20,"href":"https:\/\/blogsaverroes.juntadeandalucia.es\/ceipsangregoriooria\/wp-json\/wp\/v2\/pages\/2339\/revisions"}],"predecessor-version":[{"id":3694,"href":"https:\/\/blogsaverroes.juntadeandalucia.es\/ceipsangregoriooria\/wp-json\/wp\/v2\/pages\/2339\/revisions\/3694"}],"wp:attachment":[{"href":"https:\/\/blogsaverroes.juntadeandalucia.es\/ceipsangregoriooria\/wp-json\/wp\/v2\/media?parent=2339"}],"curies":[{"name":"wp","href":"https:\/\/api.w.org\/{rel}","templated":true}]}}